{"id":990,"date":"2017-01-03T07:25:39","date_gmt":"2017-01-03T07:25:39","guid":{"rendered":"http:\/\/photostory.dk\/?page_id=990"},"modified":"2017-01-03T07:25:39","modified_gmt":"2017-01-03T07:25:39","slug":"costa-karlslunde-digte-1981-rideskolen-samson-den-sorte","status":"publish","type":"page","link":"https:\/\/www.photostory.dk\/?page_id=990","title":{"rendered":"Costa Karlslunde Digte 1981: Rideskolen &#8211; Samson den Sorte"},"content":{"rendered":"<p><a href=\"http:\/\/photostory.dk\/wp-content\/uploads\/2017\/01\/co-6-rideskole_small.jpg\"><img decoding=\"async\" loading=\"lazy\" class=\"size-full wp-image-997 aligncenter\" src=\"http:\/\/photostory.dk\/wp-content\/uploads\/2017\/01\/co-6-rideskole_small.jpg\" alt=\"\" width=\"540\" height=\"833\" srcset=\"https:\/\/www.photostory.dk\/wp-content\/uploads\/2017\/01\/co-6-rideskole_small.jpg 540w, https:\/\/www.photostory.dk\/wp-content\/uploads\/2017\/01\/co-6-rideskole_small-143x220.jpg 143w\" sizes=\"(max-width: 540px) 100vw, 540px\" \/><\/a><\/p>\n<p style=\"text-align: center;\">Costa Karlslunde Digte 1981-\u00a0Rideskolen<\/p>\n<p style=\"text-align: left;\">Tegning af Samson i en hestesko, med den ring af blomster,\u00a0ridehjelm, strigleb\u00f8rste, ridepisk, hestesko, \u00f8se.<\/p>\n<table class=\" aligncenter\" style=\"width: 305px; background-color: #f1f1f1;\">\n<tbody>\n<tr>\n<td style=\"width: 305px;\">\n<p>Rideskolen<\/p>\n<p>N\u00e6r ved skolen har vi en g\u00e5rd<br \/>\nden kaldes en rideskole<br \/>\np\u00e5 g\u00e5rden bor der en k\u00e6mpe hest<br \/>\nved navn Samson den Sorte.<br \/>\nIngen t\u00f8r ride Samson der<br \/>\nog dem der g\u00f8r det hved ogs\u00e5 godt,<br \/>\nat de kommer hjem,<br \/>\nmed br\u00e6kkede n\u00e6ser og arme.<br \/>\nSamson den Sorte er bang for mus<br \/>\nog nu bor der mus i dens stald<br \/>\ns\u00e5 nu er Samson blid og s\u00f8d<br \/>\nog er ikke l\u00e6ngere til salg.<\/td>\n<\/tr>\n<\/tbody>\n<\/table>\n<p style=\"text-align: center;\"><a href=\"http:\/\/photostory.dk\/?page_id=835\">Oversigt over Costa Karlslunde Digte 1981. Skoledigte<\/a><\/p>\n","protected":false},"excerpt":{"rendered":"<p>Costa Karlslunde Digte 1981-\u00a0Rideskolen Tegning af Samson i en hestesko, med den ring af blomster,\u00a0ridehjelm, strigleb\u00f8rste, ridepisk, hestesko, \u00f8se. Rideskolen N\u00e6r ved skolen har vi en g\u00e5rd den kaldes en rideskole p\u00e5 g\u00e5rden bor der en k\u00e6mpe hest ved navn Samson den Sorte. Ingen t\u00f8r ride Samson der og dem der g\u00f8r det hved ogs\u00e5 &hellip; <a href=\"https:\/\/www.photostory.dk\/?page_id=990\" class=\"more-link\">L\u00e6s mere <span class=\"screen-reader-text\">Costa Karlslunde Digte 1981: Rideskolen &#8211; Samson den Sorte<\/span><\/a><\/p>\n","protected":false},"author":1,"featured_media":0,"parent":0,"menu_order":0,"comment_status":"closed","ping_status":"closed","template":"","meta":[],"_links":{"self":[{"href":"https:\/\/www.photostory.dk\/index.php?rest_route=\/wp\/v2\/pages\/990"}],"collection":[{"href":"https:\/\/www.photostory.dk\/index.php?rest_route=\/wp\/v2\/pages"}],"about":[{"href":"https:\/\/www.photostory.dk\/index.php?rest_route=\/wp\/v2\/types\/page"}],"author":[{"embeddable":true,"href":"https:\/\/www.photostory.dk\/index.php?rest_route=\/wp\/v2\/users\/1"}],"replies":[{"embeddable":true,"href":"https:\/\/www.photostory.dk\/index.php?rest_route=%2Fwp%2Fv2%2Fcomments&post=990"}],"version-history":[{"count":2,"href":"https:\/\/www.photostory.dk\/index.php?rest_route=\/wp\/v2\/pages\/990\/revisions"}],"predecessor-version":[{"id":998,"href":"https:\/\/www.photostory.dk\/index.php?rest_route=\/wp\/v2\/pages\/990\/revisions\/998"}],"wp:attachment":[{"href":"https:\/\/www.photostory.dk\/index.php?rest_route=%2Fwp%2Fv2%2Fmedia&parent=990"}],"curies":[{"name":"wp","href":"https:\/\/api.w.org\/{rel}","templated":true}]}}