{"id":967,"date":"2017-01-02T22:51:03","date_gmt":"2017-01-02T22:51:03","guid":{"rendered":"http:\/\/photostory.dk\/?page_id=967"},"modified":"2017-01-02T22:51:22","modified_gmt":"2017-01-02T22:51:22","slug":"karlslunde-gadekaer-i-greve-kommune","status":"publish","type":"page","link":"https:\/\/www.photostory.dk\/?page_id=967","title":{"rendered":"Karlslunde Gadek\u00e6r i Greve Kommune"},"content":{"rendered":"<p style=\"text-align: center;\"><a href=\"http:\/\/photostory.dk\/wp-content\/uploads\/2017\/01\/co-9-gadekaer.jpg\"><img decoding=\"async\" loading=\"lazy\" class=\"alignnone size-large wp-image-968\" src=\"http:\/\/photostory.dk\/wp-content\/uploads\/2017\/01\/co-9-gadekaer-1024x724.jpg\" alt=\"\" width=\"660\" height=\"467\" srcset=\"https:\/\/www.photostory.dk\/wp-content\/uploads\/2017\/01\/co-9-gadekaer-1024x724.jpg 1024w, https:\/\/www.photostory.dk\/wp-content\/uploads\/2017\/01\/co-9-gadekaer-295x208.jpg 295w, https:\/\/www.photostory.dk\/wp-content\/uploads\/2017\/01\/co-9-gadekaer-768x543.jpg 768w\" sizes=\"(max-width: 660px) 100vw, 660px\" \/><\/a><\/p>\n<p>\u00a0 \u00a0 \u00a0 Tegning af Karlslunde Gadek\u00e6r \u00a0(Costa Karlslunde Digte 1981)<\/p>\n<p style=\"text-align: left;\">Gadek\u00e6ret i Karlslunde set lidt fra oven.\u00a0Bem\u00e6rk tr\u00e6erne, vejf\u00f8ringen, stens\u00e6tningen\u00a0samt husene til \u00e6nderne midt i gadek\u00e6ret.<\/p>\n<p style=\"text-align: center;\"><a href=\"http:\/\/photostory.dk\/?page_id=835\">Oversigt over Costa Karlslunde Digte 1981. Skoledigte<\/a><\/p>\n","protected":false},"excerpt":{"rendered":"<p>\u00a0 \u00a0 \u00a0 Tegning af Karlslunde Gadek\u00e6r \u00a0(Costa Karlslunde Digte 1981) Gadek\u00e6ret i Karlslunde set lidt fra oven.\u00a0Bem\u00e6rk tr\u00e6erne, vejf\u00f8ringen, stens\u00e6tningen\u00a0samt husene til \u00e6nderne midt i gadek\u00e6ret. Oversigt over Costa Karlslunde Digte 1981. Skoledigte<\/p>\n","protected":false},"author":1,"featured_media":0,"parent":0,"menu_order":0,"comment_status":"closed","ping_status":"closed","template":"","meta":[],"_links":{"self":[{"href":"https:\/\/www.photostory.dk\/index.php?rest_route=\/wp\/v2\/pages\/967"}],"collection":[{"href":"https:\/\/www.photostory.dk\/index.php?rest_route=\/wp\/v2\/pages"}],"about":[{"href":"https:\/\/www.photostory.dk\/index.php?rest_route=\/wp\/v2\/types\/page"}],"author":[{"embeddable":true,"href":"https:\/\/www.photostory.dk\/index.php?rest_route=\/wp\/v2\/users\/1"}],"replies":[{"embeddable":true,"href":"https:\/\/www.photostory.dk\/index.php?rest_route=%2Fwp%2Fv2%2Fcomments&post=967"}],"version-history":[{"count":3,"href":"https:\/\/www.photostory.dk\/index.php?rest_route=\/wp\/v2\/pages\/967\/revisions"}],"predecessor-version":[{"id":971,"href":"https:\/\/www.photostory.dk\/index.php?rest_route=\/wp\/v2\/pages\/967\/revisions\/971"}],"wp:attachment":[{"href":"https:\/\/www.photostory.dk\/index.php?rest_route=%2Fwp%2Fv2%2Fmedia&parent=967"}],"curies":[{"name":"wp","href":"https:\/\/api.w.org\/{rel}","templated":true}]}}