{"id":797,"date":"2017-01-01T16:51:44","date_gmt":"2017-01-01T16:51:44","guid":{"rendered":"http:\/\/photostory.dk\/?page_id=797"},"modified":"2017-01-01T16:55:54","modified_gmt":"2017-01-01T16:55:54","slug":"kystfiskeri-fra-thorup-strand-i-nordjylland","status":"publish","type":"page","link":"https:\/\/www.photostory.dk\/?page_id=797","title":{"rendered":"Kystfiskeri fra Thorup Strand i Nordjylland"},"content":{"rendered":"<p><img decoding=\"async\" loading=\"lazy\" class=\"alignnone size-large wp-image-809\" src=\"http:\/\/photostory.dk\/wp-content\/uploads\/2017\/01\/sommer-2011-1024x686.jpg\" alt=\"\" width=\"660\" height=\"442\" srcset=\"https:\/\/www.photostory.dk\/wp-content\/uploads\/2017\/01\/sommer-2011.jpg 1024w, https:\/\/www.photostory.dk\/wp-content\/uploads\/2017\/01\/sommer-2011-295x198.jpg 295w, https:\/\/www.photostory.dk\/wp-content\/uploads\/2017\/01\/sommer-2011-768x515.jpg 768w\" sizes=\"(max-width: 660px) 100vw, 660px\" \/><\/p>\n<p style=\"text-align: center;\">Thorupstrand en kutter p\u00e5 vej ind med sin last 2010<\/p>\n<p>Thorup Strand er en landingsplads p\u00e5 stranden ved Vesterhavet, n\u00e6rmere betegnet mellem Svinkl\u00f8v og Lild Strand ved Jammerbugten. Thorupstrand\u00a0ligger ca. 12 km sydvest for Fjerritslev i Hanherred i Nordjylland.\u00a0Landingspladsen er udgangspunkt for de lokale fiskeres kystfiskeri i Nords\u00f8en. Thorup Strand har Danmarks st\u00f8rste kystlandingsplads, hvor fra der daglig landes prim\u00e6rt torsk og r\u00f8dsp\u00e6tter. De lokale siger, at enten er det Hawvejr eller ogs\u00e5 er det M\u00f8jvejr. Den dag billederne blev taget var det\u00a0hawvejr!<\/p>\n<p><a href=\"http:\/\/photostory.dk\/wp-content\/uploads\/2017\/01\/thorupstrand-ophaling-2011.jpg\"><img decoding=\"async\" loading=\"lazy\" class=\"alignnone size-large wp-image-806\" src=\"http:\/\/photostory.dk\/wp-content\/uploads\/2017\/01\/thorupstrand-ophaling-2011-1024x686.jpg\" alt=\"\" width=\"660\" height=\"442\" srcset=\"https:\/\/www.photostory.dk\/wp-content\/uploads\/2017\/01\/thorupstrand-ophaling-2011.jpg 1024w, https:\/\/www.photostory.dk\/wp-content\/uploads\/2017\/01\/thorupstrand-ophaling-2011-295x198.jpg 295w, https:\/\/www.photostory.dk\/wp-content\/uploads\/2017\/01\/thorupstrand-ophaling-2011-768x515.jpg 768w\" sizes=\"(max-width: 660px) 100vw, 660px\" \/><\/a><\/p>\n<p style=\"text-align: center;\">Ophaling p\u00e5 kysten i Thorup Strand af den h\u00e5rdt l\u00e6ssede kutter<\/p>\n<p style=\"text-align: left;\">Foto: Lars Bj\u00f8rnsten Odense den 4. august 2010.<\/p>\n","protected":false},"excerpt":{"rendered":"<p>Thorupstrand en kutter p\u00e5 vej ind med sin last 2010 Thorup Strand er en landingsplads p\u00e5 stranden ved Vesterhavet, n\u00e6rmere betegnet mellem Svinkl\u00f8v og Lild Strand ved Jammerbugten. Thorupstrand\u00a0ligger ca. 12 km sydvest for Fjerritslev i Hanherred i Nordjylland.\u00a0Landingspladsen er udgangspunkt for de lokale fiskeres kystfiskeri i Nords\u00f8en. Thorup Strand har Danmarks st\u00f8rste kystlandingsplads, hvor &hellip; <a href=\"https:\/\/www.photostory.dk\/?page_id=797\" class=\"more-link\">L\u00e6s mere <span class=\"screen-reader-text\">Kystfiskeri fra Thorup Strand i Nordjylland<\/span><\/a><\/p>\n","protected":false},"author":1,"featured_media":0,"parent":0,"menu_order":0,"comment_status":"closed","ping_status":"closed","template":"","meta":[],"_links":{"self":[{"href":"https:\/\/www.photostory.dk\/index.php?rest_route=\/wp\/v2\/pages\/797"}],"collection":[{"href":"https:\/\/www.photostory.dk\/index.php?rest_route=\/wp\/v2\/pages"}],"about":[{"href":"https:\/\/www.photostory.dk\/index.php?rest_route=\/wp\/v2\/types\/page"}],"author":[{"embeddable":true,"href":"https:\/\/www.photostory.dk\/index.php?rest_route=\/wp\/v2\/users\/1"}],"replies":[{"embeddable":true,"href":"https:\/\/www.photostory.dk\/index.php?rest_route=%2Fwp%2Fv2%2Fcomments&post=797"}],"version-history":[{"count":8,"href":"https:\/\/www.photostory.dk\/index.php?rest_route=\/wp\/v2\/pages\/797\/revisions"}],"predecessor-version":[{"id":814,"href":"https:\/\/www.photostory.dk\/index.php?rest_route=\/wp\/v2\/pages\/797\/revisions\/814"}],"wp:attachment":[{"href":"https:\/\/www.photostory.dk\/index.php?rest_route=%2Fwp%2Fv2%2Fmedia&parent=797"}],"curies":[{"name":"wp","href":"https:\/\/api.w.org\/{rel}","templated":true}]}}