{"id":776,"date":"2016-12-31T12:27:37","date_gmt":"2016-12-31T12:27:37","guid":{"rendered":"http:\/\/photostory.dk\/?page_id=776"},"modified":"2016-12-31T13:19:14","modified_gmt":"2016-12-31T13:19:14","slug":"thorup-strand-1999","status":"publish","type":"page","link":"https:\/\/www.photostory.dk\/?page_id=776","title":{"rendered":"Thorup Strand ved Jammerbugten 1999"},"content":{"rendered":"<p><a href=\"http:\/\/photostory.dk\/wp-content\/uploads\/2016\/12\/MVC-019.jpg\"><img decoding=\"async\" loading=\"lazy\" class=\"alignnone wp-image-778 size-full\" src=\"http:\/\/photostory.dk\/wp-content\/uploads\/2016\/12\/MVC-019.jpg\" width=\"640\" height=\"480\" srcset=\"https:\/\/www.photostory.dk\/wp-content\/uploads\/2016\/12\/MVC-019.jpg 640w, https:\/\/www.photostory.dk\/wp-content\/uploads\/2016\/12\/MVC-019-293x220.jpg 293w\" sizes=\"(max-width: 640px) 100vw, 640px\" \/><\/a><\/p>\n<p style=\"text-align: center;\"><strong>Thorup Strand 1999.\u00a0Foto Lars Bj\u00f8rnsten\u00a0<\/strong><\/p>\n<p>Thorup Strand er en \u00e5ben strand, hvorfra kystfiskeriet finder sted med b\u00e5de specielt konstrueret til et s\u00e5dant fiskeri. Fiskerne tager som regel p\u00e5 fangst ud p\u00e5 natten og bliver trukket ud af et motorspil i spilhuset p\u00e5 stranden med en wire der tr\u00e6kkes rundt om et betonblok et stykke ude p\u00e5 havet.\u00a0I l\u00f8bet af eftermiddagen kl. ca. 16.00 kommer de f\u00f8rste b\u00e5de tilbage og bliver trukket op i sandet af en stor gul bobcat p\u00e5 larvef\u00f8dder, s\u00e5ledes at fangsten \u00a0af bl.a. \u00a0torsk og r\u00f8dsp\u00e6tter kan landes.<\/p>\n<p><a href=\"http:\/\/photostory.dk\/wp-content\/uploads\/2016\/12\/MVC-020.jpg\"><img decoding=\"async\" loading=\"lazy\" class=\"alignleft wp-image-779 size-medium\" src=\"http:\/\/photostory.dk\/wp-content\/uploads\/2016\/12\/MVC-020-293x220.jpg\" width=\"293\" height=\"220\" srcset=\"https:\/\/www.photostory.dk\/wp-content\/uploads\/2016\/12\/MVC-020-293x220.jpg 293w, https:\/\/www.photostory.dk\/wp-content\/uploads\/2016\/12\/MVC-020.jpg 640w\" sizes=\"(max-width: 293px) 100vw, 293px\" \/><\/a> <a href=\"http:\/\/photostory.dk\/wp-content\/uploads\/2016\/12\/MVC-021.jpg\"><img decoding=\"async\" loading=\"lazy\" class=\"alignleft wp-image-780 size-medium\" src=\"http:\/\/photostory.dk\/wp-content\/uploads\/2016\/12\/MVC-021-293x220.jpg\" width=\"293\" height=\"220\" srcset=\"https:\/\/www.photostory.dk\/wp-content\/uploads\/2016\/12\/MVC-021-293x220.jpg 293w, https:\/\/www.photostory.dk\/wp-content\/uploads\/2016\/12\/MVC-021.jpg 640w\" sizes=\"(max-width: 293px) 100vw, 293px\" \/><\/a><\/p>\n<p><a href=\"http:\/\/photostory.dk\/wp-content\/uploads\/2016\/12\/MVC-022.jpg\"><img decoding=\"async\" loading=\"lazy\" class=\"alignleft wp-image-777 size-medium\" src=\"http:\/\/photostory.dk\/wp-content\/uploads\/2016\/12\/MVC-017-293x220.jpg\" width=\"293\" height=\"220\" srcset=\"https:\/\/www.photostory.dk\/wp-content\/uploads\/2016\/12\/MVC-017-293x220.jpg 293w, https:\/\/www.photostory.dk\/wp-content\/uploads\/2016\/12\/MVC-017.jpg 640w\" sizes=\"(max-width: 293px) 100vw, 293px\" \/><\/a><br \/>\n<img decoding=\"async\" loading=\"lazy\" class=\"alignleft wp-image-781 size-medium\" src=\"http:\/\/photostory.dk\/wp-content\/uploads\/2016\/12\/MVC-022-293x220.jpg\" width=\"293\" height=\"220\" srcset=\"https:\/\/www.photostory.dk\/wp-content\/uploads\/2016\/12\/MVC-022-293x220.jpg 293w, https:\/\/www.photostory.dk\/wp-content\/uploads\/2016\/12\/MVC-022.jpg 640w\" sizes=\"(max-width: 293px) 100vw, 293px\" \/><\/p>\n","protected":false},"excerpt":{"rendered":"<p>Thorup Strand 1999.\u00a0Foto Lars Bj\u00f8rnsten\u00a0 Thorup Strand er en \u00e5ben strand, hvorfra kystfiskeriet finder sted med b\u00e5de specielt konstrueret til et s\u00e5dant fiskeri. Fiskerne tager som regel p\u00e5 fangst ud p\u00e5 natten og bliver trukket ud af et motorspil i spilhuset p\u00e5 stranden med en wire der tr\u00e6kkes rundt om et betonblok et stykke ude &hellip; <a href=\"https:\/\/www.photostory.dk\/?page_id=776\" class=\"more-link\">L\u00e6s mere <span class=\"screen-reader-text\">Thorup Strand ved Jammerbugten 1999<\/span><\/a><\/p>\n","protected":false},"author":1,"featured_media":0,"parent":0,"menu_order":0,"comment_status":"closed","ping_status":"closed","template":"","meta":[],"_links":{"self":[{"href":"https:\/\/www.photostory.dk\/index.php?rest_route=\/wp\/v2\/pages\/776"}],"collection":[{"href":"https:\/\/www.photostory.dk\/index.php?rest_route=\/wp\/v2\/pages"}],"about":[{"href":"https:\/\/www.photostory.dk\/index.php?rest_route=\/wp\/v2\/types\/page"}],"author":[{"embeddable":true,"href":"https:\/\/www.photostory.dk\/index.php?rest_route=\/wp\/v2\/users\/1"}],"replies":[{"embeddable":true,"href":"https:\/\/www.photostory.dk\/index.php?rest_route=%2Fwp%2Fv2%2Fcomments&post=776"}],"version-history":[{"count":10,"href":"https:\/\/www.photostory.dk\/index.php?rest_route=\/wp\/v2\/pages\/776\/revisions"}],"predecessor-version":[{"id":791,"href":"https:\/\/www.photostory.dk\/index.php?rest_route=\/wp\/v2\/pages\/776\/revisions\/791"}],"wp:attachment":[{"href":"https:\/\/www.photostory.dk\/index.php?rest_route=%2Fwp%2Fv2%2Fmedia&parent=776"}],"curies":[{"name":"wp","href":"https:\/\/api.w.org\/{rel}","templated":true}]}}