{"id":774,"date":"2017-01-17T09:26:45","date_gmt":"2017-01-17T09:26:45","guid":{"rendered":"http:\/\/photostory.dk\/?page_id=774"},"modified":"2017-01-17T09:26:45","modified_gmt":"2017-01-17T09:26:45","slug":"pumagaarden-vaaningstedgaard-i-karlslunde","status":"publish","type":"page","link":"https:\/\/www.photostory.dk\/?page_id=774","title":{"rendered":"Pumag\u00e5rden, Vaaningstedgaard, i Karlslunde"},"content":{"rendered":"<p><a href=\"http:\/\/photostory.dk\/wp-content\/uploads\/2017\/01\/karlslunde_0016_pumagaarden.jpg\"><img decoding=\"async\" loading=\"lazy\" class=\"size-full wp-image-1787 aligncenter\" src=\"http:\/\/photostory.dk\/wp-content\/uploads\/2017\/01\/karlslunde_0016_pumagaarden.jpg\" alt=\"\" width=\"550\" height=\"775\" srcset=\"https:\/\/www.photostory.dk\/wp-content\/uploads\/2017\/01\/karlslunde_0016_pumagaarden.jpg 550w, https:\/\/www.photostory.dk\/wp-content\/uploads\/2017\/01\/karlslunde_0016_pumagaarden-156x220.jpg 156w\" sizes=\"(max-width: 550px) 100vw, 550px\" \/><\/a><\/p>\n<p style=\"text-align: center;\">Pumag\u00e5rden (Vaaningstedgaard) i 1981<br \/>\nV\u00e5ningstedg\u00e5rd 2690 Karlslunde<\/p>\n<p>Pumag\u00e5rden i Karlslunde By. I gamle dage var der en Pumag\u00e5rd, som nu er br\u00e6ndt ned at et lyn..\u00a0I dag er det en \u00f8de mark, der nogle gange g\u00e5r heste p\u00e5.<\/p>\n<p>\u00bbKarlslunde f\u00f8r og nu \u2013 og lidt om fremtiden\u00ab er titlen p\u00e5 et undervisningsforl\u00f8b, som en 4. klasse med stor dygtighed udf\u00f8rte p\u00e5 Karlslunde Skole i Greve Kommune i slutningen af \u00e5ret 1981. Se mere om undervisningsforl\u00f8bet <a href=\"http:\/\/photostory.dk\/?page_id=297\">her!<\/a><\/p>\n<p style=\"text-align: center;\"><a href=\"http:\/\/photostory.dk\/?page_id=289\">Oversigt over \u00bbKarlslunde f\u00f8r og nu \u2013 og lidt om fremtiden\u00ab 1981<\/a><\/p>\n","protected":false},"excerpt":{"rendered":"<p>Pumag\u00e5rden (Vaaningstedgaard) i 1981 V\u00e5ningstedg\u00e5rd 2690 Karlslunde Pumag\u00e5rden i Karlslunde By. I gamle dage var der en Pumag\u00e5rd, som nu er br\u00e6ndt ned at et lyn..\u00a0I dag er det en \u00f8de mark, der nogle gange g\u00e5r heste p\u00e5. \u00bbKarlslunde f\u00f8r og nu \u2013 og lidt om fremtiden\u00ab er titlen p\u00e5 et undervisningsforl\u00f8b, som en 4. &hellip; <a href=\"https:\/\/www.photostory.dk\/?page_id=774\" class=\"more-link\">L\u00e6s mere <span class=\"screen-reader-text\">Pumag\u00e5rden, Vaaningstedgaard, i Karlslunde<\/span><\/a><\/p>\n","protected":false},"author":1,"featured_media":0,"parent":0,"menu_order":0,"comment_status":"closed","ping_status":"closed","template":"","meta":[],"_links":{"self":[{"href":"https:\/\/www.photostory.dk\/index.php?rest_route=\/wp\/v2\/pages\/774"}],"collection":[{"href":"https:\/\/www.photostory.dk\/index.php?rest_route=\/wp\/v2\/pages"}],"about":[{"href":"https:\/\/www.photostory.dk\/index.php?rest_route=\/wp\/v2\/types\/page"}],"author":[{"embeddable":true,"href":"https:\/\/www.photostory.dk\/index.php?rest_route=\/wp\/v2\/users\/1"}],"replies":[{"embeddable":true,"href":"https:\/\/www.photostory.dk\/index.php?rest_route=%2Fwp%2Fv2%2Fcomments&post=774"}],"version-history":[{"count":3,"href":"https:\/\/www.photostory.dk\/index.php?rest_route=\/wp\/v2\/pages\/774\/revisions"}],"predecessor-version":[{"id":1788,"href":"https:\/\/www.photostory.dk\/index.php?rest_route=\/wp\/v2\/pages\/774\/revisions\/1788"}],"wp:attachment":[{"href":"https:\/\/www.photostory.dk\/index.php?rest_route=%2Fwp%2Fv2%2Fmedia&parent=774"}],"curies":[{"name":"wp","href":"https:\/\/api.w.org\/{rel}","templated":true}]}}