{"id":50,"date":"2016-12-12T09:02:26","date_gmt":"2016-12-12T09:02:26","guid":{"rendered":"http:\/\/photostory.dk\/?page_id=50"},"modified":"2017-04-06T07:29:19","modified_gmt":"2017-04-06T07:29:19","slug":"pantheon-rom","status":"publish","type":"page","link":"https:\/\/www.photostory.dk\/?page_id=50","title":{"rendered":"Pantheon Rom"},"content":{"rendered":"<p><img decoding=\"async\" class=\"aligncenter\" src=\"https:\/\/web.archive.org\/web\/20160304075503\/https:\/\/www.photostory.dk\/roma\/pantheon.jpg\" \/><\/p>\n<p>Pantheon<\/p>\n<p>Pantheon er et antikt tempel beliggende ved Piazza della Rotonda i Rom.<br \/>\nPanteon er betegnelsen for alle guder og gudinder i en bestemt mytologi.<br \/>\nDet oprindelige tempel i det romerske rige blev bygget af Marcus Agrippa og det blev p\u00e5begyndt \u00e5r 25-27. f. Kr., som et tempel for alle de romerske guder.<\/p>\n<p>Efter en brand blev templet ombygget af kejser Hadrian (117 &#8211; 138 f.Kr.) og det var efter denne ombygning at den store kuppel blev konstrueret. Fra 600-tallet bruges det som kirke, Santa Maria ad Martyres og indvies af Pave Bonifacius 4.<\/p>\n<p>Senere ca. \u00e5r 1305-77 e.Kr. fungerede Pantheon som f\u00e6stning og fjerkr\u00e6smarked. Siden hen blev kirken plyndret for guld og bronze bl.a. skulle en del af bronzen v\u00e6re brugt til Berninis bronzebaldakin i Peterskirken. I 1888 e.Kr. blev den f\u00f8rste konge Vittorio Emanuele 2. begravet i Pantheon. I dag fungerer bygningen som kirke og bl.a. ligger maleren Rafael her.<\/p>\n<p>Kuplen er 43 meter h\u00f8j og 43 m i diameter, dermed er kuplen ca. 1,5 meter h\u00f8jere end den der er placeret i Peterskirken. For at at b\u00e6re den tunge konstruktion af romersk beton er der en 6 m tyk mur. I toppen af kuplen der en en rund \u00e5bning, oculus 9 m i diameter. Dette er det eneste lyskilde i templet. Der kommer regn m.m. ind her og vandet bliver via huller i marmorgulvet samlet i en lille br\u00f8nd og f\u00f8rt Tiberen.<\/p>\n<p>Midt p\u00e5 denne plads foran Pantheon er der en stor font\u00e6ne, der blev opf\u00f8rt i 1575.<br \/>\nog udsmykket med en egyptisk obelisk, der blev placeret her i 1711.<\/p>\n","protected":false},"excerpt":{"rendered":"<p>Pantheon Pantheon er et antikt tempel beliggende ved Piazza della Rotonda i Rom. Panteon er betegnelsen for alle guder og gudinder i en bestemt mytologi. Det oprindelige tempel i det romerske rige blev bygget af Marcus Agrippa og det blev p\u00e5begyndt \u00e5r 25-27. f. Kr., som et tempel for alle de romerske guder. Efter en &hellip; <a href=\"https:\/\/www.photostory.dk\/?page_id=50\" class=\"more-link\">L\u00e6s mere <span class=\"screen-reader-text\">Pantheon Rom<\/span><\/a><\/p>\n","protected":false},"author":1,"featured_media":0,"parent":105,"menu_order":1,"comment_status":"closed","ping_status":"closed","template":"","meta":[],"_links":{"self":[{"href":"https:\/\/www.photostory.dk\/index.php?rest_route=\/wp\/v2\/pages\/50"}],"collection":[{"href":"https:\/\/www.photostory.dk\/index.php?rest_route=\/wp\/v2\/pages"}],"about":[{"href":"https:\/\/www.photostory.dk\/index.php?rest_route=\/wp\/v2\/types\/page"}],"author":[{"embeddable":true,"href":"https:\/\/www.photostory.dk\/index.php?rest_route=\/wp\/v2\/users\/1"}],"replies":[{"embeddable":true,"href":"https:\/\/www.photostory.dk\/index.php?rest_route=%2Fwp%2Fv2%2Fcomments&post=50"}],"version-history":[{"count":13,"href":"https:\/\/www.photostory.dk\/index.php?rest_route=\/wp\/v2\/pages\/50\/revisions"}],"predecessor-version":[{"id":3675,"href":"https:\/\/www.photostory.dk\/index.php?rest_route=\/wp\/v2\/pages\/50\/revisions\/3675"}],"up":[{"embeddable":true,"href":"https:\/\/www.photostory.dk\/index.php?rest_route=\/wp\/v2\/pages\/105"}],"wp:attachment":[{"href":"https:\/\/www.photostory.dk\/index.php?rest_route=%2Fwp%2Fv2%2Fmedia&parent=50"}],"curies":[{"name":"wp","href":"https:\/\/api.w.org\/{rel}","templated":true}]}}