{"id":3559,"date":"2017-02-19T10:46:52","date_gmt":"2017-02-19T10:46:52","guid":{"rendered":"http:\/\/photostory.dk\/?page_id=3559"},"modified":"2017-02-19T10:47:44","modified_gmt":"2017-02-19T10:47:44","slug":"tegning-af-optimistjolle-speedy-med-nr-d-3192","status":"publish","type":"page","link":"https:\/\/www.photostory.dk\/?page_id=3559","title":{"rendered":"Optimistjolle &#8220;Speedy&#8221; med &#8211; nr. D-3192"},"content":{"rendered":"<p style=\"text-align: center;\"><a href=\"http:\/\/photostory.dk\/wp-content\/uploads\/2017\/02\/co-109-speedy_small.jpg\"><img decoding=\"async\" loading=\"lazy\" class=\"size-full wp-image-3560 aligncenter\" src=\"http:\/\/photostory.dk\/wp-content\/uploads\/2017\/02\/co-109-speedy_small.jpg\" alt=\"\" width=\"400\" height=\"553\" srcset=\"https:\/\/www.photostory.dk\/wp-content\/uploads\/2017\/02\/co-109-speedy_small.jpg 400w, https:\/\/www.photostory.dk\/wp-content\/uploads\/2017\/02\/co-109-speedy_small-159x220.jpg 159w\" sizes=\"(max-width: 400px) 100vw, 400px\" \/><\/a><\/p>\n<p style=\"text-align: center;\"><strong>Tegning af: optimistjolle &#8220;Speedy&#8221; med &#8211; nr. D-3192<\/strong><\/p>\n<p>\u201cCosta Karlslunde Digte 1981\u201d var en del af et undervisningsprojekt i 1981 p\u00e5 Karlslunde Skole om lokalmilj\u00f8er i bl.a. Aved\u00f8re, Lyngby og Karlslunde. De her gengivne digte m.m. er fra Karlslunde og omegn og udf\u00f8rt af eleverne fra 5, 6 og 7. klasse. De er efterf\u00f8lgende udgivet p\u00e5 internettet af Lars Bj\u00f8rnsten til inspiration for andre.<\/p>\n<p style=\"text-align: center;\"><a href=\"http:\/\/photostory.dk\/?page_id=835\">Oversigt Costa Karlslunde Digte 1981. Skoledigte<\/a><\/p>\n","protected":false},"excerpt":{"rendered":"<p>Tegning af: optimistjolle &#8220;Speedy&#8221; med &#8211; nr. D-3192 \u201cCosta Karlslunde Digte 1981\u201d var en del af et undervisningsprojekt i 1981 p\u00e5 Karlslunde Skole om lokalmilj\u00f8er i bl.a. Aved\u00f8re, Lyngby og Karlslunde. De her gengivne digte m.m. er fra Karlslunde og omegn og udf\u00f8rt af eleverne fra 5, 6 og 7. klasse. De er efterf\u00f8lgende udgivet &hellip; <a href=\"https:\/\/www.photostory.dk\/?page_id=3559\" class=\"more-link\">L\u00e6s mere <span class=\"screen-reader-text\">Optimistjolle &#8220;Speedy&#8221; med &#8211; nr. D-3192<\/span><\/a><\/p>\n","protected":false},"author":1,"featured_media":0,"parent":0,"menu_order":0,"comment_status":"closed","ping_status":"closed","template":"","meta":[],"_links":{"self":[{"href":"https:\/\/www.photostory.dk\/index.php?rest_route=\/wp\/v2\/pages\/3559"}],"collection":[{"href":"https:\/\/www.photostory.dk\/index.php?rest_route=\/wp\/v2\/pages"}],"about":[{"href":"https:\/\/www.photostory.dk\/index.php?rest_route=\/wp\/v2\/types\/page"}],"author":[{"embeddable":true,"href":"https:\/\/www.photostory.dk\/index.php?rest_route=\/wp\/v2\/users\/1"}],"replies":[{"embeddable":true,"href":"https:\/\/www.photostory.dk\/index.php?rest_route=%2Fwp%2Fv2%2Fcomments&post=3559"}],"version-history":[{"count":2,"href":"https:\/\/www.photostory.dk\/index.php?rest_route=\/wp\/v2\/pages\/3559\/revisions"}],"predecessor-version":[{"id":3563,"href":"https:\/\/www.photostory.dk\/index.php?rest_route=\/wp\/v2\/pages\/3559\/revisions\/3563"}],"wp:attachment":[{"href":"https:\/\/www.photostory.dk\/index.php?rest_route=%2Fwp%2Fv2%2Fmedia&parent=3559"}],"curies":[{"name":"wp","href":"https:\/\/api.w.org\/{rel}","templated":true}]}}