{"id":3491,"date":"2017-02-19T09:36:27","date_gmt":"2017-02-19T09:36:27","guid":{"rendered":"http:\/\/photostory.dk\/?page_id=3491"},"modified":"2017-02-19T09:36:27","modified_gmt":"2017-02-19T09:36:27","slug":"sommer-vi-er-ude-og-spiller","status":"publish","type":"page","link":"https:\/\/www.photostory.dk\/?page_id=3491","title":{"rendered":"Sommer &#8230;. vi er ude og spiller"},"content":{"rendered":"<p><a href=\"http:\/\/photostory.dk\/wp-content\/uploads\/2017\/02\/co-103-sommer_small.jpg\"><img decoding=\"async\" loading=\"lazy\" class=\"size-full wp-image-3492 aligncenter\" src=\"http:\/\/photostory.dk\/wp-content\/uploads\/2017\/02\/co-103-sommer_small.jpg\" alt=\"\" width=\"400\" height=\"347\" srcset=\"https:\/\/www.photostory.dk\/wp-content\/uploads\/2017\/02\/co-103-sommer_small.jpg 400w, https:\/\/www.photostory.dk\/wp-content\/uploads\/2017\/02\/co-103-sommer_small-254x220.jpg 254w\" sizes=\"(max-width: 400px) 100vw, 400px\" \/><\/a><\/p>\n<p style=\"text-align: center;\"><strong>Sommer<\/strong><\/p>\n<p style=\"text-align: center;\">Solen skinner<br \/>\nvi er ude og spiller<br \/>\nnogle taber<br \/>\nandre vinder<br \/>\nn\u00e5r det blir aften<br \/>\ng\u00e5r vi rundt og gaber.<br \/>\nN\u00e5r mor og far kalder<br \/>\ns\u00e5 hele byen gjalder,<br \/>\nskal vi ind og sove,<br \/>\ni vores dejlige senge.<\/p>\n<p>\u201cCosta Karlslunde Digte 1981\u201d var en del af et undervisningsprojekt i 1981 p\u00e5 Karlslunde Skole om lokalmilj\u00f8er i bl.a. Aved\u00f8re, Lyngby og Karlslunde. De her gengivne digte m.m. er fra Karlslunde og omegn og udf\u00f8rt af eleverne fra 5, 6 og 7. klasse. De er efterf\u00f8lgende udgivet p\u00e5 internettet af Lars Bj\u00f8rnsten til inspiration for andre.<\/p>\n<p style=\"text-align: center;\"><a href=\"http:\/\/photostory.dk\/?page_id=835\">Oversigt Costa Karlslunde Digte 1981. Skoledigte<\/a><\/p>\n","protected":false},"excerpt":{"rendered":"<p>Sommer Solen skinner vi er ude og spiller nogle taber andre vinder n\u00e5r det blir aften g\u00e5r vi rundt og gaber. N\u00e5r mor og far kalder s\u00e5 hele byen gjalder, skal vi ind og sove, i vores dejlige senge. \u201cCosta Karlslunde Digte 1981\u201d var en del af et undervisningsprojekt i 1981 p\u00e5 Karlslunde Skole om &hellip; <a href=\"https:\/\/www.photostory.dk\/?page_id=3491\" class=\"more-link\">L\u00e6s mere <span class=\"screen-reader-text\">Sommer &#8230;. vi er ude og spiller<\/span><\/a><\/p>\n","protected":false},"author":1,"featured_media":0,"parent":0,"menu_order":0,"comment_status":"closed","ping_status":"closed","template":"","meta":[],"_links":{"self":[{"href":"https:\/\/www.photostory.dk\/index.php?rest_route=\/wp\/v2\/pages\/3491"}],"collection":[{"href":"https:\/\/www.photostory.dk\/index.php?rest_route=\/wp\/v2\/pages"}],"about":[{"href":"https:\/\/www.photostory.dk\/index.php?rest_route=\/wp\/v2\/types\/page"}],"author":[{"embeddable":true,"href":"https:\/\/www.photostory.dk\/index.php?rest_route=\/wp\/v2\/users\/1"}],"replies":[{"embeddable":true,"href":"https:\/\/www.photostory.dk\/index.php?rest_route=%2Fwp%2Fv2%2Fcomments&post=3491"}],"version-history":[{"count":2,"href":"https:\/\/www.photostory.dk\/index.php?rest_route=\/wp\/v2\/pages\/3491\/revisions"}],"predecessor-version":[{"id":3495,"href":"https:\/\/www.photostory.dk\/index.php?rest_route=\/wp\/v2\/pages\/3491\/revisions\/3495"}],"wp:attachment":[{"href":"https:\/\/www.photostory.dk\/index.php?rest_route=%2Fwp%2Fv2%2Fmedia&parent=3491"}],"curies":[{"name":"wp","href":"https:\/\/api.w.org\/{rel}","templated":true}]}}