{"id":3464,"date":"2017-02-19T08:04:52","date_gmt":"2017-02-19T08:04:52","guid":{"rendered":"http:\/\/photostory.dk\/?page_id=3464"},"modified":"2017-02-19T08:05:14","modified_gmt":"2017-02-19T08:05:14","slug":"costa-karlslunde-digte-1981-hundeslaeden","status":"publish","type":"page","link":"https:\/\/www.photostory.dk\/?page_id=3464","title":{"rendered":"Costa Karlslunde Digte 1981 &#8220;Hundesl\u00e6den&#8221;"},"content":{"rendered":"<p><a href=\"http:\/\/photostory.dk\/wp-content\/uploads\/2017\/02\/co-100-hundeslaeden_small.jpg\"><img decoding=\"async\" loading=\"lazy\" class=\"size-full wp-image-3465 aligncenter\" src=\"http:\/\/photostory.dk\/wp-content\/uploads\/2017\/02\/co-100-hundeslaeden_small.jpg\" alt=\"\" width=\"400\" height=\"177\" srcset=\"https:\/\/www.photostory.dk\/wp-content\/uploads\/2017\/02\/co-100-hundeslaeden_small.jpg 400w, https:\/\/www.photostory.dk\/wp-content\/uploads\/2017\/02\/co-100-hundeslaeden_small-295x131.jpg 295w\" sizes=\"(max-width: 400px) 100vw, 400px\" \/><\/a><\/p>\n<p style=\"text-align: center;\">Costa Karlslunde Digte 1981\u00a0&#8220;Hundesl\u00e6den&#8221;<\/p>\n<p style=\"text-align: center;\"><strong>Hundesl\u00e6den<\/strong><\/p>\n<p style=\"text-align: center;\">Se den hundesl\u00e6de<br \/>\nvognene er sat i k\u00e6de<br \/>\nden glider over sneen hvid<br \/>\nher ved nattetid.<\/p>\n<p>\u201cCosta Karlslunde Digte 1981\u201d var en del af et undervisningsprojekt i 1981 p\u00e5 Karlslunde Skole om lokalmilj\u00f8er i bl.a. Aved\u00f8re, Lyngby og Karlslunde. De her gengivne digte m.m. er fra Karlslunde og omegn og udf\u00f8rt af eleverne fra 5, 6 og 7. klasse. De er efterf\u00f8lgende udgivet p\u00e5 internettet af Lars Bj\u00f8rnsten til inspiration for andre.<\/p>\n<p style=\"text-align: center;\"><a href=\"http:\/\/photostory.dk\/?page_id=835\">Oversigt Costa Karlslunde Digte 1981. Skoledigte<\/a><\/p>\n","protected":false},"excerpt":{"rendered":"<p>Costa Karlslunde Digte 1981\u00a0&#8220;Hundesl\u00e6den&#8221; Hundesl\u00e6den Se den hundesl\u00e6de vognene er sat i k\u00e6de den glider over sneen hvid her ved nattetid. \u201cCosta Karlslunde Digte 1981\u201d var en del af et undervisningsprojekt i 1981 p\u00e5 Karlslunde Skole om lokalmilj\u00f8er i bl.a. Aved\u00f8re, Lyngby og Karlslunde. De her gengivne digte m.m. er fra Karlslunde og omegn og &hellip; <a href=\"https:\/\/www.photostory.dk\/?page_id=3464\" class=\"more-link\">L\u00e6s mere <span class=\"screen-reader-text\">Costa Karlslunde Digte 1981 &#8220;Hundesl\u00e6den&#8221;<\/span><\/a><\/p>\n","protected":false},"author":1,"featured_media":0,"parent":0,"menu_order":0,"comment_status":"closed","ping_status":"closed","template":"","meta":[],"_links":{"self":[{"href":"https:\/\/www.photostory.dk\/index.php?rest_route=\/wp\/v2\/pages\/3464"}],"collection":[{"href":"https:\/\/www.photostory.dk\/index.php?rest_route=\/wp\/v2\/pages"}],"about":[{"href":"https:\/\/www.photostory.dk\/index.php?rest_route=\/wp\/v2\/types\/page"}],"author":[{"embeddable":true,"href":"https:\/\/www.photostory.dk\/index.php?rest_route=\/wp\/v2\/users\/1"}],"replies":[{"embeddable":true,"href":"https:\/\/www.photostory.dk\/index.php?rest_route=%2Fwp%2Fv2%2Fcomments&post=3464"}],"version-history":[{"count":2,"href":"https:\/\/www.photostory.dk\/index.php?rest_route=\/wp\/v2\/pages\/3464\/revisions"}],"predecessor-version":[{"id":3468,"href":"https:\/\/www.photostory.dk\/index.php?rest_route=\/wp\/v2\/pages\/3464\/revisions\/3468"}],"wp:attachment":[{"href":"https:\/\/www.photostory.dk\/index.php?rest_route=%2Fwp%2Fv2%2Fmedia&parent=3464"}],"curies":[{"name":"wp","href":"https:\/\/api.w.org\/{rel}","templated":true}]}}