{"id":3371,"date":"2017-02-18T10:51:44","date_gmt":"2017-02-18T10:51:44","guid":{"rendered":"http:\/\/photostory.dk\/?page_id=3371"},"modified":"2017-02-18T11:43:10","modified_gmt":"2017-02-18T11:43:10","slug":"en-taaget-dag","status":"publish","type":"page","link":"https:\/\/www.photostory.dk\/?page_id=3371","title":{"rendered":"En t\u00e5get dag"},"content":{"rendered":"<p><a href=\"http:\/\/photostory.dk\/wp-content\/uploads\/2017\/02\/co-92-en-taaget-dag_small.jpg\"><img decoding=\"async\" loading=\"lazy\" class=\"size-full wp-image-3372 aligncenter\" src=\"http:\/\/photostory.dk\/wp-content\/uploads\/2017\/02\/co-92-en-taaget-dag_small.jpg\" alt=\"\" width=\"400\" height=\"409\" srcset=\"https:\/\/www.photostory.dk\/wp-content\/uploads\/2017\/02\/co-92-en-taaget-dag_small.jpg 400w, https:\/\/www.photostory.dk\/wp-content\/uploads\/2017\/02\/co-92-en-taaget-dag_small-215x220.jpg 215w\" sizes=\"(max-width: 400px) 100vw, 400px\" \/><\/a><\/p>\n<p style=\"text-align: center;\"><strong>En t\u00e5get dag.<\/strong><\/p>\n<p style=\"text-align: center;\">Det er t\u00e5get i dag<br \/>\nvejret er kedeligt,,<br \/>\nVi skal l\u00e6re at digte,<br \/>\nvi skal digte om den by vi bor i.<br \/>\nJeg kan ikke finde p\u00e5 noget,<br \/>\njeg keder mig,<br \/>\nde andre er i fuld gang.<br \/>\nL\u00e6reren foresl\u00e5r,<br \/>\nat jeg skal skrive om det,<br \/>\njeg t\u00e6nker.<br \/>\nOp det her er hvad jeg t\u00e6nkte.<\/p>\n<p>\u201cCosta Karlslunde Digte 1981\u201d var en del af et undervisningsprojekt i 1981 p\u00e5\u00a0Karlslunde Skole\u00a0om\u00a0lokalmilj\u00f8er i bl.a. Aved\u00f8re, Lyngby\u00a0og Karlslunde. De her gengivne digte m.m. er fra Karlslunde og omegn\u00a0og udf\u00f8rt af eleverne fra 5, 6 og 7. klasse.<\/p>\n<p style=\"text-align: center;\"><a href=\"http:\/\/photostory.dk\/?page_id=835\">Oversigt Costa Karlslunde Digte 1981. Skoledigte<\/a><\/p>\n","protected":false},"excerpt":{"rendered":"<p>En t\u00e5get dag. Det er t\u00e5get i dag vejret er kedeligt,, Vi skal l\u00e6re at digte, vi skal digte om den by vi bor i. Jeg kan ikke finde p\u00e5 noget, jeg keder mig, de andre er i fuld gang. L\u00e6reren foresl\u00e5r, at jeg skal skrive om det, jeg t\u00e6nker. Op det her er hvad &hellip; <a href=\"https:\/\/www.photostory.dk\/?page_id=3371\" class=\"more-link\">L\u00e6s mere <span class=\"screen-reader-text\">En t\u00e5get dag<\/span><\/a><\/p>\n","protected":false},"author":1,"featured_media":0,"parent":0,"menu_order":0,"comment_status":"closed","ping_status":"closed","template":"","meta":[],"_links":{"self":[{"href":"https:\/\/www.photostory.dk\/index.php?rest_route=\/wp\/v2\/pages\/3371"}],"collection":[{"href":"https:\/\/www.photostory.dk\/index.php?rest_route=\/wp\/v2\/pages"}],"about":[{"href":"https:\/\/www.photostory.dk\/index.php?rest_route=\/wp\/v2\/types\/page"}],"author":[{"embeddable":true,"href":"https:\/\/www.photostory.dk\/index.php?rest_route=\/wp\/v2\/users\/1"}],"replies":[{"embeddable":true,"href":"https:\/\/www.photostory.dk\/index.php?rest_route=%2Fwp%2Fv2%2Fcomments&post=3371"}],"version-history":[{"count":2,"href":"https:\/\/www.photostory.dk\/index.php?rest_route=\/wp\/v2\/pages\/3371\/revisions"}],"predecessor-version":[{"id":3375,"href":"https:\/\/www.photostory.dk\/index.php?rest_route=\/wp\/v2\/pages\/3371\/revisions\/3375"}],"wp:attachment":[{"href":"https:\/\/www.photostory.dk\/index.php?rest_route=%2Fwp%2Fv2%2Fmedia&parent=3371"}],"curies":[{"name":"wp","href":"https:\/\/api.w.org\/{rel}","templated":true}]}}