{"id":3351,"date":"2017-02-18T10:31:03","date_gmt":"2017-02-18T10:31:03","guid":{"rendered":"http:\/\/photostory.dk\/?page_id=3351"},"modified":"2017-02-18T10:31:25","modified_gmt":"2017-02-18T10:31:25","slug":"skoledigt-1981-aar-2000","status":"publish","type":"page","link":"https:\/\/www.photostory.dk\/?page_id=3351","title":{"rendered":"Skoledigt 1981: \u00c5r 2000"},"content":{"rendered":"<p><a href=\"http:\/\/photostory.dk\/wp-content\/uploads\/2017\/02\/co-89-aar-2000_small.jpg\"><img decoding=\"async\" loading=\"lazy\" class=\"size-full wp-image-3352 aligncenter\" src=\"http:\/\/photostory.dk\/wp-content\/uploads\/2017\/02\/co-89-aar-2000_small.jpg\" alt=\"\" width=\"400\" height=\"273\" srcset=\"https:\/\/www.photostory.dk\/wp-content\/uploads\/2017\/02\/co-89-aar-2000_small.jpg 400w, https:\/\/www.photostory.dk\/wp-content\/uploads\/2017\/02\/co-89-aar-2000_small-295x201.jpg 295w\" sizes=\"(max-width: 400px) 100vw, 400px\" \/><\/a><\/p>\n<p style=\"text-align: center;\"><strong>\u00c5r 2000<\/strong><\/p>\n<p style=\"text-align: center;\">Her g\u00e5r en robot<br \/>\nom 10 \u00e5r er den blevet til skr\u00e5t<br \/>\nher st\u00e5r en maskine<br \/>\ndet er s\u00e5 frygtligt<br \/>\nat man bliver n\u00f8dt til at grine<br \/>\nher g\u00e5r ingen folk<br \/>\nrobotten er blevet menneskets tolk<br \/>\nalle sidder inde<br \/>\nfor robotter og maskiner<br \/>\nhar l\u00e6rt at binde<br \/>\nalle folk inde.<\/p>\n<p>\u201cCosta Karlslunde Digte 1981\u201d var en del af et undervisningsprojekt i 1981 p\u00e5\u00a0Karlslunde Skole\u00a0om\u00a0lokalmilj\u00f8er i bl.a. Aved\u00f8re, Lyngby\u00a0og Karlslunde. De her gengivne digte m.m. er fra Karlslunde og omegn\u00a0og udf\u00f8rt af eleverne fra 5, 6 og 7. klasse.<\/p>\n<p style=\"text-align: center;\"><a href=\"http:\/\/photostory.dk\/?page_id=835\">Oversigt Costa Karlslunde Digte 1981. Skoledigte<\/a><\/p>\n","protected":false},"excerpt":{"rendered":"<p>\u00c5r 2000 Her g\u00e5r en robot om 10 \u00e5r er den blevet til skr\u00e5t her st\u00e5r en maskine det er s\u00e5 frygtligt at man bliver n\u00f8dt til at grine her g\u00e5r ingen folk robotten er blevet menneskets tolk alle sidder inde for robotter og maskiner har l\u00e6rt at binde alle folk inde. \u201cCosta Karlslunde Digte &hellip; <a href=\"https:\/\/www.photostory.dk\/?page_id=3351\" class=\"more-link\">L\u00e6s mere <span class=\"screen-reader-text\">Skoledigt 1981: \u00c5r 2000<\/span><\/a><\/p>\n","protected":false},"author":1,"featured_media":0,"parent":0,"menu_order":0,"comment_status":"closed","ping_status":"closed","template":"","meta":[],"_links":{"self":[{"href":"https:\/\/www.photostory.dk\/index.php?rest_route=\/wp\/v2\/pages\/3351"}],"collection":[{"href":"https:\/\/www.photostory.dk\/index.php?rest_route=\/wp\/v2\/pages"}],"about":[{"href":"https:\/\/www.photostory.dk\/index.php?rest_route=\/wp\/v2\/types\/page"}],"author":[{"embeddable":true,"href":"https:\/\/www.photostory.dk\/index.php?rest_route=\/wp\/v2\/users\/1"}],"replies":[{"embeddable":true,"href":"https:\/\/www.photostory.dk\/index.php?rest_route=%2Fwp%2Fv2%2Fcomments&post=3351"}],"version-history":[{"count":2,"href":"https:\/\/www.photostory.dk\/index.php?rest_route=\/wp\/v2\/pages\/3351\/revisions"}],"predecessor-version":[{"id":3355,"href":"https:\/\/www.photostory.dk\/index.php?rest_route=\/wp\/v2\/pages\/3351\/revisions\/3355"}],"wp:attachment":[{"href":"https:\/\/www.photostory.dk\/index.php?rest_route=%2Fwp%2Fv2%2Fmedia&parent=3351"}],"curies":[{"name":"wp","href":"https:\/\/api.w.org\/{rel}","templated":true}]}}