{"id":3249,"date":"2017-02-17T12:45:36","date_gmt":"2017-02-17T12:45:36","guid":{"rendered":"http:\/\/photostory.dk\/?page_id=3249"},"modified":"2017-02-17T12:45:55","modified_gmt":"2017-02-17T12:45:55","slug":"digt-den-foerste-gang-jeg-kyssede-en-dreng","status":"publish","type":"page","link":"https:\/\/www.photostory.dk\/?page_id=3249","title":{"rendered":"Digt: Den f\u00f8rste gang jeg kyssede en dreng"},"content":{"rendered":"<p><a href=\"http:\/\/photostory.dk\/wp-content\/uploads\/2017\/02\/co-73-den-foerste-gang_small.jpg\"><img decoding=\"async\" loading=\"lazy\" class=\"size-full wp-image-3250 aligncenter\" src=\"http:\/\/photostory.dk\/wp-content\/uploads\/2017\/02\/co-73-den-foerste-gang_small.jpg\" alt=\"\" width=\"400\" height=\"528\" srcset=\"https:\/\/www.photostory.dk\/wp-content\/uploads\/2017\/02\/co-73-den-foerste-gang_small.jpg 400w, https:\/\/www.photostory.dk\/wp-content\/uploads\/2017\/02\/co-73-den-foerste-gang_small-167x220.jpg 167w\" sizes=\"(max-width: 400px) 100vw, 400px\" \/><\/a><\/p>\n<p style=\"text-align: center;\"><strong>Den f\u00f8rste gang<\/strong><\/p>\n<p style=\"text-align: center;\">Den f\u00f8rste gang<br \/>\njeg kyssede en dreng<br \/>\nvar bag et stort gammelt tr\u00e6<br \/>\njeg husker lige s\u00e5 tydeligt<br \/>\nat jeg gik i b\u00f8rnehave,<br \/>\njeg ved ikke hvorfor jeg gjorde det,<br \/>\nmen alts\u00e5 det gjorde jeg bare.<\/p>\n<p>\u201cCosta Karlslunde Digte 1981\u201d var en del af et undervisningsprojekt i 1981 p\u00e5\u00a0Karlslunde Skole\u00a0om\u00a0lokalmilj\u00f8er i bl.a. Aved\u00f8re, Lyngby\u00a0og Karlslunde. De her gengivne digte m.m. er fra Karlslunde og omegn\u00a0og udf\u00f8rt af eleverne fra 5, 6 og 7. klasse.<\/p>\n<p style=\"text-align: center;\"><a href=\"http:\/\/photostory.dk\/?page_id=835\">Oversigt Costa Karlslunde Digte 1981. Skoledigte<\/a><\/p>\n","protected":false},"excerpt":{"rendered":"<p>Den f\u00f8rste gang Den f\u00f8rste gang jeg kyssede en dreng var bag et stort gammelt tr\u00e6 jeg husker lige s\u00e5 tydeligt at jeg gik i b\u00f8rnehave, jeg ved ikke hvorfor jeg gjorde det, men alts\u00e5 det gjorde jeg bare. \u201cCosta Karlslunde Digte 1981\u201d var en del af et undervisningsprojekt i 1981 p\u00e5\u00a0Karlslunde Skole\u00a0om\u00a0lokalmilj\u00f8er i bl.a. &hellip; <a href=\"https:\/\/www.photostory.dk\/?page_id=3249\" class=\"more-link\">L\u00e6s mere <span class=\"screen-reader-text\">Digt: Den f\u00f8rste gang jeg kyssede en dreng<\/span><\/a><\/p>\n","protected":false},"author":1,"featured_media":0,"parent":0,"menu_order":0,"comment_status":"closed","ping_status":"closed","template":"","meta":[],"_links":{"self":[{"href":"https:\/\/www.photostory.dk\/index.php?rest_route=\/wp\/v2\/pages\/3249"}],"collection":[{"href":"https:\/\/www.photostory.dk\/index.php?rest_route=\/wp\/v2\/pages"}],"about":[{"href":"https:\/\/www.photostory.dk\/index.php?rest_route=\/wp\/v2\/types\/page"}],"author":[{"embeddable":true,"href":"https:\/\/www.photostory.dk\/index.php?rest_route=\/wp\/v2\/users\/1"}],"replies":[{"embeddable":true,"href":"https:\/\/www.photostory.dk\/index.php?rest_route=%2Fwp%2Fv2%2Fcomments&post=3249"}],"version-history":[{"count":2,"href":"https:\/\/www.photostory.dk\/index.php?rest_route=\/wp\/v2\/pages\/3249\/revisions"}],"predecessor-version":[{"id":3253,"href":"https:\/\/www.photostory.dk\/index.php?rest_route=\/wp\/v2\/pages\/3249\/revisions\/3253"}],"wp:attachment":[{"href":"https:\/\/www.photostory.dk\/index.php?rest_route=%2Fwp%2Fv2%2Fmedia&parent=3249"}],"curies":[{"name":"wp","href":"https:\/\/api.w.org\/{rel}","templated":true}]}}