{"id":3226,"date":"2017-02-17T07:31:32","date_gmt":"2017-02-17T07:31:32","guid":{"rendered":"http:\/\/photostory.dk\/?page_id=3226"},"modified":"2017-02-17T07:33:44","modified_gmt":"2017-02-17T07:33:44","slug":"costa-karlslunde-digt-stroeget","status":"publish","type":"page","link":"https:\/\/www.photostory.dk\/?page_id=3226","title":{"rendered":"Costa Karlslunde\u00a0digt:\u00a0Str\u00f8get"},"content":{"rendered":"<p style=\"text-align: center;\"><a href=\"http:\/\/photostory.dk\/wp-content\/uploads\/2017\/02\/co-71-stroeget_small.jpg\"><img decoding=\"async\" loading=\"lazy\" class=\"size-full wp-image-3227 aligncenter\" src=\"http:\/\/photostory.dk\/wp-content\/uploads\/2017\/02\/co-71-stroeget_small.jpg\" alt=\"\" width=\"400\" height=\"250\" srcset=\"https:\/\/www.photostory.dk\/wp-content\/uploads\/2017\/02\/co-71-stroeget_small.jpg 400w, https:\/\/www.photostory.dk\/wp-content\/uploads\/2017\/02\/co-71-stroeget_small-295x184.jpg 295w\" sizes=\"(max-width: 400px) 100vw, 400px\" \/><\/a><\/p>\n<p style=\"text-align: center;\"><strong>Str\u00f8get<\/strong><\/p>\n<p style=\"text-align: center;\">Jeg g\u00e5r p\u00e5 Str\u00f8get<br \/>\nog ser p\u00e5 t\u00f8jet<br \/>\nder er mange mennesker<br \/>\nog det er det jeg elsker.<\/p>\n<p>\u201cCosta Karlslunde Digte 1981\u201d var en del af et undervisningsprojekt i 1981 p\u00e5 Karlslunde Skole om lokalmilj\u00f8er i bl.a. Aved\u00f8re, Lyngby og Karlslunde. De her gengivne digte m.m. er fra Karlslunde og omegn og udf\u00f8rt af eleverne fra 5, 6 og 7. klasse.<\/p>\n<p style=\"text-align: center;\"><a href=\"http:\/\/photostory.dk\/?page_id=835\">Oversigt Costa Karlslunde Digte 1981. Skoledigte<\/a><\/p>\n","protected":false},"excerpt":{"rendered":"<p>Str\u00f8get Jeg g\u00e5r p\u00e5 Str\u00f8get og ser p\u00e5 t\u00f8jet der er mange mennesker og det er det jeg elsker. \u201cCosta Karlslunde Digte 1981\u201d var en del af et undervisningsprojekt i 1981 p\u00e5 Karlslunde Skole om lokalmilj\u00f8er i bl.a. Aved\u00f8re, Lyngby og Karlslunde. De her gengivne digte m.m. er fra Karlslunde og omegn og udf\u00f8rt af &hellip; <a href=\"https:\/\/www.photostory.dk\/?page_id=3226\" class=\"more-link\">L\u00e6s mere <span class=\"screen-reader-text\">Costa Karlslunde\u00a0digt:\u00a0Str\u00f8get<\/span><\/a><\/p>\n","protected":false},"author":1,"featured_media":0,"parent":0,"menu_order":0,"comment_status":"closed","ping_status":"closed","template":"","meta":[],"_links":{"self":[{"href":"https:\/\/www.photostory.dk\/index.php?rest_route=\/wp\/v2\/pages\/3226"}],"collection":[{"href":"https:\/\/www.photostory.dk\/index.php?rest_route=\/wp\/v2\/pages"}],"about":[{"href":"https:\/\/www.photostory.dk\/index.php?rest_route=\/wp\/v2\/types\/page"}],"author":[{"embeddable":true,"href":"https:\/\/www.photostory.dk\/index.php?rest_route=\/wp\/v2\/users\/1"}],"replies":[{"embeddable":true,"href":"https:\/\/www.photostory.dk\/index.php?rest_route=%2Fwp%2Fv2%2Fcomments&post=3226"}],"version-history":[{"count":3,"href":"https:\/\/www.photostory.dk\/index.php?rest_route=\/wp\/v2\/pages\/3226\/revisions"}],"predecessor-version":[{"id":3232,"href":"https:\/\/www.photostory.dk\/index.php?rest_route=\/wp\/v2\/pages\/3226\/revisions\/3232"}],"wp:attachment":[{"href":"https:\/\/www.photostory.dk\/index.php?rest_route=%2Fwp%2Fv2%2Fmedia&parent=3226"}],"curies":[{"name":"wp","href":"https:\/\/api.w.org\/{rel}","templated":true}]}}