{"id":3172,"date":"2017-02-16T12:54:40","date_gmt":"2017-02-16T12:54:40","guid":{"rendered":"http:\/\/photostory.dk\/?page_id=3172"},"modified":"2017-02-16T12:54:40","modified_gmt":"2017-02-16T12:54:40","slug":"brugsen-i-karlslunde-1981-2","status":"publish","type":"page","link":"https:\/\/www.photostory.dk\/?page_id=3172","title":{"rendered":"&#8220;Brugsen i Karlslunde &#8221; 1981"},"content":{"rendered":"<p><a href=\"http:\/\/photostory.dk\/wp-content\/uploads\/2017\/02\/co-66-tegn-brugsen-karlslunde_small.jpg\"><img decoding=\"async\" loading=\"lazy\" class=\"size-full wp-image-3173 aligncenter\" src=\"http:\/\/photostory.dk\/wp-content\/uploads\/2017\/02\/co-66-tegn-brugsen-karlslunde_small.jpg\" alt=\"\" width=\"540\" height=\"348\" srcset=\"https:\/\/www.photostory.dk\/wp-content\/uploads\/2017\/02\/co-66-tegn-brugsen-karlslunde_small.jpg 540w, https:\/\/www.photostory.dk\/wp-content\/uploads\/2017\/02\/co-66-tegn-brugsen-karlslunde_small-295x190.jpg 295w\" sizes=\"(max-width: 540px) 100vw, 540px\" \/><\/a><\/p>\n<p style=\"text-align: center;\"><strong>&#8220;Brugsen i Karlslunde &#8220;<\/strong><\/p>\n<p style=\"text-align: left;\">Brugsen i Karlslunde i 1981 set i fugleperspektiv og i helikopterperspektiv.\u00a0Bem\u00e6rk de mange detaljer i tegningen bl.a.:<\/p>\n<ul>\n<li>Opstregningen af parkeringspladsen .<\/li>\n<li>p\u00e6lene til at parkere hunde<\/li>\n<li>de gode tilbudsskilte<\/li>\n<li>leverpostej<\/li>\n<li>saftevand<\/li>\n<li>rullep\u00f8lse til 4,95<\/li>\n<li>andesteg til 4,95<\/li>\n<li>en varebil<\/li>\n<li>en \u00e5ben sportsvogn<\/li>\n<\/ul>\n<p>\u201cCosta Karlslunde Digte 1981\u201d var en del af et undervisningsprojekt i 1981 p\u00e5\u00a0Karlslunde Skole\u00a0om\u00a0lokalmilj\u00f8er i bl.a. Aved\u00f8re, Lyngby\u00a0og Karlslunde. De her gengivne digte m.m. er fra Karlslunde og omegn\u00a0og udf\u00f8rt af eleverne fra 5, 6 og 7. klasse.<\/p>\n<p style=\"text-align: center;\"><a href=\"http:\/\/photostory.dk\/?page_id=835\">Oversigt Costa Karlslunde Digte 1981. Skoledigte<\/a><\/p>\n","protected":false},"excerpt":{"rendered":"<p>&#8220;Brugsen i Karlslunde &#8220; Brugsen i Karlslunde i 1981 set i fugleperspektiv og i helikopterperspektiv.\u00a0Bem\u00e6rk de mange detaljer i tegningen bl.a.: Opstregningen af parkeringspladsen . p\u00e6lene til at parkere hunde de gode tilbudsskilte leverpostej saftevand rullep\u00f8lse til 4,95 andesteg til 4,95 en varebil en \u00e5ben sportsvogn \u201cCosta Karlslunde Digte 1981\u201d var en del af et &hellip; <a href=\"https:\/\/www.photostory.dk\/?page_id=3172\" class=\"more-link\">L\u00e6s mere <span class=\"screen-reader-text\">&#8220;Brugsen i Karlslunde &#8221; 1981<\/span><\/a><\/p>\n","protected":false},"author":1,"featured_media":0,"parent":0,"menu_order":0,"comment_status":"closed","ping_status":"closed","template":"","meta":[],"_links":{"self":[{"href":"https:\/\/www.photostory.dk\/index.php?rest_route=\/wp\/v2\/pages\/3172"}],"collection":[{"href":"https:\/\/www.photostory.dk\/index.php?rest_route=\/wp\/v2\/pages"}],"about":[{"href":"https:\/\/www.photostory.dk\/index.php?rest_route=\/wp\/v2\/types\/page"}],"author":[{"embeddable":true,"href":"https:\/\/www.photostory.dk\/index.php?rest_route=\/wp\/v2\/users\/1"}],"replies":[{"embeddable":true,"href":"https:\/\/www.photostory.dk\/index.php?rest_route=%2Fwp%2Fv2%2Fcomments&post=3172"}],"version-history":[{"count":1,"href":"https:\/\/www.photostory.dk\/index.php?rest_route=\/wp\/v2\/pages\/3172\/revisions"}],"predecessor-version":[{"id":3174,"href":"https:\/\/www.photostory.dk\/index.php?rest_route=\/wp\/v2\/pages\/3172\/revisions\/3174"}],"wp:attachment":[{"href":"https:\/\/www.photostory.dk\/index.php?rest_route=%2Fwp%2Fv2%2Fmedia&parent=3172"}],"curies":[{"name":"wp","href":"https:\/\/api.w.org\/{rel}","templated":true}]}}