{"id":3162,"date":"2017-02-16T12:44:35","date_gmt":"2017-02-16T12:44:35","guid":{"rendered":"http:\/\/photostory.dk\/?page_id=3162"},"modified":"2017-02-16T12:44:35","modified_gmt":"2017-02-16T12:44:35","slug":"atletik-et-hyldestdigt","status":"publish","type":"page","link":"https:\/\/www.photostory.dk\/?page_id=3162","title":{"rendered":"&#8220;Atletik &#8211; et hyldestdigt&#8221;"},"content":{"rendered":"<p><a href=\"http:\/\/photostory.dk\/wp-content\/uploads\/2017\/02\/co-65-atletik_small.jpg\"><img decoding=\"async\" loading=\"lazy\" class=\"size-full wp-image-3163 aligncenter\" src=\"http:\/\/photostory.dk\/wp-content\/uploads\/2017\/02\/co-65-atletik_small.jpg\" alt=\"\" width=\"400\" height=\"181\" srcset=\"https:\/\/www.photostory.dk\/wp-content\/uploads\/2017\/02\/co-65-atletik_small.jpg 400w, https:\/\/www.photostory.dk\/wp-content\/uploads\/2017\/02\/co-65-atletik_small-295x133.jpg 295w\" sizes=\"(max-width: 400px) 100vw, 400px\" \/><\/a><\/p>\n<p style=\"text-align: center;\"><strong>&#8220;Atletik &#8211; et hyldestdigt&#8221;<\/strong><\/p>\n<p style=\"text-align: center;\">Atletik<br \/>\nAtletik er en enkeltmandssport,<br \/>\nAtletik er konkurrence,<br \/>\nAtletik er slid og tr\u00e6ning<br \/>\nMen atletik er ogs\u00e5<br \/>\nKammeratskab, sejre,<br \/>\nudflugter og gl\u00e6de<\/p>\n<p>\u201cCosta Karlslunde Digte 1981\u201d var en del af et undervisningsprojekt i 1981 p\u00e5\u00a0Karlslunde Skole\u00a0om\u00a0lokalmilj\u00f8er i bl.a. Aved\u00f8re, Lyngby\u00a0og Karlslunde. De her gengivne digte m.m. er fra Karlslunde og omegn\u00a0og udf\u00f8rt af eleverne fra 5, 6 og 7. klasse.<\/p>\n<p style=\"text-align: center;\"><a href=\"http:\/\/photostory.dk\/?page_id=835\">Oversigt Costa Karlslunde Digte 1981. Skoledigte<\/a><\/p>\n","protected":false},"excerpt":{"rendered":"<p>&#8220;Atletik &#8211; et hyldestdigt&#8221; Atletik Atletik er en enkeltmandssport, Atletik er konkurrence, Atletik er slid og tr\u00e6ning Men atletik er ogs\u00e5 Kammeratskab, sejre, udflugter og gl\u00e6de \u201cCosta Karlslunde Digte 1981\u201d var en del af et undervisningsprojekt i 1981 p\u00e5\u00a0Karlslunde Skole\u00a0om\u00a0lokalmilj\u00f8er i bl.a. Aved\u00f8re, Lyngby\u00a0og Karlslunde. De her gengivne digte m.m. er fra Karlslunde og omegn\u00a0og &hellip; <a href=\"https:\/\/www.photostory.dk\/?page_id=3162\" class=\"more-link\">L\u00e6s mere <span class=\"screen-reader-text\">&#8220;Atletik &#8211; et hyldestdigt&#8221;<\/span><\/a><\/p>\n","protected":false},"author":1,"featured_media":0,"parent":0,"menu_order":0,"comment_status":"closed","ping_status":"closed","template":"","meta":[],"_links":{"self":[{"href":"https:\/\/www.photostory.dk\/index.php?rest_route=\/wp\/v2\/pages\/3162"}],"collection":[{"href":"https:\/\/www.photostory.dk\/index.php?rest_route=\/wp\/v2\/pages"}],"about":[{"href":"https:\/\/www.photostory.dk\/index.php?rest_route=\/wp\/v2\/types\/page"}],"author":[{"embeddable":true,"href":"https:\/\/www.photostory.dk\/index.php?rest_route=\/wp\/v2\/users\/1"}],"replies":[{"embeddable":true,"href":"https:\/\/www.photostory.dk\/index.php?rest_route=%2Fwp%2Fv2%2Fcomments&post=3162"}],"version-history":[{"count":1,"href":"https:\/\/www.photostory.dk\/index.php?rest_route=\/wp\/v2\/pages\/3162\/revisions"}],"predecessor-version":[{"id":3165,"href":"https:\/\/www.photostory.dk\/index.php?rest_route=\/wp\/v2\/pages\/3162\/revisions\/3165"}],"wp:attachment":[{"href":"https:\/\/www.photostory.dk\/index.php?rest_route=%2Fwp%2Fv2%2Fmedia&parent=3162"}],"curies":[{"name":"wp","href":"https:\/\/api.w.org\/{rel}","templated":true}]}}