{"id":3070,"date":"2017-02-15T16:50:44","date_gmt":"2017-02-15T16:50:44","guid":{"rendered":"http:\/\/photostory.dk\/?page_id=3070"},"modified":"2017-02-15T16:50:44","modified_gmt":"2017-02-15T16:50:44","slug":"digt-den-fjollede-dag-1981","status":"publish","type":"page","link":"https:\/\/www.photostory.dk\/?page_id=3070","title":{"rendered":"Digt: Den fjollede dag 1981"},"content":{"rendered":"<p><a href=\"http:\/\/photostory.dk\/wp-content\/uploads\/2017\/02\/co-55-den-fjollede-dag_small.jpg\"><img decoding=\"async\" loading=\"lazy\" class=\"size-full wp-image-3071 aligncenter\" src=\"http:\/\/photostory.dk\/wp-content\/uploads\/2017\/02\/co-55-den-fjollede-dag_small.jpg\" alt=\"\" width=\"400\" height=\"431\" srcset=\"https:\/\/www.photostory.dk\/wp-content\/uploads\/2017\/02\/co-55-den-fjollede-dag_small.jpg 400w, https:\/\/www.photostory.dk\/wp-content\/uploads\/2017\/02\/co-55-den-fjollede-dag_small-204x220.jpg 204w\" sizes=\"(max-width: 400px) 100vw, 400px\" \/><\/a><\/p>\n<p style=\"text-align: center;\"><strong>Den fjollede dag.<\/strong><\/p>\n<p style=\"text-align: center;\">Vi er to s\u00f8de piger<br \/>\nsom sidder i vores riger<br \/>\nvi sidder med vores vin<br \/>\nog er ved at d\u00f8 af grin<br \/>\nfor vi s\u00e5 nogle fjollede fyre<br \/>\nsom var overfyldt med myrer<br \/>\nfor de havde slugt nogle syrer<br \/>\nsom var endt i deres nyrer<br \/>\nda vi gik havde grinet til ende<br \/>\ngik vi i vores bl\u00f8de senge.<\/p>\n<p>\u201cCosta Karlslunde Digte 1981\u201d var en del af et undervisningsprojekt i 1981 p\u00e5\u00a0Karlslunde Skole\u00a0om\u00a0lokalmilj\u00f8er i bl.a. Aved\u00f8re, Lyngby\u00a0og Karlslunde. De her gengivne digte m.m. er fra Karlslunde og omegn\u00a0og udf\u00f8rt af eleverne fra 5, 6 og 7. klasse.<\/p>\n<p style=\"text-align: center;\"><a href=\"http:\/\/photostory.dk\/?page_id=835\">Oversigt Costa Karlslunde Digte 1981. Skoledigte<\/a><\/p>\n","protected":false},"excerpt":{"rendered":"<p>Den fjollede dag. Vi er to s\u00f8de piger som sidder i vores riger vi sidder med vores vin og er ved at d\u00f8 af grin for vi s\u00e5 nogle fjollede fyre som var overfyldt med myrer for de havde slugt nogle syrer som var endt i deres nyrer da vi gik havde grinet til ende &hellip; <a href=\"https:\/\/www.photostory.dk\/?page_id=3070\" class=\"more-link\">L\u00e6s mere <span class=\"screen-reader-text\">Digt: Den fjollede dag 1981<\/span><\/a><\/p>\n","protected":false},"author":1,"featured_media":0,"parent":0,"menu_order":0,"comment_status":"closed","ping_status":"closed","template":"","meta":[],"_links":{"self":[{"href":"https:\/\/www.photostory.dk\/index.php?rest_route=\/wp\/v2\/pages\/3070"}],"collection":[{"href":"https:\/\/www.photostory.dk\/index.php?rest_route=\/wp\/v2\/pages"}],"about":[{"href":"https:\/\/www.photostory.dk\/index.php?rest_route=\/wp\/v2\/types\/page"}],"author":[{"embeddable":true,"href":"https:\/\/www.photostory.dk\/index.php?rest_route=\/wp\/v2\/users\/1"}],"replies":[{"embeddable":true,"href":"https:\/\/www.photostory.dk\/index.php?rest_route=%2Fwp%2Fv2%2Fcomments&post=3070"}],"version-history":[{"count":3,"href":"https:\/\/www.photostory.dk\/index.php?rest_route=\/wp\/v2\/pages\/3070\/revisions"}],"predecessor-version":[{"id":3075,"href":"https:\/\/www.photostory.dk\/index.php?rest_route=\/wp\/v2\/pages\/3070\/revisions\/3075"}],"wp:attachment":[{"href":"https:\/\/www.photostory.dk\/index.php?rest_route=%2Fwp%2Fv2%2Fmedia&parent=3070"}],"curies":[{"name":"wp","href":"https:\/\/api.w.org\/{rel}","templated":true}]}}