{"id":2987,"date":"2017-02-15T05:16:12","date_gmt":"2017-02-15T05:16:12","guid":{"rendered":"http:\/\/photostory.dk\/?page_id=2987"},"modified":"2017-02-15T05:17:11","modified_gmt":"2017-02-15T05:17:11","slug":"den-foerste-gang-jeg-skulle-skifte-skole","status":"publish","type":"page","link":"https:\/\/www.photostory.dk\/?page_id=2987","title":{"rendered":"Den f\u00f8rste gang jeg skulle skifte skole &#8230;."},"content":{"rendered":"<p><a href=\"http:\/\/photostory.dk\/wp-content\/uploads\/2017\/02\/co-44-den-foerste-gang_small.jpg\"><img decoding=\"async\" loading=\"lazy\" class=\"size-full wp-image-2988 aligncenter\" src=\"http:\/\/photostory.dk\/wp-content\/uploads\/2017\/02\/co-44-den-foerste-gang_small.jpg\" alt=\"\" width=\"400\" height=\"366\" srcset=\"https:\/\/www.photostory.dk\/wp-content\/uploads\/2017\/02\/co-44-den-foerste-gang_small.jpg 400w, https:\/\/www.photostory.dk\/wp-content\/uploads\/2017\/02\/co-44-den-foerste-gang_small-240x220.jpg 240w\" sizes=\"(max-width: 400px) 100vw, 400px\" \/><\/a><\/p>\n<p style=\"text-align: center;\"><strong>Den f\u00f8rste gang<\/strong><\/p>\n<p style=\"text-align: center;\">Den f\u00f8rste gang<br \/>\njeg skulle skifte skole<br \/>\nkom jeg her til Karlslunde Skole<br \/>\nvi var flyttet til Mejerivej.<br \/>\nJeg startede i 2. klasse,<br \/>\njeg gik her over p\u00e5 skolen<br \/>\nvi skulle dansk i f\u00f8rste time.<br \/>\nDen f\u00f8rste m\u00e5neds tid<br \/>\nhadede jeg denne skole,<br \/>\nmen nu elsker jeg den.<\/p>\n<p>\u201cCosta Karlslunde Digte 1981\u201d var en del af et undervisningsprojekt i 1981 p\u00e5\u00a0Karlslunde Skole\u00a0om\u00a0lokalmilj\u00f8er i bl.a. Aved\u00f8re, Lyngby\u00a0og Karlslunde. De her gengivne digte m.m. er fra Karlslunde og omegn\u00a0og udf\u00f8rt af eleverne fra 5, 6 og 7. klasse.<\/p>\n<p style=\"text-align: center;\"><a href=\"http:\/\/photostory.dk\/?page_id=835\">Oversigt Costa Karlslunde Digte 1981. Skoledigte<\/a><\/p>\n","protected":false},"excerpt":{"rendered":"<p>Den f\u00f8rste gang Den f\u00f8rste gang jeg skulle skifte skole kom jeg her til Karlslunde Skole vi var flyttet til Mejerivej. Jeg startede i 2. klasse, jeg gik her over p\u00e5 skolen vi skulle dansk i f\u00f8rste time. Den f\u00f8rste m\u00e5neds tid hadede jeg denne skole, men nu elsker jeg den. \u201cCosta Karlslunde Digte 1981\u201d &hellip; <a href=\"https:\/\/www.photostory.dk\/?page_id=2987\" class=\"more-link\">L\u00e6s mere <span class=\"screen-reader-text\">Den f\u00f8rste gang jeg skulle skifte skole &#8230;.<\/span><\/a><\/p>\n","protected":false},"author":1,"featured_media":0,"parent":0,"menu_order":0,"comment_status":"closed","ping_status":"closed","template":"","meta":[],"_links":{"self":[{"href":"https:\/\/www.photostory.dk\/index.php?rest_route=\/wp\/v2\/pages\/2987"}],"collection":[{"href":"https:\/\/www.photostory.dk\/index.php?rest_route=\/wp\/v2\/pages"}],"about":[{"href":"https:\/\/www.photostory.dk\/index.php?rest_route=\/wp\/v2\/types\/page"}],"author":[{"embeddable":true,"href":"https:\/\/www.photostory.dk\/index.php?rest_route=\/wp\/v2\/users\/1"}],"replies":[{"embeddable":true,"href":"https:\/\/www.photostory.dk\/index.php?rest_route=%2Fwp%2Fv2%2Fcomments&post=2987"}],"version-history":[{"count":2,"href":"https:\/\/www.photostory.dk\/index.php?rest_route=\/wp\/v2\/pages\/2987\/revisions"}],"predecessor-version":[{"id":2991,"href":"https:\/\/www.photostory.dk\/index.php?rest_route=\/wp\/v2\/pages\/2987\/revisions\/2991"}],"wp:attachment":[{"href":"https:\/\/www.photostory.dk\/index.php?rest_route=%2Fwp%2Fv2%2Fmedia&parent=2987"}],"curies":[{"name":"wp","href":"https:\/\/api.w.org\/{rel}","templated":true}]}}