{"id":2972,"date":"2017-02-14T22:36:10","date_gmt":"2017-02-14T22:36:10","guid":{"rendered":"http:\/\/photostory.dk\/?page_id=2972"},"modified":"2017-02-14T22:36:40","modified_gmt":"2017-02-14T22:36:40","slug":"smaa-og-store-loeber-rundt-mellem-hinanden","status":"publish","type":"page","link":"https:\/\/www.photostory.dk\/?page_id=2972","title":{"rendered":"Sm\u00e5 og store l\u00f8ber rundt mellem hinanden"},"content":{"rendered":"<p style=\"text-align: center;\"><a href=\"http:\/\/photostory.dk\/wp-content\/uploads\/2017\/02\/co-43.skolen_small.jpg\"><img decoding=\"async\" loading=\"lazy\" class=\"size-full wp-image-2973 aligncenter\" src=\"http:\/\/photostory.dk\/wp-content\/uploads\/2017\/02\/co-43.skolen_small.jpg\" alt=\"\" width=\"400\" height=\"244\" srcset=\"https:\/\/www.photostory.dk\/wp-content\/uploads\/2017\/02\/co-43.skolen_small.jpg 400w, https:\/\/www.photostory.dk\/wp-content\/uploads\/2017\/02\/co-43.skolen_small-295x180.jpg 295w\" sizes=\"(max-width: 400px) 100vw, 400px\" \/><\/a><\/p>\n<p style=\"text-align: center;\">&#8220;Skolen&#8230;..Sm\u00e5 og store l\u00f8ber rundt mellem hinanden&#8221;<\/p>\n<p style=\"text-align: center;\"><strong>Skolen<\/strong><\/p>\n<p style=\"text-align: center;\">Sm\u00e5 og store l\u00f8ber rundt mellem hinanden<br \/>\nen lille f\u00e5r t\u00e6v<br \/>\nen stor bliver sendt hjem af inspekt\u00f8ren,<br \/>\nen anden falder og sl\u00e5r hul p\u00e5 bukserne.<br \/>\nKlokken ringer,<br \/>\nen hvirvelstorm starter, hen til d\u00f8ren.<br \/>\nPapir, blyantsstumper ligger tilbage<br \/>\ni en \u00f8de skoleg\u00e5rd.<\/p>\n<p>\u201cCosta Karlslunde Digte 1981\u201d var en del af et undervisningsprojekt i 1981 p\u00e5\u00a0Karlslunde Skole\u00a0om\u00a0lokalmilj\u00f8er i bl.a. Aved\u00f8re, Lyngby\u00a0og Karlslunde. De her gengivne digte m.m. er fra Karlslunde og omegn\u00a0og udf\u00f8rt af eleverne fra 5, 6 og 7. klasse.<\/p>\n<p style=\"text-align: center;\"><a href=\"http:\/\/photostory.dk\/?page_id=835\">Oversigt Costa Karlslunde Digte 1981. Skoledigte<\/a><\/p>\n","protected":false},"excerpt":{"rendered":"<p>&#8220;Skolen&#8230;..Sm\u00e5 og store l\u00f8ber rundt mellem hinanden&#8221; Skolen Sm\u00e5 og store l\u00f8ber rundt mellem hinanden en lille f\u00e5r t\u00e6v en stor bliver sendt hjem af inspekt\u00f8ren, en anden falder og sl\u00e5r hul p\u00e5 bukserne. Klokken ringer, en hvirvelstorm starter, hen til d\u00f8ren. Papir, blyantsstumper ligger tilbage i en \u00f8de skoleg\u00e5rd. \u201cCosta Karlslunde Digte 1981\u201d var &hellip; <a href=\"https:\/\/www.photostory.dk\/?page_id=2972\" class=\"more-link\">L\u00e6s mere <span class=\"screen-reader-text\">Sm\u00e5 og store l\u00f8ber rundt mellem hinanden<\/span><\/a><\/p>\n","protected":false},"author":1,"featured_media":0,"parent":0,"menu_order":0,"comment_status":"closed","ping_status":"closed","template":"","meta":[],"_links":{"self":[{"href":"https:\/\/www.photostory.dk\/index.php?rest_route=\/wp\/v2\/pages\/2972"}],"collection":[{"href":"https:\/\/www.photostory.dk\/index.php?rest_route=\/wp\/v2\/pages"}],"about":[{"href":"https:\/\/www.photostory.dk\/index.php?rest_route=\/wp\/v2\/types\/page"}],"author":[{"embeddable":true,"href":"https:\/\/www.photostory.dk\/index.php?rest_route=\/wp\/v2\/users\/1"}],"replies":[{"embeddable":true,"href":"https:\/\/www.photostory.dk\/index.php?rest_route=%2Fwp%2Fv2%2Fcomments&post=2972"}],"version-history":[{"count":2,"href":"https:\/\/www.photostory.dk\/index.php?rest_route=\/wp\/v2\/pages\/2972\/revisions"}],"predecessor-version":[{"id":2976,"href":"https:\/\/www.photostory.dk\/index.php?rest_route=\/wp\/v2\/pages\/2972\/revisions\/2976"}],"wp:attachment":[{"href":"https:\/\/www.photostory.dk\/index.php?rest_route=%2Fwp%2Fv2%2Fmedia&parent=2972"}],"curies":[{"name":"wp","href":"https:\/\/api.w.org\/{rel}","templated":true}]}}