{"id":2961,"date":"2017-02-14T17:29:20","date_gmt":"2017-02-14T17:29:20","guid":{"rendered":"http:\/\/photostory.dk\/?page_id=2961"},"modified":"2017-02-14T17:30:36","modified_gmt":"2017-02-14T17:30:36","slug":"der-er-larm-i-klassen-danskboeger-stablet-ovenpaa-hinanden","status":"publish","type":"page","link":"https:\/\/www.photostory.dk\/?page_id=2961","title":{"rendered":"&#8220;Der er larm i klassen&#8221; p\u00e5 Karlslunde Skole"},"content":{"rendered":"<p><a href=\"http:\/\/photostory.dk\/wp-content\/uploads\/2017\/02\/co-42-der-er-larm_small.jpg\"><img decoding=\"async\" loading=\"lazy\" class=\"size-full wp-image-2962 aligncenter\" src=\"http:\/\/photostory.dk\/wp-content\/uploads\/2017\/02\/co-42-der-er-larm_small.jpg\" alt=\"\" width=\"500\" height=\"348\" srcset=\"https:\/\/www.photostory.dk\/wp-content\/uploads\/2017\/02\/co-42-der-er-larm_small.jpg 500w, https:\/\/www.photostory.dk\/wp-content\/uploads\/2017\/02\/co-42-der-er-larm_small-295x205.jpg 295w\" sizes=\"(max-width: 500px) 100vw, 500px\" \/><\/a><\/p>\n<p style=\"text-align: center;\">&#8220;Der er larm i klassen&#8221;.\u00a0Danskb\u00f8ger stablet ovenp\u00e5 hinanden<\/p>\n<p style=\"text-align: center;\"><strong>Larm<\/strong><\/p>\n<p style=\"text-align: center;\">Der er larm i klassen<br \/>\nde vil ikke v\u00e6re stille<br \/>\nselv om man r\u00e5ber op<br \/>\nman kan ikke skrive i den larm<br \/>\nn\u00e5 nu tier de stille<br \/>\ndet er sk\u00f8nt.<\/p>\n<p>\u201cCosta Karlslunde Digte 1981\u201d var en del af et undervisningsprojekt i 1981 p\u00e5\u00a0Karlslunde Skole\u00a0om\u00a0lokalmilj\u00f8er i bl.a. Aved\u00f8re, Lyngby\u00a0og Karlslunde. De her gengivne digte m.m. er fra Karlslunde og omegn\u00a0og udf\u00f8rt af eleverne fra 5, 6 og 7. klasse.<\/p>\n<p style=\"text-align: center;\"><a href=\"http:\/\/photostory.dk\/?page_id=835\">Oversigt Costa Karlslunde Digte 1981. Skoledigte<\/a><\/p>\n","protected":false},"excerpt":{"rendered":"<p>&#8220;Der er larm i klassen&#8221;.\u00a0Danskb\u00f8ger stablet ovenp\u00e5 hinanden Larm Der er larm i klassen de vil ikke v\u00e6re stille selv om man r\u00e5ber op man kan ikke skrive i den larm n\u00e5 nu tier de stille det er sk\u00f8nt. \u201cCosta Karlslunde Digte 1981\u201d var en del af et undervisningsprojekt i 1981 p\u00e5\u00a0Karlslunde Skole\u00a0om\u00a0lokalmilj\u00f8er i bl.a. &hellip; <a href=\"https:\/\/www.photostory.dk\/?page_id=2961\" class=\"more-link\">L\u00e6s mere <span class=\"screen-reader-text\">&#8220;Der er larm i klassen&#8221; p\u00e5 Karlslunde Skole<\/span><\/a><\/p>\n","protected":false},"author":1,"featured_media":0,"parent":0,"menu_order":0,"comment_status":"closed","ping_status":"closed","template":"","meta":[],"_links":{"self":[{"href":"https:\/\/www.photostory.dk\/index.php?rest_route=\/wp\/v2\/pages\/2961"}],"collection":[{"href":"https:\/\/www.photostory.dk\/index.php?rest_route=\/wp\/v2\/pages"}],"about":[{"href":"https:\/\/www.photostory.dk\/index.php?rest_route=\/wp\/v2\/types\/page"}],"author":[{"embeddable":true,"href":"https:\/\/www.photostory.dk\/index.php?rest_route=\/wp\/v2\/users\/1"}],"replies":[{"embeddable":true,"href":"https:\/\/www.photostory.dk\/index.php?rest_route=%2Fwp%2Fv2%2Fcomments&post=2961"}],"version-history":[{"count":3,"href":"https:\/\/www.photostory.dk\/index.php?rest_route=\/wp\/v2\/pages\/2961\/revisions"}],"predecessor-version":[{"id":2966,"href":"https:\/\/www.photostory.dk\/index.php?rest_route=\/wp\/v2\/pages\/2961\/revisions\/2966"}],"wp:attachment":[{"href":"https:\/\/www.photostory.dk\/index.php?rest_route=%2Fwp%2Fv2%2Fmedia&parent=2961"}],"curies":[{"name":"wp","href":"https:\/\/api.w.org\/{rel}","templated":true}]}}

&#8220;Der er larm i klassen&#8221; på Karlslunde Skole

<p><a href="http://photostory.dk/wp-content/uploads/2017/02/co-42-der-er-larm_small.jpg"><img decoding="async" loading="lazy" class="size-full wp-image-2962 aligncenter" src="http://photostory.dk/wp-content/uploads/2017/02/co-42-der-er-larm_small.jpg" alt="" width="500" height="348" srcset="https://www.photostory.dk/wp-content/uploads/2017/02/co-42-der-er-larm_small.jpg 500w, https://www.photostory.dk/wp-content/uploads/2017/02/co-42-der-er-larm_small-295x205.jpg 295w" sizes="(max-width: 500px) 100vw, 500px" /></a></p>
<p style="text-align: center;">&#8220;Der er larm i klassen&#8221;. Danskbøger stablet ovenpå hinanden</p>
<p style="text-align: center;"><strong>Larm</strong></p>
<p style="text-align: center;">Der er larm i klassen<br />
de vil ikke være stille<br />
selv om man råber op<br />
man kan ikke skrive i den larm<br />
nå nu tier de stille<br />
det er skønt.</p>
<p>“Costa Karlslunde Digte 1981” var en del af et undervisningsprojekt i 1981 på Karlslunde Skole om lokalmiljøer i bl.a. Avedøre, Lyngby og Karlslunde. De her gengivne digte m.m. er fra Karlslunde og omegn og udført af eleverne fra 5, 6 og 7. klasse.</p>
<p style="text-align: center;"><a href="http://photostory.dk/?page_id=835">Oversigt Costa Karlslunde Digte 1981. Skoledigte</a></p>

<p>&#8220;Der er larm i klassen&#8221;. Danskbøger stablet ovenpå hinanden Larm Der er larm i klassen de vil ikke være stille selv om man råber op man kan ikke skrive i den larm nå nu tier de stille det er skønt. “Costa Karlslunde Digte 1981” var en del af et undervisningsprojekt i 1981 på Karlslunde Skole om lokalmiljøer i bl.a. &hellip; <a href="https://www.photostory.dk/?page_id=2961" class="more-link">Læs mere <span class="screen-reader-text">&#8220;Der er larm i klassen&#8221; på Karlslunde Skole</span></a></p>
