{"id":289,"date":"2016-12-21T14:03:37","date_gmt":"2016-12-21T14:03:37","guid":{"rendered":"http:\/\/photostory.dk\/?page_id=289"},"modified":"2017-01-18T17:18:27","modified_gmt":"2017-01-18T17:18:27","slug":"oversigt-over-karlslunde-foer-og-nu-og-lidt-om-fremtiden-1981","status":"publish","type":"page","link":"https:\/\/www.photostory.dk\/?page_id=289","title":{"rendered":"Oversigt over \u00bbKarlslunde f\u00f8r og nu &#8211; og lidt om fremtiden\u00ab 1981"},"content":{"rendered":"<p><strong>Oversigt over \u00bbKarlslunde f\u00f8r og nu &#8211; og lidt om fremtiden\u00ab 1981<\/strong><\/p>\n<p>01. <a href=\"http:\/\/photostory.dk\/?page_id=289\">Indholdsfortegnelse \u00bbKarlslunde f\u00f8r og nu &#8211; og lidt om fremtiden\u00ab<\/a><br \/>\n02. <a href=\"http:\/\/photostory.dk\/?page_id=297\">Baggrund for undervisningsforl\u00f8b \u00bbKarlslunde f\u00f8r og nu &#8211; og lidt om fremtiden\u00ab<\/a><br \/>\n03. <a href=\"http:\/\/photostory.dk\/?page_id=1084\">Forord om \u00bbKarlslunde f\u00f8r og nu &#8211; og lidt om fremtiden\u00ab<\/a><br \/>\n04 <a href=\"http:\/\/photostory.dk\/?page_id=1273\">Mejeriet. Mejerivej 8 i Karlslunde<\/a><br \/>\n05 <a href=\"http:\/\/photostory.dk\/?page_id=1295\">Bageren. M\u00f8llevej 18 i Karlslunde<\/a><br \/>\n07 <a href=\"http:\/\/photostory.dk\/?page_id=1337\">SDS i Karlslunde. Hovedgaden 17<\/a><br \/>\n08 <a href=\"http:\/\/photostory.dk\/?page_id=1294\">Jagtforretningen. Hovedgaden 7 i Karlslunde<\/a><br \/>\n09 <a href=\"http:\/\/photostory.dk\/?page_id=1278\">Gulf Karlslunde Landevej 20<\/a><br \/>\n10 <a href=\"http:\/\/photostory.dk\/?page_id=967\">Gadek\u00e6ret i Karlslunde Landsby<\/a><br \/>\n11 <a href=\"http:\/\/photostory.dk\/?page_id=1358\">Brugsen i Karlslunde M\u00f8llevej 10<\/a><br \/>\n13 <a href=\"http:\/\/photostory.dk\/?page_id=1356\">Om m\u00f8llen i Karlslunde M\u00f8llevej 15<\/a><br \/>\n14 <a href=\"http:\/\/photostory.dk\/?page_id=1344\">K\u00f8bmand Hoki Hovedgaden 28 i Karlslunde<\/a><br \/>\n15 <a href=\"http:\/\/photostory.dk\/?page_id=1354\">Den gamle skole Hovedgaden 22 og J\u00e6gerstr\u00e6de i Karlslunde<\/a><br \/>\n16 <a href=\"http:\/\/photostory.dk\/?page_id=1352\">Karlslunde Kirke Hovedgaden 24<\/a><br \/>\n17 <a href=\"http:\/\/photostory.dk\/?page_id=1350\">Karlslundeg\u00e5rden Karlslunde Landevej 34<\/a><br \/>\n18 <a href=\"http:\/\/photostory.dk\/?page_id=1348\">Snedkergangen 18 og stiunderf\u00f8ring ved Karlslunde Landevej<\/a><br \/>\n19 <a href=\"http:\/\/photostory.dk\/?page_id=1016\">Gl. bro ved Korporalskroen<\/a><br \/>\n19. Karlslunde Mose 1981<br \/>\n20 <a href=\"http:\/\/photostory.dk\/?page_id=1346\">Gravh\u00f8jen syd for Karlslundeg\u00e5rden<\/a><br \/>\n21 <a href=\"http:\/\/photostory.dk\/?page_id=1747\">S\u00f8ndergaard i Karlslunde 1981<\/a><br \/>\n22 <a href=\"http:\/\/photostory.dk\/?page_id=1753\">Pr\u00e6steg\u00e5rden. Hovedgaden 20 i Karlslunde<\/a><br \/>\n23 <a href=\"http:\/\/photostory.dk\/?page_id=1761\">Nylandsvej 13 og Pr\u00e6steg\u00e5rdens garage i Karlslunde<\/a><br \/>\n24 <a href=\"http:\/\/photostory.dk\/?page_id=1765\">Kildegaard i Karlslunde<\/a><br \/>\n25 <a href=\"http:\/\/photostory.dk\/?page_id=703\">Mergelgraven ved Kildeg\u00e5rden i Karlslunde 1981<\/a><br \/>\n26 <a href=\"http:\/\/photostory.dk\/?page_id=643\">Vestergaard i Karlslunde<\/a><br \/>\n28 <a href=\"http:\/\/photostory.dk\/?page_id=1782\">Tofteholm i Karlslunde Landsby 1981<\/a><br \/>\n29 <a href=\"http:\/\/photostory.dk\/?page_id=774\">Pumag\u00e5rden (Vaaningstedgaard) i Karlslunde By 1981<\/a><br \/>\n30 <a href=\"http:\/\/photostory.dk\/?page_id=1470\">M\u00f8llevej 8 og Hovedgaden 11 i Karlslunde<\/a><br \/>\n31 <a href=\"http:\/\/photostory.dk\/?page_id=1782\">M\u00f8lleh\u00f8j B\u00f8rnehave i Karlslunde<\/a><br \/>\n32 <a href=\"http:\/\/photostory.dk\/?page_id=1720\">FDF huset &#8220;Nordstjernen&#8221; i Karlslunde<\/a><br \/>\n33 <a href=\"http:\/\/photostory.dk\/?page_id=1724\">Barakken p\u00e5 Karlslunde Skole<\/a><br \/>\n34 <a href=\"http:\/\/photostory.dk\/?page_id=1685\">Den gamle l\u00e6rerbolig og den gamle toiletbygning p\u00e5 Karlslunde skole<\/a><br \/>\n35 <a href=\"http:\/\/photostory.dk\/?page_id=1802\">Karlslunde Skoles nye boldhal<\/a><br \/>\n36 <a href=\"http:\/\/photostory.dk\/?page_id=1805\">T\u00f8jladen Hovedgaden 9 Karlslunde<\/a><br \/>\n37 <a href=\"http:\/\/photostory.dk\/?page_id=1808\">Gammeltoft Rytterg\u00e5rd i Karlslunde<\/a><br \/>\n38 <a href=\"http:\/\/photostory.dk\/?page_id=1828\">Vibek\u00e6r Ridecenter Greve Landevej 138 2670 Greve<\/a><br \/>\n39 <a href=\"http:\/\/photostory.dk\/?page_id=1831\">Korporalskroen i Karlslunde<\/a><br \/>\n40 <a href=\"http:\/\/photostory.dk\/?page_id=1834\">Skydebanen i Karlslunde<\/a><br \/>\n41\u00a0<a href=\"http:\/\/photostory.dk\/?page_id=1837\">Karlslunde &#8211; Karlstrup Mose<\/a><br \/>\n43 <a href=\"http:\/\/photostory.dk\/?page_id=1844\">FDF-FPF huset &#8220;Lyren&#8221; i Karlslunde<\/a><br \/>\n44 <a href=\"http:\/\/photostory.dk\/?page_id=1847\">Drivhuse i Karlstrup<\/a><br \/>\n45 <a href=\"http:\/\/photostory.dk\/?page_id=1863\">Motorvejen i Karlslunde 1981<\/a><br \/>\n46 <a href=\"http:\/\/photostory.dk\/?page_id=1847\">Gl. hus og drivhuse ved Karlstrup Nyskov<\/a><br \/>\n47 <a href=\"http:\/\/photostory.dk\/?page_id=1870\">Karlslunde Hallen<\/a><br \/>\n48 <a href=\"http:\/\/photostory.dk\/?page_id=1874\">Karlslunde Hallerne Kongens Enge 42 2690 Karlslunde<\/a><br \/>\n49 <a href=\"http:\/\/photostory.dk\/?page_id=1885\">Aldi i Karlslunde R\u00f8rgangen<\/a><br \/>\n50 <a href=\"http:\/\/photostory.dk\/?page_id=1888\">Fritidshjemmet i Fugleparken Karlslunde<\/a><br \/>\n51 <a href=\"http:\/\/photostory.dk\/?page_id=1893\">Fugleparken i Karlslunde<\/a><br \/>\n52 <a href=\"http:\/\/photostory.dk\/?page_id=1896\">K\u00e6lkebakken i Fugleparken i Karlslunde<\/a><br \/>\n53 <a href=\"http:\/\/photostory.dk\/?page_id=1899\">Skelvej i Karlslunde<\/a><br \/>\n54 <a href=\"http:\/\/photostory.dk\/?page_id=1902\">Karlslunde Station Stationsager 10 2690 Karlslunde<\/a><br \/>\n55 <a href=\"http:\/\/photostory.dk\/?page_id=1913\">Dansk Folkeferie og Aktiestykket ved Karlslunde Strand<\/a><br \/>\n56 <a href=\"http:\/\/photostory.dk\/?page_id=1916\">Styropak i Karlslunde Motorgangen 2690 Karlslunde 1981<\/a><br \/>\n57 <a href=\"http:\/\/photostory.dk\/?page_id=1919\">Kastaniehusene i Karlslunde<\/a><br \/>\n58 <a href=\"http:\/\/photostory.dk\/?page_id=1922\">Mosedefortet ved Karlslunde Strand<\/a><br \/>\n59 <a href=\"http:\/\/photostory.dk\/?page_id=1925\">Lykkesholm og Egedalscentret i Karlslunde<\/a><br \/>\n60 <a href=\"http:\/\/photostory.dk\/?page_id=1929\">S\u00f8h\u00f8j i Karlslunde<\/a><br \/>\n61 <a href=\"http:\/\/photostory.dk\/?page_id=1934\">R\u00e6kkehusene S\u00f8h\u00f8j i Karlslunde<\/a><\/p>\n","protected":false},"excerpt":{"rendered":"<p>Oversigt over \u00bbKarlslunde f\u00f8r og nu &#8211; og lidt om fremtiden\u00ab 1981 01. Indholdsfortegnelse \u00bbKarlslunde f\u00f8r og nu &#8211; og lidt om fremtiden\u00ab 02. Baggrund for undervisningsforl\u00f8b \u00bbKarlslunde f\u00f8r og nu &#8211; og lidt om fremtiden\u00ab 03. Forord om \u00bbKarlslunde f\u00f8r og nu &#8211; og lidt om fremtiden\u00ab 04 Mejeriet. Mejerivej 8 i Karlslunde 05 &hellip; <a href=\"https:\/\/www.photostory.dk\/?page_id=289\" class=\"more-link\">L\u00e6s mere <span class=\"screen-reader-text\">Oversigt over \u00bbKarlslunde f\u00f8r og nu &#8211; og lidt om fremtiden\u00ab 1981<\/span><\/a><\/p>\n","protected":false},"author":1,"featured_media":0,"parent":0,"menu_order":0,"comment_status":"closed","ping_status":"closed","template":"","meta":[],"_links":{"self":[{"href":"https:\/\/www.photostory.dk\/index.php?rest_route=\/wp\/v2\/pages\/289"}],"collection":[{"href":"https:\/\/www.photostory.dk\/index.php?rest_route=\/wp\/v2\/pages"}],"about":[{"href":"https:\/\/www.photostory.dk\/index.php?rest_route=\/wp\/v2\/types\/page"}],"author":[{"embeddable":true,"href":"https:\/\/www.photostory.dk\/index.php?rest_route=\/wp\/v2\/users\/1"}],"replies":[{"embeddable":true,"href":"https:\/\/www.photostory.dk\/index.php?rest_route=%2Fwp%2Fv2%2Fcomments&post=289"}],"version-history":[{"count":26,"href":"https:\/\/www.photostory.dk\/index.php?rest_route=\/wp\/v2\/pages\/289\/revisions"}],"predecessor-version":[{"id":1939,"href":"https:\/\/www.photostory.dk\/index.php?rest_route=\/wp\/v2\/pages\/289\/revisions\/1939"}],"wp:attachment":[{"href":"https:\/\/www.photostory.dk\/index.php?rest_route=%2Fwp%2Fv2%2Fmedia&parent=289"}],"curies":[{"name":"wp","href":"https:\/\/api.w.org\/{rel}","templated":true}]}}