{"id":2831,"date":"2017-02-07T14:44:39","date_gmt":"2017-02-07T14:44:39","guid":{"rendered":"http:\/\/photostory.dk\/?page_id=2831"},"modified":"2017-02-07T14:44:39","modified_gmt":"2017-02-07T14:44:39","slug":"parade-for-toldstrup-i-struer-maj-1945","status":"publish","type":"page","link":"https:\/\/www.photostory.dk\/?page_id=2831","title":{"rendered":"Parade for Toldstrup i Struer maj 1945"},"content":{"rendered":"<p><a href=\"http:\/\/photostory.dk\/wp-content\/uploads\/2017\/02\/modstandsbevaegelsen_0001-2.jpg\"><img decoding=\"async\" loading=\"lazy\" class=\"alignnone size-full wp-image-2833\" src=\"http:\/\/photostory.dk\/wp-content\/uploads\/2017\/02\/modstandsbevaegelsen_0001-2.jpg\" alt=\"\" width=\"1024\" height=\"686\" srcset=\"https:\/\/www.photostory.dk\/wp-content\/uploads\/2017\/02\/modstandsbevaegelsen_0001-2.jpg 1024w, https:\/\/www.photostory.dk\/wp-content\/uploads\/2017\/02\/modstandsbevaegelsen_0001-2-295x198.jpg 295w, https:\/\/www.photostory.dk\/wp-content\/uploads\/2017\/02\/modstandsbevaegelsen_0001-2-768x515.jpg 768w\" sizes=\"(max-width: 1024px) 100vw, 1024px\" \/><\/a><\/p>\n<p style=\"text-align: center;\">Vi venter p\u00e5 Toldstrup<\/p>\n<p>Billederne 1 til 5 er fra paraden for Toldstrup sidst i maj 1945 af modtageholdene fra pkt.20 &#8220;Spencer&#8221; og Stendis Hede &#8220;Bjarne&#8221; p\u00e5 R\u00e5dhuspladsen i Struer.<\/p>\n<table>\n<tbody>\n<tr>\n<td><a href=\"http:\/\/photostory.dk\/wp-content\/uploads\/2017\/02\/modstandsbevaegelsen_0001-002.jpg\"><img decoding=\"async\" loading=\"lazy\" class=\"alignnone size-full wp-image-2834\" src=\"http:\/\/photostory.dk\/wp-content\/uploads\/2017\/02\/modstandsbevaegelsen_0001-002.jpg\" alt=\"\" width=\"1024\" height=\"699\" srcset=\"https:\/\/www.photostory.dk\/wp-content\/uploads\/2017\/02\/modstandsbevaegelsen_0001-002.jpg 1024w, https:\/\/www.photostory.dk\/wp-content\/uploads\/2017\/02\/modstandsbevaegelsen_0001-002-295x201.jpg 295w, https:\/\/www.photostory.dk\/wp-content\/uploads\/2017\/02\/modstandsbevaegelsen_0001-002-768x524.jpg 768w\" sizes=\"(max-width: 1024px) 100vw, 1024px\" \/><\/a><\/td>\n<td><a href=\"http:\/\/photostory.dk\/wp-content\/uploads\/2017\/02\/modstandsbevaegelsen_0001-003.jpg\"><img decoding=\"async\" loading=\"lazy\" class=\"alignnone size-full wp-image-2835\" src=\"http:\/\/photostory.dk\/wp-content\/uploads\/2017\/02\/modstandsbevaegelsen_0001-003.jpg\" alt=\"\" width=\"1024\" height=\"641\" srcset=\"https:\/\/www.photostory.dk\/wp-content\/uploads\/2017\/02\/modstandsbevaegelsen_0001-003.jpg 1024w, https:\/\/www.photostory.dk\/wp-content\/uploads\/2017\/02\/modstandsbevaegelsen_0001-003-295x185.jpg 295w, https:\/\/www.photostory.dk\/wp-content\/uploads\/2017\/02\/modstandsbevaegelsen_0001-003-768x481.jpg 768w\" sizes=\"(max-width: 1024px) 100vw, 1024px\" \/><\/a><\/td>\n<\/tr>\n<tr>\n<td colspan=\"2\">Tv. Toldstrup ankommer. Th. E.R\u00f8rb\u00e6k Madsen modtager Toldstrup med f\u00f8lge i baggrunden ses &#8220;Bent&#8221; F.T. Vang faldsk\u00e6rmsofficer<\/td>\n<\/tr>\n<tr>\n<td><a href=\"http:\/\/photostory.dk\/wp-content\/uploads\/2017\/02\/modstandsbevaegelsen_0001-004.jpg\"><img decoding=\"async\" loading=\"lazy\" class=\"alignnone size-full wp-image-2836\" src=\"http:\/\/photostory.dk\/wp-content\/uploads\/2017\/02\/modstandsbevaegelsen_0001-004.jpg\" alt=\"\" width=\"692\" height=\"1024\" srcset=\"https:\/\/www.photostory.dk\/wp-content\/uploads\/2017\/02\/modstandsbevaegelsen_0001-004.jpg 692w, https:\/\/www.photostory.dk\/wp-content\/uploads\/2017\/02\/modstandsbevaegelsen_0001-004-149x220.jpg 149w\" sizes=\"(max-width: 692px) 100vw, 692px\" \/><\/a><\/td>\n<td><a href=\"http:\/\/photostory.dk\/wp-content\/uploads\/2017\/02\/modstandsbevaegelsen_0001-005.jpg\"><img decoding=\"async\" loading=\"lazy\" class=\"alignnone size-full wp-image-2837\" src=\"http:\/\/photostory.dk\/wp-content\/uploads\/2017\/02\/modstandsbevaegelsen_0001-005.jpg\" alt=\"\" width=\"665\" height=\"1024\" srcset=\"https:\/\/www.photostory.dk\/wp-content\/uploads\/2017\/02\/modstandsbevaegelsen_0001-005.jpg 665w, https:\/\/www.photostory.dk\/wp-content\/uploads\/2017\/02\/modstandsbevaegelsen_0001-005-143x220.jpg 143w\" sizes=\"(max-width: 665px) 100vw, 665px\" \/><\/a><\/td>\n<\/tr>\n<tr>\n<td colspan=\"2\">Tv. Toldstrup hilser p\u00e5 mandskabet sammen med capt. Malling og E. R\u00f8rb\u00e6k Madsen og her ses bl.a. Chr. Stefansen, Helge Randsb\u00e6k, B\u00f8rge Neergaard, A. Kruse Andersen, Rud. Lauth, Niels Strand. Billede til h\u00f8jre. Toldstrup og captain Malling taler til mandskabet.<\/td>\n<\/tr>\n<\/tbody>\n<\/table>\n<p><em>\u2013\u00a0Ovenst\u00e5ende er en del af en beretning og materiale, som er samlet og skrevet af \u00a0Arne Kruse Andersen om modstandsbev\u00e6gelsen i Struer 1942-1945.<\/em><\/p>\n<p style=\"text-align: center;\"><strong><a href=\"http:\/\/photostory.dk\/?page_id=2247\">Oversigt over indhold!<\/a><\/strong><\/p>\n","protected":false},"excerpt":{"rendered":"<p>Vi venter p\u00e5 Toldstrup Billederne 1 til 5 er fra paraden for Toldstrup sidst i maj 1945 af modtageholdene fra pkt.20 &#8220;Spencer&#8221; og Stendis Hede &#8220;Bjarne&#8221; p\u00e5 R\u00e5dhuspladsen i Struer. Tv. Toldstrup ankommer. Th. E.R\u00f8rb\u00e6k Madsen modtager Toldstrup med f\u00f8lge i baggrunden ses &#8220;Bent&#8221; F.T. Vang faldsk\u00e6rmsofficer Tv. Toldstrup hilser p\u00e5 mandskabet sammen med capt. &hellip; <a href=\"https:\/\/www.photostory.dk\/?page_id=2831\" class=\"more-link\">L\u00e6s mere <span class=\"screen-reader-text\">Parade for Toldstrup i Struer maj 1945<\/span><\/a><\/p>\n","protected":false},"author":1,"featured_media":0,"parent":0,"menu_order":0,"comment_status":"closed","ping_status":"closed","template":"","meta":[],"_links":{"self":[{"href":"https:\/\/www.photostory.dk\/index.php?rest_route=\/wp\/v2\/pages\/2831"}],"collection":[{"href":"https:\/\/www.photostory.dk\/index.php?rest_route=\/wp\/v2\/pages"}],"about":[{"href":"https:\/\/www.photostory.dk\/index.php?rest_route=\/wp\/v2\/types\/page"}],"author":[{"embeddable":true,"href":"https:\/\/www.photostory.dk\/index.php?rest_route=\/wp\/v2\/users\/1"}],"replies":[{"embeddable":true,"href":"https:\/\/www.photostory.dk\/index.php?rest_route=%2Fwp%2Fv2%2Fcomments&post=2831"}],"version-history":[{"count":5,"href":"https:\/\/www.photostory.dk\/index.php?rest_route=\/wp\/v2\/pages\/2831\/revisions"}],"predecessor-version":[{"id":2841,"href":"https:\/\/www.photostory.dk\/index.php?rest_route=\/wp\/v2\/pages\/2831\/revisions\/2841"}],"wp:attachment":[{"href":"https:\/\/www.photostory.dk\/index.php?rest_route=%2Fwp%2Fv2%2Fmedia&parent=2831"}],"curies":[{"name":"wp","href":"https:\/\/api.w.org\/{rel}","templated":true}]}}