{"id":2720,"date":"2017-02-05T10:14:35","date_gmt":"2017-02-05T10:14:35","guid":{"rendered":"http:\/\/photostory.dk\/?page_id=2720"},"modified":"2017-02-05T10:16:17","modified_gmt":"2017-02-05T10:16:17","slug":"den-danske-panservogn-v3-foran-frihedsmuseet-i-koebenhavn","status":"publish","type":"page","link":"https:\/\/www.photostory.dk\/?page_id=2720","title":{"rendered":"Den danske Panservogn V3 foran Frihedsmuseet i K\u00f8benhavn"},"content":{"rendered":"<p style=\"text-align: center;\"><a href=\"http:\/\/photostory.dk\/wp-content\/uploads\/2017\/02\/modstandsbevaegelsen-012.jpg\"><img decoding=\"async\" loading=\"lazy\" class=\"size-full wp-image-2721 aligncenter\" src=\"http:\/\/photostory.dk\/wp-content\/uploads\/2017\/02\/modstandsbevaegelsen-012.jpg\" alt=\"\" width=\"1024\" height=\"1008\" srcset=\"https:\/\/www.photostory.dk\/wp-content\/uploads\/2017\/02\/modstandsbevaegelsen-012.jpg 1024w, https:\/\/www.photostory.dk\/wp-content\/uploads\/2017\/02\/modstandsbevaegelsen-012-223x220.jpg 223w, https:\/\/www.photostory.dk\/wp-content\/uploads\/2017\/02\/modstandsbevaegelsen-012-768x756.jpg 768w\" sizes=\"(max-width: 1024px) 100vw, 1024px\" \/><\/a><\/p>\n<p style=\"text-align: left;\">Panservogn V3 foran Frihedsmuseet i K\u00f8benhavn inden en brand den 28. april 2013 lagde det hele i ruiner og et nyt museum p\u00e5 samme sted det forventes tidligst f\u00e6rdig i 2018-19.<\/p>\n<p style=\"text-align: left;\">Hitler n\u00e5ede at sende b\u00e5de V1 og V2 bomber mod England i krigens sidste \u00e5r, men V3 blev fremstillet i Danmark af danske modstandsfolk.\u00a0I forbindelse med Det Tredje Riges endeligt var der\u00a0rygter om en nazistisk varulvebev\u00e6gelse, der ville g\u00f8re livet surt for de allierede sejrherrer.<\/p>\n<p style=\"text-align: left;\">En af modstandsbev\u00e6gelsens\u00a0grupper i Frederiksv\u00e6rk havde forberedt sig p\u00e5 en kamp med disse varulvebander. De havde f\u00e5et fat i en gammel 2-tons lastvogn af m\u00e6rket Ford A 1930, som blev forsynet med panserplader. Synet af V3-panservognen m\u00e5 have v\u00e6ret skr\u00e6kindjagende, for da gruppen omringede det sommerhus, hvor en af v\u00e5rulvegrupperne, Lorentzen-banden, havde forskanset sig, overgav de sig.<\/p>\n<p style=\"text-align: left;\">Kilde: Den danske Panservogn V3 af J\u00f8rgen H. Barfod og Lars Bj\u00f8rnsten<\/p>\n<p><em>\u2013\u00a0Ovenst\u00e5ende foto er en del af en beretning og materiale, som er samlet\u00a0og skrevet af \u00a0Arne Kruse Andersen om \u201cModstandsbev\u00e6gelsen i Struer 1942-1945\u201d.<\/em><\/p>\n<p style=\"text-align: center;\"><strong><a href=\"http:\/\/photostory.dk\/?page_id=2247\">Oversigt over indhold!<\/a><\/strong><\/p>\n","protected":false},"excerpt":{"rendered":"<p>Panservogn V3 foran Frihedsmuseet i K\u00f8benhavn inden en brand den 28. april 2013 lagde det hele i ruiner og et nyt museum p\u00e5 samme sted det forventes tidligst f\u00e6rdig i 2018-19. Hitler n\u00e5ede at sende b\u00e5de V1 og V2 bomber mod England i krigens sidste \u00e5r, men V3 blev fremstillet i Danmark af danske modstandsfolk.\u00a0I &hellip; <a href=\"https:\/\/www.photostory.dk\/?page_id=2720\" class=\"more-link\">L\u00e6s mere <span class=\"screen-reader-text\">Den danske Panservogn V3 foran Frihedsmuseet i K\u00f8benhavn<\/span><\/a><\/p>\n","protected":false},"author":1,"featured_media":0,"parent":0,"menu_order":0,"comment_status":"closed","ping_status":"closed","template":"","meta":[],"_links":{"self":[{"href":"https:\/\/www.photostory.dk\/index.php?rest_route=\/wp\/v2\/pages\/2720"}],"collection":[{"href":"https:\/\/www.photostory.dk\/index.php?rest_route=\/wp\/v2\/pages"}],"about":[{"href":"https:\/\/www.photostory.dk\/index.php?rest_route=\/wp\/v2\/types\/page"}],"author":[{"embeddable":true,"href":"https:\/\/www.photostory.dk\/index.php?rest_route=\/wp\/v2\/users\/1"}],"replies":[{"embeddable":true,"href":"https:\/\/www.photostory.dk\/index.php?rest_route=%2Fwp%2Fv2%2Fcomments&post=2720"}],"version-history":[{"count":9,"href":"https:\/\/www.photostory.dk\/index.php?rest_route=\/wp\/v2\/pages\/2720\/revisions"}],"predecessor-version":[{"id":2731,"href":"https:\/\/www.photostory.dk\/index.php?rest_route=\/wp\/v2\/pages\/2720\/revisions\/2731"}],"wp:attachment":[{"href":"https:\/\/www.photostory.dk\/index.php?rest_route=%2Fwp%2Fv2%2Fmedia&parent=2720"}],"curies":[{"name":"wp","href":"https:\/\/api.w.org\/{rel}","templated":true}]}}