{"id":2574,"date":"2017-01-31T16:27:05","date_gmt":"2017-01-31T16:27:05","guid":{"rendered":"http:\/\/photostory.dk\/?page_id=2574"},"modified":"2017-02-01T09:12:06","modified_gmt":"2017-02-01T09:12:06","slug":"krigslager-gemt-i-gimsing-kirke","status":"publish","type":"page","link":"https:\/\/www.photostory.dk\/?page_id=2574","title":{"rendered":"Krigslager gemt i Gimsing kirke"},"content":{"rendered":"<p><a href=\"http:\/\/photostory.dk\/wp-content\/uploads\/2017\/01\/modstandsbevaegelsen.jpg\"><img decoding=\"async\" loading=\"lazy\" class=\"wp-image-2575 aligncenter\" src=\"http:\/\/photostory.dk\/wp-content\/uploads\/2017\/01\/modstandsbevaegelsen-717x1024.jpg\" width=\"593\" height=\"847\" srcset=\"https:\/\/www.photostory.dk\/wp-content\/uploads\/2017\/01\/modstandsbevaegelsen.jpg 717w, https:\/\/www.photostory.dk\/wp-content\/uploads\/2017\/01\/modstandsbevaegelsen-154x220.jpg 154w\" sizes=\"(max-width: 593px) 100vw, 593px\" \/><\/a><\/p>\n<p style=\"text-align: center;\">Gimsing Kirke\u00a0Hjermvej 49, 7600 Struer<\/p>\n<p style=\"text-align: left;\">Gimsing Kirke ved Struer, hvor det f\u00f8rste v\u00e5benlager var p\u00e5 loftet i v\u00e5benhuset . Billedet viser, at loftet efter den 5 maj 1945 t\u00f8mmes for faldsk\u00e6rme<\/p>\n<p>Jyllandsposten skrev i april 1968 om et &#8220;Krigslager i kirke&#8221; . Det var et depot fra krigens tid, der var fundet p\u00e5 loftet over Gimsing Kirke uden for Struer. Spr\u00e6ngstoffer er i sin tid blevet skjult af modstandsbev\u00e6gelsen i Struer , men har i en \u00e5rr\u00e6kke v\u00e6ret glemt. Der er fundet 21 h\u00e5ndgranater og 10 kg plastisk spr\u00e6ngstof. Spr\u00e6ngstoffet , der var intakt er blevet afhentet af spr\u00e6ngningseksperter fra Jyske Dragonregiment i Holstebro.<\/p>\n<p><em>\u2013\u00a0Ovenst\u00e5ende er en del af en beretning og materiale, som er samlet, skrevet af \u00a0Arne Kruse Andersen om modstandsbev\u00e6gelsen i Struer 1942-1945.<\/em><\/p>\n<p style=\"text-align: center;\"><strong><a href=\"http:\/\/photostory.dk\/?page_id=2247\">Oversigt over indhold!<\/a><\/strong><\/p>\n","protected":false},"excerpt":{"rendered":"<p>Gimsing Kirke\u00a0Hjermvej 49, 7600 Struer Gimsing Kirke ved Struer, hvor det f\u00f8rste v\u00e5benlager var p\u00e5 loftet i v\u00e5benhuset . Billedet viser, at loftet efter den 5 maj 1945 t\u00f8mmes for faldsk\u00e6rme Jyllandsposten skrev i april 1968 om et &#8220;Krigslager i kirke&#8221; . Det var et depot fra krigens tid, der var fundet p\u00e5 loftet over &hellip; <a href=\"https:\/\/www.photostory.dk\/?page_id=2574\" class=\"more-link\">L\u00e6s mere <span class=\"screen-reader-text\">Krigslager gemt i Gimsing kirke<\/span><\/a><\/p>\n","protected":false},"author":1,"featured_media":0,"parent":0,"menu_order":0,"comment_status":"closed","ping_status":"closed","template":"","meta":[],"_links":{"self":[{"href":"https:\/\/www.photostory.dk\/index.php?rest_route=\/wp\/v2\/pages\/2574"}],"collection":[{"href":"https:\/\/www.photostory.dk\/index.php?rest_route=\/wp\/v2\/pages"}],"about":[{"href":"https:\/\/www.photostory.dk\/index.php?rest_route=\/wp\/v2\/types\/page"}],"author":[{"embeddable":true,"href":"https:\/\/www.photostory.dk\/index.php?rest_route=\/wp\/v2\/users\/1"}],"replies":[{"embeddable":true,"href":"https:\/\/www.photostory.dk\/index.php?rest_route=%2Fwp%2Fv2%2Fcomments&post=2574"}],"version-history":[{"count":5,"href":"https:\/\/www.photostory.dk\/index.php?rest_route=\/wp\/v2\/pages\/2574\/revisions"}],"predecessor-version":[{"id":2600,"href":"https:\/\/www.photostory.dk\/index.php?rest_route=\/wp\/v2\/pages\/2574\/revisions\/2600"}],"wp:attachment":[{"href":"https:\/\/www.photostory.dk\/index.php?rest_route=%2Fwp%2Fv2%2Fmedia&parent=2574"}],"curies":[{"name":"wp","href":"https:\/\/api.w.org\/{rel}","templated":true}]}}