{"id":2555,"date":"2017-01-31T10:48:18","date_gmt":"2017-01-31T10:48:18","guid":{"rendered":"http:\/\/photostory.dk\/?page_id=2555"},"modified":"2017-01-31T11:45:43","modified_gmt":"2017-01-31T11:45:43","slug":"vaabenhjaelp-fra-england-kodeord-fox-og-tiger","status":"publish","type":"page","link":"https:\/\/www.photostory.dk\/?page_id=2555","title":{"rendered":"V\u00e5benhj\u00e6lp fra England kodeord &#8220;FOX&#8221; og &#8220;TIGER&#8221;"},"content":{"rendered":"<p><strong>V\u00e5benhj\u00e6lp fra England (2)<\/strong><\/p>\n<p>I England blev nedkastningsarbejdet ledet af Flemming Juncker, der havde m\u00e5ttet flygte fra Danmark i marts 1944. Hans praktiske erfaringer fra &#8220;marken&#8221; kom i h\u00f8j grad arbejdet i hovedkvarteret i Baker Street i London til gode.<\/p>\n<p>Det var ham, der udarbejdede det system, hvorefter nedkastningerne og<br \/>\nmodtagelserne foregik, og han fik gennemf\u00f8rt en standardisering af<br \/>\nleverancerne.<\/p>\n<p>Sendingerne m\u00e6rket &#8220;Fox&#8221; indeholdt v\u00e5ben og ammunition, sendinger m\u00e6rket &#8220;Tiger&#8221; indeholdt spr\u00e6ngstof.\u00a0Som regel nedkastedes 12 eller 24 containere.<\/p>\n<p><strong>En sending med kodeordet &#8220;FOX&#8221; bestod af 24 containere med f\u00f8lgende indhold:<\/strong><\/p>\n<p>150 st. karabiner, 45.00 stk ammunition til samme, 22 stk. Stengun (maskinpistoler&#8221;, 6.000\u00a0stk ammunition til samme, 8 stk Brengun (maskingev\u00e6rer), 14.000 ammunition til samme, 408 stk Mills h\u00e5ndgranater, 22 stk pistoler, 10.000 stk ammunition til samme, 4 stk Bazooka (antitankv\u00e5ben) 56 stk raketter til samme.<\/p>\n<p>Sendingen var beregnet til udrustning af 200 mand. Der kunne ogs\u00e5 bestilles en halv sending, alts\u00e5 12 containere. En sending kunne ogs\u00e5 indeholde pakker med specialudstyr.<\/p>\n<p><strong>En sending med kodeordet &#8220;TIGER&#8221; bestod af 24 containere med f\u00f8lgende indhold:<\/strong><\/p>\n<p>2.900 pund P.E. nr.2 (plastisk spr\u00e6ngstof), 3.800 stk Primer (forladning), 30.000 fod cordtex (detonerede t\u00e6ndsnor) 45.000 detonatorer, 5.500 fod sortkrudtlunte, 640 stk &#8220;t\u00e5gesignaler&#8221;, 80 stk tr\u00e6kudl\u00f8sere, 20 stk trykudl\u00f8sere, 20 stk slipudl\u00f8ser, 4.400 stk tidsblyanter, 136 \u00e6sker stormt\u00e6ndstikker, 2.200 kobberh\u00e6tter (lukkere) 120 stk balonner, 60 yards vandt\u00e6t stof, 20 tuber vaseline, 20 ruller st\u00e5lwire, 60 tuber kl\u00e6bestof, 1.000 strygehoveder, 128 stk &#8220;blomstervaser&#8221;, 124 stk brandklokker, 96 stk termitbrandbomber, 100 stk lommetidsbrandbomber, 20 stk specialt\u00e6nger, 25 stk skild\u00e5adder, 50 stk skaller, 100 stk standardladninger, 200 stk tyre buster.<\/p>\n<p>Se ogs\u00e5 <a href=\"http:\/\/photostory.dk\/?page_id=2550\">side 1<\/a><\/p>\n<p><em>\u2013\u00a0Ovenst\u00e5ende er en del af en beretning og materiale, som er samlet skrevet af \u00a0Arne Kruse Andersen om modstandsbev\u00e6gelsen i Struer 1942-1945.<\/em><\/p>\n<p style=\"text-align: center;\"><strong><a href=\"http:\/\/photostory.dk\/?page_id=2247\">Oversigt over indhold!<\/a><\/strong><\/p>\n","protected":false},"excerpt":{"rendered":"<p>V\u00e5benhj\u00e6lp fra England (2) I England blev nedkastningsarbejdet ledet af Flemming Juncker, der havde m\u00e5ttet flygte fra Danmark i marts 1944. Hans praktiske erfaringer fra &#8220;marken&#8221; kom i h\u00f8j grad arbejdet i hovedkvarteret i Baker Street i London til gode. Det var ham, der udarbejdede det system, hvorefter nedkastningerne og modtagelserne foregik, og han fik &hellip; <a href=\"https:\/\/www.photostory.dk\/?page_id=2555\" class=\"more-link\">L\u00e6s mere <span class=\"screen-reader-text\">V\u00e5benhj\u00e6lp fra England kodeord &#8220;FOX&#8221; og &#8220;TIGER&#8221;<\/span><\/a><\/p>\n","protected":false},"author":1,"featured_media":0,"parent":0,"menu_order":0,"comment_status":"closed","ping_status":"closed","template":"","meta":[],"_links":{"self":[{"href":"https:\/\/www.photostory.dk\/index.php?rest_route=\/wp\/v2\/pages\/2555"}],"collection":[{"href":"https:\/\/www.photostory.dk\/index.php?rest_route=\/wp\/v2\/pages"}],"about":[{"href":"https:\/\/www.photostory.dk\/index.php?rest_route=\/wp\/v2\/types\/page"}],"author":[{"embeddable":true,"href":"https:\/\/www.photostory.dk\/index.php?rest_route=\/wp\/v2\/users\/1"}],"replies":[{"embeddable":true,"href":"https:\/\/www.photostory.dk\/index.php?rest_route=%2Fwp%2Fv2%2Fcomments&post=2555"}],"version-history":[{"count":8,"href":"https:\/\/www.photostory.dk\/index.php?rest_route=\/wp\/v2\/pages\/2555\/revisions"}],"predecessor-version":[{"id":2580,"href":"https:\/\/www.photostory.dk\/index.php?rest_route=\/wp\/v2\/pages\/2555\/revisions\/2580"}],"wp:attachment":[{"href":"https:\/\/www.photostory.dk\/index.php?rest_route=%2Fwp%2Fv2%2Fmedia&parent=2555"}],"curies":[{"name":"wp","href":"https:\/\/api.w.org\/{rel}","templated":true}]}}