{"id":2461,"date":"2017-01-27T11:42:30","date_gmt":"2017-01-27T11:42:30","guid":{"rendered":"http:\/\/photostory.dk\/?page_id=2461"},"modified":"2017-01-27T11:42:30","modified_gmt":"2017-01-27T11:42:30","slug":"ot-lageret-for-enden-af-ringgaden-i-struer","status":"publish","type":"page","link":"https:\/\/www.photostory.dk\/?page_id=2461","title":{"rendered":"OT lageret for enden af Ringgaden i Struer"},"content":{"rendered":"<p><a href=\"http:\/\/photostory.dk\/wp-content\/uploads\/2017\/01\/HCA_0001-004.jpg\"><img decoding=\"async\" loading=\"lazy\" class=\"size-large wp-image-2462 aligncenter\" src=\"http:\/\/photostory.dk\/wp-content\/uploads\/2017\/01\/HCA_0001-004-1024x729.jpg\" alt=\"\" width=\"660\" height=\"470\" srcset=\"https:\/\/www.photostory.dk\/wp-content\/uploads\/2017\/01\/HCA_0001-004.jpg 1024w, https:\/\/www.photostory.dk\/wp-content\/uploads\/2017\/01\/HCA_0001-004-295x210.jpg 295w, https:\/\/www.photostory.dk\/wp-content\/uploads\/2017\/01\/HCA_0001-004-768x547.jpg 768w\" sizes=\"(max-width: 660px) 100vw, 660px\" \/><\/a><\/p>\n<p>OT lageret for enden af Ringgaden i Struer fra v. Lars R\u00f8lle, B\u00f8rge Neergaard, Niels Strand<\/p>\n<p><a href=\"http:\/\/photostory.dk\/wp-content\/uploads\/2017\/01\/HCA_0001-005.jpg\"><img decoding=\"async\" loading=\"lazy\" class=\"alignnone size-large wp-image-2463\" src=\"http:\/\/photostory.dk\/wp-content\/uploads\/2017\/01\/HCA_0001-005-1024x699.jpg\" alt=\"\" width=\"660\" height=\"451\" srcset=\"https:\/\/www.photostory.dk\/wp-content\/uploads\/2017\/01\/HCA_0001-005.jpg 1024w, https:\/\/www.photostory.dk\/wp-content\/uploads\/2017\/01\/HCA_0001-005-295x201.jpg 295w, https:\/\/www.photostory.dk\/wp-content\/uploads\/2017\/01\/HCA_0001-005-768x524.jpg 768w\" sizes=\"(max-width: 660px) 100vw, 660px\" \/><\/a><\/p>\n<p>OT lageret for enden af Ringgaden i Struer fra v. Lars R\u00f8lle, B\u00f8rge Neergaard, Niels Strand Fra venstre Chr. Jensen, Lilly Andresen, Louise Nielsen, Fru Lauth, Fru Louis Nielsen, kan ikke huske, B\u00f8rge Neergaard, Lars R\u00f8lle og datteren Synn\u00f8ve.<\/p>\n<p>\u2013\u00a0Ovenst\u00e5ende er en del af en beretning og materiale, som er samlet skrevet af \u00a0Arne Kruse Andersen om modstandsbev\u00e6gelsen i Struer 1942-1945.<\/p>\n<p style=\"text-align: center;\"><strong><a href=\"http:\/\/photostory.dk\/?page_id=2247\">Oversigt over indhold!<\/a><\/strong><\/p>\n","protected":false},"excerpt":{"rendered":"<p>OT lageret for enden af Ringgaden i Struer fra v. Lars R\u00f8lle, B\u00f8rge Neergaard, Niels Strand OT lageret for enden af Ringgaden i Struer fra v. Lars R\u00f8lle, B\u00f8rge Neergaard, Niels Strand Fra venstre Chr. Jensen, Lilly Andresen, Louise Nielsen, Fru Lauth, Fru Louis Nielsen, kan ikke huske, B\u00f8rge Neergaard, Lars R\u00f8lle og datteren Synn\u00f8ve. &hellip; <a href=\"https:\/\/www.photostory.dk\/?page_id=2461\" class=\"more-link\">L\u00e6s mere <span class=\"screen-reader-text\">OT lageret for enden af Ringgaden i Struer<\/span><\/a><\/p>\n","protected":false},"author":1,"featured_media":0,"parent":0,"menu_order":0,"comment_status":"closed","ping_status":"closed","template":"","meta":[],"_links":{"self":[{"href":"https:\/\/www.photostory.dk\/index.php?rest_route=\/wp\/v2\/pages\/2461"}],"collection":[{"href":"https:\/\/www.photostory.dk\/index.php?rest_route=\/wp\/v2\/pages"}],"about":[{"href":"https:\/\/www.photostory.dk\/index.php?rest_route=\/wp\/v2\/types\/page"}],"author":[{"embeddable":true,"href":"https:\/\/www.photostory.dk\/index.php?rest_route=\/wp\/v2\/users\/1"}],"replies":[{"embeddable":true,"href":"https:\/\/www.photostory.dk\/index.php?rest_route=%2Fwp%2Fv2%2Fcomments&post=2461"}],"version-history":[{"count":1,"href":"https:\/\/www.photostory.dk\/index.php?rest_route=\/wp\/v2\/pages\/2461\/revisions"}],"predecessor-version":[{"id":2465,"href":"https:\/\/www.photostory.dk\/index.php?rest_route=\/wp\/v2\/pages\/2461\/revisions\/2465"}],"wp:attachment":[{"href":"https:\/\/www.photostory.dk\/index.php?rest_route=%2Fwp%2Fv2%2Fmedia&parent=2461"}],"curies":[{"name":"wp","href":"https:\/\/api.w.org\/{rel}","templated":true}]}}

<p><a href="http://photostory.dk/wp-content/uploads/2017/01/HCA_0001-004.jpg"><img decoding="async" loading="lazy" class="size-large wp-image-2462 aligncenter" src="http://photostory.dk/wp-content/uploads/2017/01/HCA_0001-004-1024x729.jpg" alt="" width="660" height="470" srcset="https://www.photostory.dk/wp-content/uploads/2017/01/HCA_0001-004.jpg 1024w, https://www.photostory.dk/wp-content/uploads/2017/01/HCA_0001-004-295x210.jpg 295w, https://www.photostory.dk/wp-content/uploads/2017/01/HCA_0001-004-768x547.jpg 768w" sizes="(max-width: 660px) 100vw, 660px" /></a></p>
<p>OT lageret for enden af Ringgaden i Struer fra v. Lars Rølle, Børge Neergaard, Niels Strand</p>
<p><a href="http://photostory.dk/wp-content/uploads/2017/01/HCA_0001-005.jpg"><img decoding="async" loading="lazy" class="alignnone size-large wp-image-2463" src="http://photostory.dk/wp-content/uploads/2017/01/HCA_0001-005-1024x699.jpg" alt="" width="660" height="451" srcset="https://www.photostory.dk/wp-content/uploads/2017/01/HCA_0001-005.jpg 1024w, https://www.photostory.dk/wp-content/uploads/2017/01/HCA_0001-005-295x201.jpg 295w, https://www.photostory.dk/wp-content/uploads/2017/01/HCA_0001-005-768x524.jpg 768w" sizes="(max-width: 660px) 100vw, 660px" /></a></p>
<p>OT lageret for enden af Ringgaden i Struer fra v. Lars Rølle, Børge Neergaard, Niels Strand Fra venstre Chr. Jensen, Lilly Andresen, Louise Nielsen, Fru Lauth, Fru Louis Nielsen, kan ikke huske, Børge Neergaard, Lars Rølle og datteren Synnøve.</p>
<p>– Ovenstående er en del af en beretning og materiale, som er samlet skrevet af  Arne Kruse Andersen om modstandsbevægelsen i Struer 1942-1945.</p>
<p style="text-align: center;"><strong><a href="http://photostory.dk/?page_id=2247">Oversigt over indhold!</a></strong></p>

<p>OT lageret for enden af Ringgaden i Struer fra v. Lars Rølle, Børge Neergaard, Niels Strand OT lageret for enden af Ringgaden i Struer fra v. Lars Rølle, Børge Neergaard, Niels Strand Fra venstre Chr. Jensen, Lilly Andresen, Louise Nielsen, Fru Lauth, Fru Louis Nielsen, kan ikke huske, Børge Neergaard, Lars Rølle og datteren Synnøve. &hellip; <a href="https://www.photostory.dk/?page_id=2461" class="more-link">Læs mere <span class="screen-reader-text">OT lageret for enden af Ringgaden i Struer</span></a></p>
