{"id":2442,"date":"2017-01-27T10:54:24","date_gmt":"2017-01-27T10:54:24","guid":{"rendered":"http:\/\/photostory.dk\/?page_id=2442"},"modified":"2017-01-27T11:11:08","modified_gmt":"2017-01-27T11:11:08","slug":"danskere-som-havde-vaeret-marinevaegtere-i-struer","status":"publish","type":"page","link":"https:\/\/www.photostory.dk\/?page_id=2442","title":{"rendered":"Marinev\u00e6gtere p\u00e5 R\u00e5dhuspladsen i Struer"},"content":{"rendered":"<p style=\"text-align: center;\"><a href=\"http:\/\/photostory.dk\/wp-content\/uploads\/2017\/01\/HCA_0001-001.jpg\"><img decoding=\"async\" loading=\"lazy\" class=\"size-large wp-image-2443 aligncenter\" src=\"http:\/\/photostory.dk\/wp-content\/uploads\/2017\/01\/HCA_0001-001-1024x687.jpg\" alt=\"\" width=\"660\" height=\"443\" srcset=\"https:\/\/www.photostory.dk\/wp-content\/uploads\/2017\/01\/HCA_0001-001.jpg 1024w, https:\/\/www.photostory.dk\/wp-content\/uploads\/2017\/01\/HCA_0001-001-295x198.jpg 295w, https:\/\/www.photostory.dk\/wp-content\/uploads\/2017\/01\/HCA_0001-001-768x515.jpg 768w\" sizes=\"(max-width: 660px) 100vw, 660px\" \/><\/a><\/p>\n<p style=\"text-align: center;\">Danskere, som havde v\u00e6ret marinev\u00e6gtere i Struer<\/p>\n<p style=\"text-align: left;\">Marinev\u00e6gtere ankommer til R\u00e5dhuspladsen i Struer . Til h\u00f8jre for marinev\u00e6gterne ses Lars R\u00f8lle ( halvt skjult) og Peder Hedegaard.<\/p>\n<p style=\"text-align: left;\">12 danskere, som havde v\u00e6ret marinev\u00e6gtere ved tyske anl\u00e6g havde trukket i tyske uniformer for at undg\u00e5 dansk retsforf\u00f8lgelse. De blev arresteret p\u00e5 OT lageret for enden af Ringgaden. De blev afsl\u00f8ret ved at sektionschefen V. Hofman Laursen kommanderede p\u00e5 dansk, at de skulle tage huen af og dette reagerede nogle stykker omg\u00e5ende p\u00e5.<a href=\"http:\/\/photostory.dk\/wp-content\/uploads\/2017\/01\/HCA_0001-003.jpg\"><img decoding=\"async\" loading=\"lazy\" class=\"alignnone size-large wp-image-2450\" src=\"http:\/\/photostory.dk\/wp-content\/uploads\/2017\/01\/HCA_0001-003-1024x1017.jpg\" alt=\"\" width=\"660\" height=\"655\" srcset=\"https:\/\/www.photostory.dk\/wp-content\/uploads\/2017\/01\/HCA_0001-003.jpg 1024w, https:\/\/www.photostory.dk\/wp-content\/uploads\/2017\/01\/HCA_0001-003-150x150.jpg 150w, https:\/\/www.photostory.dk\/wp-content\/uploads\/2017\/01\/HCA_0001-003-222x220.jpg 222w, https:\/\/www.photostory.dk\/wp-content\/uploads\/2017\/01\/HCA_0001-003-768x763.jpg 768w\" sizes=\"(max-width: 660px) 100vw, 660px\" \/><\/a><\/p>\n<p>&#8211;\u00a0Ovenst\u00e5ende er en del af en beretning og materiale, som er samlet skrevet af \u00a0Arne Kruse Andersen om modstandsbev\u00e6gelsen i Struer 1942-1945.<\/p>\n<p style=\"text-align: center;\"><strong><a href=\"http:\/\/photostory.dk\/?page_id=2247\">Oversigt over indhold!<\/a><\/strong><\/p>\n","protected":false},"excerpt":{"rendered":"<p>Danskere, som havde v\u00e6ret marinev\u00e6gtere i Struer Marinev\u00e6gtere ankommer til R\u00e5dhuspladsen i Struer . Til h\u00f8jre for marinev\u00e6gterne ses Lars R\u00f8lle ( halvt skjult) og Peder Hedegaard. 12 danskere, som havde v\u00e6ret marinev\u00e6gtere ved tyske anl\u00e6g havde trukket i tyske uniformer for at undg\u00e5 dansk retsforf\u00f8lgelse. De blev arresteret p\u00e5 OT lageret for enden af &hellip; <a href=\"https:\/\/www.photostory.dk\/?page_id=2442\" class=\"more-link\">L\u00e6s mere <span class=\"screen-reader-text\">Marinev\u00e6gtere p\u00e5 R\u00e5dhuspladsen i Struer<\/span><\/a><\/p>\n","protected":false},"author":1,"featured_media":0,"parent":0,"menu_order":0,"comment_status":"closed","ping_status":"closed","template":"","meta":[],"_links":{"self":[{"href":"https:\/\/www.photostory.dk\/index.php?rest_route=\/wp\/v2\/pages\/2442"}],"collection":[{"href":"https:\/\/www.photostory.dk\/index.php?rest_route=\/wp\/v2\/pages"}],"about":[{"href":"https:\/\/www.photostory.dk\/index.php?rest_route=\/wp\/v2\/types\/page"}],"author":[{"embeddable":true,"href":"https:\/\/www.photostory.dk\/index.php?rest_route=\/wp\/v2\/users\/1"}],"replies":[{"embeddable":true,"href":"https:\/\/www.photostory.dk\/index.php?rest_route=%2Fwp%2Fv2%2Fcomments&post=2442"}],"version-history":[{"count":4,"href":"https:\/\/www.photostory.dk\/index.php?rest_route=\/wp\/v2\/pages\/2442\/revisions"}],"predecessor-version":[{"id":2455,"href":"https:\/\/www.photostory.dk\/index.php?rest_route=\/wp\/v2\/pages\/2442\/revisions\/2455"}],"wp:attachment":[{"href":"https:\/\/www.photostory.dk\/index.php?rest_route=%2Fwp%2Fv2%2Fmedia&parent=2442"}],"curies":[{"name":"wp","href":"https:\/\/api.w.org\/{rel}","templated":true}]}}