{"id":2406,"date":"2017-01-26T16:49:55","date_gmt":"2017-01-26T16:49:55","guid":{"rendered":"http:\/\/photostory.dk\/?page_id=2406"},"modified":"2017-01-26T16:49:55","modified_gmt":"2017-01-26T16:49:55","slug":"kvinderne-og-modstandsbevaegelsen-i-struer","status":"publish","type":"page","link":"https:\/\/www.photostory.dk\/?page_id=2406","title":{"rendered":"Kvinderne og modstandsbev\u00e6gelsen i Struer"},"content":{"rendered":"<p><strong>Kvinderne<\/strong><\/p>\n<p>Fra f\u00f8rste f\u00e6rd styrede vi rekrutteringen s\u00e5ledes, at vi ikke ville have personer med, der var under 20 \u00e5r, og derfor var der mange, som var gift og havde b\u00f8rn. Kvinderne, eller rettere sagt, konerne til de aktive m\u00e6nd, h\u00f8rte jo i allerh\u00f8jeste grad med til modstandsbev\u00e6gelsen. Uden deres st\u00f8tte til m\u00e6ndene havde det nok v\u00e6ret vanskeligt at komme igennem krigens \u00e5r og n\u00e5 det resultat, som blev n\u00e5et.<\/p>\n<p>Som ugift mand forestiller jeg mig, at det m\u00e5 have v\u00e6ret et mareridt for konerne, n\u00e5r deres m\u00e6nd var ude i aktioner af den ene eller anden art. Det kunne jo g\u00e5 galt, s\u00e5 de ikke kom hjem mere, ligesom man jo kunne risikere at f\u00e5 bes\u00f8g af Gestapo og s\u00e5ledes g\u00e5 en meget usikker fremtid i m\u00f8de<\/p>\n<p>Jeg er ikke klar over, om der er skrevet en bog om denne &#8220;anonyme h\u00e6r&#8221;, som jeg er overbevist om, var af st\u00f8rre betydning end mange har anelse om.<\/p>\n<p>Hvis bogen endnu ikke er skrevet, er det jo p\u00e5 h\u00f8je tid, n\u00e5r forfatteren selv skal have oplevet bes\u00e6ttelsens \u00e5r og denne specielle &#8220;atmosf\u00e6re&#8221;, som denne tid bragte.<\/p>\n<p>Arne Kruse Andersen<\/p>\n<p>\u2013\u00a0en del af en beretning om modstandsbev\u00e6gelsen i Struer 1942-1945<\/p>\n<p style=\"text-align: center;\"><a href=\"http:\/\/photostory.dk\/?page_id=2247\"><strong>Oversigt over indhold!<\/strong><\/a><\/p>\n","protected":false},"excerpt":{"rendered":"<p>Kvinderne Fra f\u00f8rste f\u00e6rd styrede vi rekrutteringen s\u00e5ledes, at vi ikke ville have personer med, der var under 20 \u00e5r, og derfor var der mange, som var gift og havde b\u00f8rn. Kvinderne, eller rettere sagt, konerne til de aktive m\u00e6nd, h\u00f8rte jo i allerh\u00f8jeste grad med til modstandsbev\u00e6gelsen. Uden deres st\u00f8tte til m\u00e6ndene havde det &hellip; <a href=\"https:\/\/www.photostory.dk\/?page_id=2406\" class=\"more-link\">L\u00e6s mere <span class=\"screen-reader-text\">Kvinderne og modstandsbev\u00e6gelsen i Struer<\/span><\/a><\/p>\n","protected":false},"author":1,"featured_media":0,"parent":0,"menu_order":0,"comment_status":"closed","ping_status":"closed","template":"","meta":[],"_links":{"self":[{"href":"https:\/\/www.photostory.dk\/index.php?rest_route=\/wp\/v2\/pages\/2406"}],"collection":[{"href":"https:\/\/www.photostory.dk\/index.php?rest_route=\/wp\/v2\/pages"}],"about":[{"href":"https:\/\/www.photostory.dk\/index.php?rest_route=\/wp\/v2\/types\/page"}],"author":[{"embeddable":true,"href":"https:\/\/www.photostory.dk\/index.php?rest_route=\/wp\/v2\/users\/1"}],"replies":[{"embeddable":true,"href":"https:\/\/www.photostory.dk\/index.php?rest_route=%2Fwp%2Fv2%2Fcomments&post=2406"}],"version-history":[{"count":1,"href":"https:\/\/www.photostory.dk\/index.php?rest_route=\/wp\/v2\/pages\/2406\/revisions"}],"predecessor-version":[{"id":2408,"href":"https:\/\/www.photostory.dk\/index.php?rest_route=\/wp\/v2\/pages\/2406\/revisions\/2408"}],"wp:attachment":[{"href":"https:\/\/www.photostory.dk\/index.php?rest_route=%2Fwp%2Fv2%2Fmedia&parent=2406"}],"curies":[{"name":"wp","href":"https:\/\/api.w.org\/{rel}","templated":true}]}}