{"id":2397,"date":"2017-01-26T16:35:11","date_gmt":"2017-01-26T16:35:11","guid":{"rendered":"http:\/\/photostory.dk\/?page_id=2397"},"modified":"2017-01-26T16:35:34","modified_gmt":"2017-01-26T16:35:34","slug":"navneliste-over-mandskabet-i-2-deling-struer","status":"publish","type":"page","link":"https:\/\/www.photostory.dk\/?page_id=2397","title":{"rendered":"Navneliste over mandskabet i 2. deling Struer"},"content":{"rendered":"<p><img decoding=\"async\" loading=\"lazy\" class=\"size-full wp-image-2384 aligncenter\" src=\"http:\/\/photostory.dk\/wp-content\/uploads\/2017\/01\/styrkeliste.jpg\" alt=\"\" width=\"578\" height=\"835\" srcset=\"https:\/\/www.photostory.dk\/wp-content\/uploads\/2017\/01\/styrkeliste.jpg 578w, https:\/\/www.photostory.dk\/wp-content\/uploads\/2017\/01\/styrkeliste-152x220.jpg 152w\" sizes=\"(max-width: 578px) 100vw, 578px\" \/><\/p>\n<p style=\"text-align: center;\"><strong>Navneliste\u00a0over\u00a0mandskabet\u00a0i\u00a02. deling\u00a0Struer<\/strong><\/p>\n<p>Jeg vedl\u00e6gger en navneliste over mandskabet i 2. deling. De fleste &#8211; om ikke allesammen &#8211; havde v\u00e6ret med i forskellige aktioner inden den 5.maj 1945. Det g\u00e6lder modtagelse af v\u00e5ben fra fly, sabotage, opbevaring af v\u00e5ben, flytning af samme samt vagter og orientering fra DSB-folkene om, hvad der skete p\u00e5 jernbanen . Jeg kendte selvf\u00f8lgelig ikke alle, selvom jeg nok kendte for mange i forhold til de dav\u00e6rende regler. Uden at vide det vil jeg tro, at mandskabet i 2. deling repr\u00e6senterede det danske politiske system. Men i \u00f8vrigt kunne jeg ikke huske, der blev diskuteret politik i delingen efter den 4. maj.<\/p>\n<p>Aldersm\u00e6ssigt l\u00e5 delingen fra ca. 25 \u00e5r op mod 40 \u00e5r. Cykelhandler Lauth var nok den \u00e6ldste sammen med Niels Strand &#8211; op mod 45-50 \u00e5r.<\/p>\n<p>2. deling fik tildelt den \u00e6re at f\u00f8re den fane, som Nanna og Ellen Neergaard havde syet af faldsk\u00e6rme. S\u00e5 vidt jeg husker, var det Louis Nielsen, der havde lavet stangen til fanen. Den blev som f\u00f8r omtalt \u00ad indviet Kr. Himmelfartsdag, d. 10. maj 1945. \u00a0\/ \u00a0Arne Kruse Andersen<\/p>\n<p>&#8211;\u00a0en del af en beretning om modstandsbev\u00e6gelsen i Struer 1942-1945<\/p>\n<p style=\"text-align: center;\"><a href=\"http:\/\/photostory.dk\/?page_id=2247\"><strong>Oversigt over indhold!<\/strong><\/a><\/p>\n","protected":false},"excerpt":{"rendered":"<p>Navneliste\u00a0over\u00a0mandskabet\u00a0i\u00a02. deling\u00a0Struer Jeg vedl\u00e6gger en navneliste over mandskabet i 2. deling. De fleste &#8211; om ikke allesammen &#8211; havde v\u00e6ret med i forskellige aktioner inden den 5.maj 1945. Det g\u00e6lder modtagelse af v\u00e5ben fra fly, sabotage, opbevaring af v\u00e5ben, flytning af samme samt vagter og orientering fra DSB-folkene om, hvad der skete p\u00e5 jernbanen . &hellip; <a href=\"https:\/\/www.photostory.dk\/?page_id=2397\" class=\"more-link\">L\u00e6s mere <span class=\"screen-reader-text\">Navneliste over mandskabet i 2. deling Struer<\/span><\/a><\/p>\n","protected":false},"author":1,"featured_media":0,"parent":0,"menu_order":0,"comment_status":"closed","ping_status":"closed","template":"","meta":[],"_links":{"self":[{"href":"https:\/\/www.photostory.dk\/index.php?rest_route=\/wp\/v2\/pages\/2397"}],"collection":[{"href":"https:\/\/www.photostory.dk\/index.php?rest_route=\/wp\/v2\/pages"}],"about":[{"href":"https:\/\/www.photostory.dk\/index.php?rest_route=\/wp\/v2\/types\/page"}],"author":[{"embeddable":true,"href":"https:\/\/www.photostory.dk\/index.php?rest_route=\/wp\/v2\/users\/1"}],"replies":[{"embeddable":true,"href":"https:\/\/www.photostory.dk\/index.php?rest_route=%2Fwp%2Fv2%2Fcomments&post=2397"}],"version-history":[{"count":1,"href":"https:\/\/www.photostory.dk\/index.php?rest_route=\/wp\/v2\/pages\/2397\/revisions"}],"predecessor-version":[{"id":2399,"href":"https:\/\/www.photostory.dk\/index.php?rest_route=\/wp\/v2\/pages\/2397\/revisions\/2399"}],"wp:attachment":[{"href":"https:\/\/www.photostory.dk\/index.php?rest_route=%2Fwp%2Fv2%2Fmedia&parent=2397"}],"curies":[{"name":"wp","href":"https:\/\/api.w.org\/{rel}","templated":true}]}}