{"id":2377,"date":"2017-01-26T13:28:53","date_gmt":"2017-01-26T13:28:53","guid":{"rendered":"http:\/\/photostory.dk\/?page_id=2377"},"modified":"2017-01-26T13:28:53","modified_gmt":"2017-01-26T13:28:53","slug":"modstandskampens-mange-opgaver","status":"publish","type":"page","link":"https:\/\/www.photostory.dk\/?page_id=2377","title":{"rendered":"Modstandskampens mange opgaver"},"content":{"rendered":"<p><strong>Diverse<\/strong><\/p>\n<p>I januar 1945 fik vi bes\u00f8g af to faldsk\u00e6rmssoldater, hvoraf den ene var &#8221; Bent &#8220;. De var i Struer i 4-5 dage og gav os instruktion i v\u00e5benbrug, adskillelse, reng\u00f8ring m.v. &#8211; i fremstilling og anbringelse af bomber samt st\u00f8rrelser af disse, alt efter hvilket m\u00e5l, de skulle saboteres &#8211; tidsblyanter m.v. samt forholdsregler ved vor eventuelle arrestation af Gestapo.<\/p>\n<p>Da det p\u00e5 dav\u00e6rende tidspunkt var kendt, at samarbejdet mellem Toldstrup og generalmajor V. Bennike (som var udn\u00e6vnt til chef for modstandsstyrkerne i Jylland af Frihedsr\u00e5det) vaklede, blev dette for hold ogs\u00e5 dr\u00f8ftet. Der var ingen tvivl om, at &#8220;Bent&#8221; og hans kammerat foretrak Toldstrup og hans m\u00e5de at f\u00f8re modstandskampen p\u00e5.<\/p>\n<p>Jeg kan huske, at jeg udtrykte min misbilligelse over, at vi, der var s\u00e5 langt nede i organisationen, muligvis skulle tage stilling til konflikten p\u00e5 chefplan. Heldigvis blev konflikten om ikke hel l\u00f8st, s\u00e5 dog nedfrosset s\u00e5 meget, at den ikke kom til udfoldelse. Kun Gestapo kunne have haft forn\u00f8jelse af et \u00e5bent brud.<\/p>\n<p>Sammen med de v\u00e5bensendinger, vi modtog fra flyvemaskinerne, var der ogs\u00e5 instruktionsb\u00f8ger, der gav anvisninger p\u00e5 flere sprog om brug af v\u00e5ben og spr\u00e6ngstof samt anvendelse p\u00e5 forskellige m\u00e5l. I bilagene kan disse instruktioner studeres n\u00e6rmere. Her findes ogs\u00e5 fotostaterne, som Nordjydsk distrikt lod fremstille.<\/p>\n<p>Arne Kruse Andersen<\/p>\n<p style=\"text-align: center;\">\u2014 en del af en beretning om modstandsbev\u00e6gelsen i Struer 1942-1945<\/p>\n<p style=\"text-align: center;\"><a href=\"http:\/\/photostory.dk\/?page_id=2247\"><strong>Oversigt over indhold!<\/strong><\/a><\/p>\n","protected":false},"excerpt":{"rendered":"<p>Diverse I januar 1945 fik vi bes\u00f8g af to faldsk\u00e6rmssoldater, hvoraf den ene var &#8221; Bent &#8220;. De var i Struer i 4-5 dage og gav os instruktion i v\u00e5benbrug, adskillelse, reng\u00f8ring m.v. &#8211; i fremstilling og anbringelse af bomber samt st\u00f8rrelser af disse, alt efter hvilket m\u00e5l, de skulle saboteres &#8211; tidsblyanter m.v. samt &hellip; <a href=\"https:\/\/www.photostory.dk\/?page_id=2377\" class=\"more-link\">L\u00e6s mere <span class=\"screen-reader-text\">Modstandskampens mange opgaver<\/span><\/a><\/p>\n","protected":false},"author":1,"featured_media":0,"parent":0,"menu_order":0,"comment_status":"closed","ping_status":"closed","template":"","meta":[],"_links":{"self":[{"href":"https:\/\/www.photostory.dk\/index.php?rest_route=\/wp\/v2\/pages\/2377"}],"collection":[{"href":"https:\/\/www.photostory.dk\/index.php?rest_route=\/wp\/v2\/pages"}],"about":[{"href":"https:\/\/www.photostory.dk\/index.php?rest_route=\/wp\/v2\/types\/page"}],"author":[{"embeddable":true,"href":"https:\/\/www.photostory.dk\/index.php?rest_route=\/wp\/v2\/users\/1"}],"replies":[{"embeddable":true,"href":"https:\/\/www.photostory.dk\/index.php?rest_route=%2Fwp%2Fv2%2Fcomments&post=2377"}],"version-history":[{"count":2,"href":"https:\/\/www.photostory.dk\/index.php?rest_route=\/wp\/v2\/pages\/2377\/revisions"}],"predecessor-version":[{"id":2380,"href":"https:\/\/www.photostory.dk\/index.php?rest_route=\/wp\/v2\/pages\/2377\/revisions\/2380"}],"wp:attachment":[{"href":"https:\/\/www.photostory.dk\/index.php?rest_route=%2Fwp%2Fv2%2Fmedia&parent=2377"}],"curies":[{"name":"wp","href":"https:\/\/api.w.org\/{rel}","templated":true}]}}