{"id":2349,"date":"2017-01-26T10:03:33","date_gmt":"2017-01-26T10:03:33","guid":{"rendered":"http:\/\/photostory.dk\/?page_id=2349"},"modified":"2017-01-26T15:49:26","modified_gmt":"2017-01-26T15:49:26","slug":"sabotage-mod-tog-med-general-lindemann","status":"publish","type":"page","link":"https:\/\/www.photostory.dk\/?page_id=2349","title":{"rendered":"Sabotage mod tog med general Lindemann"},"content":{"rendered":"<table>\n<tbody>\n<tr>\n<td><a href=\"http:\/\/photostory.dk\/wp-content\/uploads\/2017\/01\/struer2.jpg\"><img decoding=\"async\" loading=\"lazy\" class=\"wp-image-2350 size-medium aligncenter\" src=\"http:\/\/photostory.dk\/wp-content\/uploads\/2017\/01\/struer2-295x188.jpg\" width=\"295\" height=\"188\" srcset=\"https:\/\/www.photostory.dk\/wp-content\/uploads\/2017\/01\/struer2-295x188.jpg 295w, https:\/\/www.photostory.dk\/wp-content\/uploads\/2017\/01\/struer2-768x490.jpg 768w, https:\/\/www.photostory.dk\/wp-content\/uploads\/2017\/01\/struer2.jpg 793w\" sizes=\"(max-width: 295px) 100vw, 295px\" \/><\/a><\/td>\n<td><a href=\"http:\/\/photostory.dk\/wp-content\/uploads\/2017\/01\/struer3.jpg\"><img decoding=\"async\" loading=\"lazy\" class=\"wp-image-2351 size-medium aligncenter\" src=\"http:\/\/photostory.dk\/wp-content\/uploads\/2017\/01\/struer3-295x188.jpg\" width=\"295\" height=\"188\" srcset=\"https:\/\/www.photostory.dk\/wp-content\/uploads\/2017\/01\/struer3-295x188.jpg 295w, https:\/\/www.photostory.dk\/wp-content\/uploads\/2017\/01\/struer3-768x490.jpg 768w, https:\/\/www.photostory.dk\/wp-content\/uploads\/2017\/01\/struer3.jpg 793w\" sizes=\"(max-width: 295px) 100vw, 295px\" \/><\/a><\/td>\n<\/tr>\n<\/tbody>\n<\/table>\n<p style=\"text-align: center;\">Jernbanesabotagen med tysk troppetog i Struer 7.2.1945<\/p>\n<p>Et par dage efter blev jeg meget flov, da jeg fik at vide, at der ikke var nogle, som ryddede op efter os. Det kunne jo ikke undg\u00e5s, at der var spr\u00e6ngstof, lunte, papir m.v. tilbage i fyrrummet. Jeg fik at vide, at det havde B\u00f8rge Neergaards mor gjort. (En sk\u00f8n og temperamentsfuld dame p\u00e5 70 \u00e5r &#8211; f\u00f8dt 13. maj 1874). Efter vi var g\u00e5et, var hun g\u00e5et ned i fyrrummet for at rydde op, s\u00e5 ingen kunne se, at her havde v\u00e6ret nogle rodede sabot\u00f8rer p\u00e5 bes\u00f8g. Hun gik herefter i Kino forbi det v\u00e6ltede tog og de tyske vagtposter. Fru Neergaard havde en personlig udstr\u00e5ling &#8211; og nogle kontante meninger, som vi beundrede. Det Neergaardske hjem p\u00e5 Strandvejen 29 blevet samlingssted for mange af os i vinteren 1945, ligesom de ogs\u00e5 af og til husede folk fra andre byer, der m\u00e5tte g\u00e5 under jorden. Hjemmet bestod af moderen, B\u00f8rge samt Nanna og Ellen, der var kommet hjem fra K\u00f8benhavn, hvor de boede, de sidste m\u00e5neder af krigen. Jeg havde p\u00e5 fornemmelsen, at fru Neergaard godt kunne lide at herse med de forskellige mandfolk p\u00e5 sin sommetider lidt barske men charmerende m\u00e5de. En af hendes foretrukne var, s\u00e5 vidt jeg kunne sk\u00f8nne, Ejnar B\u00e6kgaard fra Nr. Nissum seminarium, der som regel overnattede der, n\u00e5r\u00a0han havde v\u00e6ret til m\u00f8de i Struer. Det var Nanna og Ellen, der i den sidste m\u00e5ned af krigen syede 2 faner af faldsk\u00e6rmsstof til henholdsvis Struer og Vinderup. Disse blev indviet ved en parade den lo. maj 1945 (Kr. Himmelfartsdag). Fanen fra Struer befinder sig i dag p\u00e5 Frihedsmuseet i K\u00f8benhavn.<\/p>\n<p>Da general Lindemann i februar var p\u00e5 vej til Hanstholm, blev jeg v\u00e6kket ved 02-tiden om natten af remisearbejder, Harald Nielsen, &#8220;Snalle&#8221;. &#8216; Han fortalte, at Lindemann ville passere Struer i tog ved 04-tiden og spurgte, om det ikke var en god ide, at sabotere hans tog. Jeg sagde, at det syntes jeg ikke, for krigen ville jo ikke \u00e6ndre sig, selvom Lindemann blev sl\u00e5et ihjel. Der ville jo straks v\u00e6re en anden til at erstatte ham, og han kunne m\u00e5ske v\u00e6re v\u00e6rre end Lindemann. Endvidere var jeg ogs\u00e5 bange for de repressalier en s\u00e5dan aktion kunne medf\u00f8re. Harald Nielsen gik igen, vistnok lidt skuffet over min holdning.<\/p>\n<p>Jeg m\u00e5 indr\u00f8mme, at da Lindemann p\u00e5 tilbagevejen blev saboteret, gav det modstandsbev\u00e6gelsen stor reklame og goodwill. Lille Hillersborg br\u00e6ndte, heldigvis uden tab af dyr &#8211; og menneskeliv; og v\u00e6rdien af de materielle tab var lille i forhold til den for modstandsbev\u00e6gelsen v\u00e6rdifulde omtale.<\/p>\n<p>Jeg havde dagen efter en samtale med E. R\u00f8rb\u00e6k Madsen, som foretog aktionen, om det form\u00e5lstjenlige i en s\u00e5dan aktion. Vi kunne ikke vide, at den ogs\u00e5 kom til at skabe problemer i modstandsbev\u00e6gelsen, som E. R\u00f8rb\u00e6k Madsen s\u00e5 udf\u00f8rligt har beskrevet i sit skrift &#8220;Modstandskamp p\u00e5 Strueregnen&#8221;. \/ Arne Kruse Andersen<\/p>\n<p>\u2014 en del af en beretning om modstandsbev\u00e6gelsen i Struer 1942-1945<\/p>\n<p style=\"text-align: center;\"><a href=\"http:\/\/photostory.dk\/?page_id=2247\"><strong>Oversigt over indhold!<\/strong><\/a><\/p>\n","protected":false},"excerpt":{"rendered":"<p>Jernbanesabotagen med tysk troppetog i Struer 7.2.1945 Et par dage efter blev jeg meget flov, da jeg fik at vide, at der ikke var nogle, som ryddede op efter os. Det kunne jo ikke undg\u00e5s, at der var spr\u00e6ngstof, lunte, papir m.v. tilbage i fyrrummet. Jeg fik at vide, at det havde B\u00f8rge Neergaards mor &hellip; <a href=\"https:\/\/www.photostory.dk\/?page_id=2349\" class=\"more-link\">L\u00e6s mere <span class=\"screen-reader-text\">Sabotage mod tog med general Lindemann<\/span><\/a><\/p>\n","protected":false},"author":1,"featured_media":0,"parent":0,"menu_order":0,"comment_status":"closed","ping_status":"closed","template":"","meta":[],"_links":{"self":[{"href":"https:\/\/www.photostory.dk\/index.php?rest_route=\/wp\/v2\/pages\/2349"}],"collection":[{"href":"https:\/\/www.photostory.dk\/index.php?rest_route=\/wp\/v2\/pages"}],"about":[{"href":"https:\/\/www.photostory.dk\/index.php?rest_route=\/wp\/v2\/types\/page"}],"author":[{"embeddable":true,"href":"https:\/\/www.photostory.dk\/index.php?rest_route=\/wp\/v2\/users\/1"}],"replies":[{"embeddable":true,"href":"https:\/\/www.photostory.dk\/index.php?rest_route=%2Fwp%2Fv2%2Fcomments&post=2349"}],"version-history":[{"count":8,"href":"https:\/\/www.photostory.dk\/index.php?rest_route=\/wp\/v2\/pages\/2349\/revisions"}],"predecessor-version":[{"id":2392,"href":"https:\/\/www.photostory.dk\/index.php?rest_route=\/wp\/v2\/pages\/2349\/revisions\/2392"}],"wp:attachment":[{"href":"https:\/\/www.photostory.dk\/index.php?rest_route=%2Fwp%2Fv2%2Fmedia&parent=2349"}],"curies":[{"name":"wp","href":"https:\/\/api.w.org\/{rel}","templated":true}]}}