{"id":2343,"date":"2017-01-26T16:26:15","date_gmt":"2017-01-26T16:26:15","guid":{"rendered":"http:\/\/photostory.dk\/?page_id=2343"},"modified":"2017-01-26T16:26:15","modified_gmt":"2017-01-26T16:26:15","slug":"jernbaneskinne-fra-afsporing-af-tysk-troppetog-1945","status":"publish","type":"page","link":"https:\/\/www.photostory.dk\/?page_id=2343","title":{"rendered":"Jernbaneskinne fra afsporing af tysk troppetog 1945"},"content":{"rendered":"<p style=\"text-align: center;\"><a href=\"http:\/\/photostory.dk\/wp-content\/uploads\/2017\/01\/jernbaneskinne-struer-7.2.1945.jpg\"><img decoding=\"async\" loading=\"lazy\" class=\"alignnone size-large wp-image-2344\" src=\"http:\/\/photostory.dk\/wp-content\/uploads\/2017\/01\/jernbaneskinne-struer-7.2.1945-1024x760.jpg\" alt=\"\" width=\"660\" height=\"490\" srcset=\"https:\/\/www.photostory.dk\/wp-content\/uploads\/2017\/01\/jernbaneskinne-struer-7.2.1945-1024x760.jpg 1024w, https:\/\/www.photostory.dk\/wp-content\/uploads\/2017\/01\/jernbaneskinne-struer-7.2.1945-295x220.jpg 295w, https:\/\/www.photostory.dk\/wp-content\/uploads\/2017\/01\/jernbaneskinne-struer-7.2.1945-768x570.jpg 768w, https:\/\/www.photostory.dk\/wp-content\/uploads\/2017\/01\/jernbaneskinne-struer-7.2.1945.jpg 1212w\" sizes=\"(max-width: 660px) 100vw, 660px\" \/><\/a><\/p>\n<p>Et stykke jernbaneskinne\u00a0fra afsporing af tysk troppetog\u00a0den 7. februar 1945 kl. 18.28\u00a0v\/ Strandvejen 30 Struer.\u00a0Kan ses p\u00e5 Holstebro Museum.<\/p>\n<p>\u00c5rsagen til denne fremgangsm\u00e5de var at beskytte personalet p\u00e5 lokomotivet, som var dansk. Under aktionen kom et par g\u00e5ende p\u00e5 Strandvejen, mens vi anbragte bomberne, men da de s\u00e5 vagterne sagde de, at de hellere m\u00e5tte vende om igen. Hele aktionen varede vel ikke l\u00e6ngere end 5 minutter, og vi gik s\u00e5 alle hvert til sit; og jeg var kommet op midt i Kirkegade f\u00f8r jeg s\u00e5 lysglimtet, og derefter h\u00f8rte braget og lyd af splintrende jernbanevogne. Alle vognm\u00e6nd i Struer, herunder ogs\u00e5 Chr. Jensen, blev beordret til at k\u00f8re de \u00f8delagte vogne og materiale bort. Jeg gik hjem og kl\u00e6dte mig om, og derefter bes\u00f8gte jeg bankkasserer Eisbo og hans kone og fik et spil kort. Da de ikke var med i noget som helst illegalt arbejde, blev jeg meget overrasket, da de efter krigen fortalte mig, at de havde p\u00e5 fornemmelsen, at jeg havde v\u00e6ret med til at lave ovenn\u00e6vnte sabotage.<\/p>\n<p>&#8211;\u00a0en del af en beretning om modstandsbev\u00e6gelsen i Struer 1942-1945<\/p>\n<p style=\"text-align: center;\"><strong><a href=\"http:\/\/photostory.dk\/?page_id=2247\">Oversigt over indhold!<\/a><\/strong><\/p>\n","protected":false},"excerpt":{"rendered":"<p>Et stykke jernbaneskinne\u00a0fra afsporing af tysk troppetog\u00a0den 7. februar 1945 kl. 18.28\u00a0v\/ Strandvejen 30 Struer.\u00a0Kan ses p\u00e5 Holstebro Museum. \u00c5rsagen til denne fremgangsm\u00e5de var at beskytte personalet p\u00e5 lokomotivet, som var dansk. Under aktionen kom et par g\u00e5ende p\u00e5 Strandvejen, mens vi anbragte bomberne, men da de s\u00e5 vagterne sagde de, at de hellere m\u00e5tte &hellip; <a href=\"https:\/\/www.photostory.dk\/?page_id=2343\" class=\"more-link\">L\u00e6s mere <span class=\"screen-reader-text\">Jernbaneskinne fra afsporing af tysk troppetog 1945<\/span><\/a><\/p>\n","protected":false},"author":1,"featured_media":0,"parent":0,"menu_order":0,"comment_status":"closed","ping_status":"closed","template":"","meta":[],"_links":{"self":[{"href":"https:\/\/www.photostory.dk\/index.php?rest_route=\/wp\/v2\/pages\/2343"}],"collection":[{"href":"https:\/\/www.photostory.dk\/index.php?rest_route=\/wp\/v2\/pages"}],"about":[{"href":"https:\/\/www.photostory.dk\/index.php?rest_route=\/wp\/v2\/types\/page"}],"author":[{"embeddable":true,"href":"https:\/\/www.photostory.dk\/index.php?rest_route=\/wp\/v2\/users\/1"}],"replies":[{"embeddable":true,"href":"https:\/\/www.photostory.dk\/index.php?rest_route=%2Fwp%2Fv2%2Fcomments&post=2343"}],"version-history":[{"count":3,"href":"https:\/\/www.photostory.dk\/index.php?rest_route=\/wp\/v2\/pages\/2343\/revisions"}],"predecessor-version":[{"id":2394,"href":"https:\/\/www.photostory.dk\/index.php?rest_route=\/wp\/v2\/pages\/2343\/revisions\/2394"}],"wp:attachment":[{"href":"https:\/\/www.photostory.dk\/index.php?rest_route=%2Fwp%2Fv2%2Fmedia&parent=2343"}],"curies":[{"name":"wp","href":"https:\/\/api.w.org\/{rel}","templated":true}]}}