{"id":2282,"date":"2017-01-25T20:59:58","date_gmt":"2017-01-25T20:59:58","guid":{"rendered":"http:\/\/photostory.dk\/?page_id=2282"},"modified":"2017-01-25T21:07:02","modified_gmt":"2017-01-25T21:07:02","slug":"joedeforfoelgelsen-i-struer-1943","status":"publish","type":"page","link":"https:\/\/www.photostory.dk\/?page_id=2282","title":{"rendered":"J\u00f8deforf\u00f8lgelsen i Struer 1943"},"content":{"rendered":"<p style=\"text-align: center;\"><a href=\"http:\/\/photostory.dk\/wp-content\/uploads\/2017\/01\/fanere.jpg\"><img decoding=\"async\" loading=\"lazy\" class=\"size-full wp-image-2283 aligncenter\" src=\"http:\/\/photostory.dk\/wp-content\/uploads\/2017\/01\/fanere.jpg\" alt=\"\" width=\"672\" height=\"522\" srcset=\"https:\/\/www.photostory.dk\/wp-content\/uploads\/2017\/01\/fanere.jpg 672w, https:\/\/www.photostory.dk\/wp-content\/uploads\/2017\/01\/fanere-283x220.jpg 283w\" sizes=\"(max-width: 672px) 100vw, 672px\" \/><\/a><\/p>\n<p style=\"text-align: left;\">Fotograferet p\u00e5 Struer Museums udstilling 1985 i anledning af 40 \u00e5rs dagen for 4 maj 1945.<\/p>\n<p><strong>J\u00f8deforf\u00f8lgelsen.<\/strong><\/p>\n<p>Denne kom jeg til at opleve i Struer i oktober 1943, idet jeg blev ringet op af en pr\u00e6stefrue fra Hadsund, der spurgte om Levi Levisen, som var ansat p\u00e5 B &amp; O, var j\u00f8de.<\/p>\n<p>I bekr\u00e6ftende fald tilb\u00f8d pr\u00e6stefruen at hj\u00e6lpe ham og hans familie.<\/p>\n<p>Jeg spurgte L. L., om han var j\u00f8de, men det var han ikke, og han led ingen overlast p\u00e5 grund af sit navn.<\/p>\n<p>Hvor pr\u00e6stefruen havde f\u00e5et Levi Levisens og mit navn fra, har jeg ofte siden spekuleret p\u00e5.<\/p>\n<p>Arne Kruse Andersen<\/p>\n<p>\u2014 en del af en beretning om modstandsbev\u00e6gelsen i Struer 1942-1945<\/p>\n<p style=\"text-align: center;\"><a href=\"http:\/\/photostory.dk\/?page_id=2247\"><strong>Oversigt over indhold!<\/strong><\/a><\/p>\n","protected":false},"excerpt":{"rendered":"<p>Fotograferet p\u00e5 Struer Museums udstilling 1985 i anledning af 40 \u00e5rs dagen for 4 maj 1945. J\u00f8deforf\u00f8lgelsen. Denne kom jeg til at opleve i Struer i oktober 1943, idet jeg blev ringet op af en pr\u00e6stefrue fra Hadsund, der spurgte om Levi Levisen, som var ansat p\u00e5 B &amp; O, var j\u00f8de. I bekr\u00e6ftende fald &hellip; <a href=\"https:\/\/www.photostory.dk\/?page_id=2282\" class=\"more-link\">L\u00e6s mere <span class=\"screen-reader-text\">J\u00f8deforf\u00f8lgelsen i Struer 1943<\/span><\/a><\/p>\n","protected":false},"author":1,"featured_media":0,"parent":0,"menu_order":0,"comment_status":"closed","ping_status":"closed","template":"","meta":[],"_links":{"self":[{"href":"https:\/\/www.photostory.dk\/index.php?rest_route=\/wp\/v2\/pages\/2282"}],"collection":[{"href":"https:\/\/www.photostory.dk\/index.php?rest_route=\/wp\/v2\/pages"}],"about":[{"href":"https:\/\/www.photostory.dk\/index.php?rest_route=\/wp\/v2\/types\/page"}],"author":[{"embeddable":true,"href":"https:\/\/www.photostory.dk\/index.php?rest_route=\/wp\/v2\/users\/1"}],"replies":[{"embeddable":true,"href":"https:\/\/www.photostory.dk\/index.php?rest_route=%2Fwp%2Fv2%2Fcomments&post=2282"}],"version-history":[{"count":4,"href":"https:\/\/www.photostory.dk\/index.php?rest_route=\/wp\/v2\/pages\/2282\/revisions"}],"predecessor-version":[{"id":2287,"href":"https:\/\/www.photostory.dk\/index.php?rest_route=\/wp\/v2\/pages\/2282\/revisions\/2287"}],"wp:attachment":[{"href":"https:\/\/www.photostory.dk\/index.php?rest_route=%2Fwp%2Fv2%2Fmedia&parent=2282"}],"curies":[{"name":"wp","href":"https:\/\/api.w.org\/{rel}","templated":true}]}}