{"id":2234,"date":"2017-01-25T16:39:10","date_gmt":"2017-01-25T16:39:10","guid":{"rendered":"http:\/\/photostory.dk\/?page_id=2234"},"modified":"2017-01-25T23:30:09","modified_gmt":"2017-01-25T23:30:09","slug":"modstandsbevaegelsen-i-struer-1942-1945","status":"publish","type":"page","link":"https:\/\/www.photostory.dk\/?page_id=2234","title":{"rendered":"Modstandsbev\u00e6gelsen i Struer"},"content":{"rendered":"<p style=\"text-align: center;\"><a href=\"http:\/\/photostory.dk\/wp-content\/uploads\/2017\/01\/symbol-modstandsbevaegelsen-struer.jpg\"><img decoding=\"async\" loading=\"lazy\" class=\"size-full wp-image-2235 aligncenter\" src=\"http:\/\/photostory.dk\/wp-content\/uploads\/2017\/01\/symbol-modstandsbevaegelsen-struer.jpg\" alt=\"\" width=\"458\" height=\"547\" srcset=\"https:\/\/www.photostory.dk\/wp-content\/uploads\/2017\/01\/symbol-modstandsbevaegelsen-struer.jpg 458w, https:\/\/www.photostory.dk\/wp-content\/uploads\/2017\/01\/symbol-modstandsbevaegelsen-struer-184x220.jpg 184w\" sizes=\"(max-width: 458px) 100vw, 458px\" \/><\/a><\/p>\n<p><strong>En beretning om en del af modstandsbev\u00e6gelsen\u00a0i Struer 1942-1945<\/strong><\/p>\n<p>Dette materiale er udgivet med henblik p\u00e5,\u00a0at give eftertiden et indblik i modstandsbev\u00e6gelsens arbejde. Originalmaterialet er skrevet og samlet af Arne Kruse Andersen (1919 &#8211; 2002) tidligere Steg\u00f8vej 23 5400 Bogense. Efterf\u00f8lgende er materialet redigeret og bearbejdet til digitalt medie af Lars Bj\u00f8rnsten Odense. Teksterne er en afskrivning af originalmaterialet. Billederne er scannet fra det album, hvor Arne Kruse Andersen havde samlet sit materiale.\u00a0Arne Kruse Andersen d\u00f8de den 13 april 2002 p\u00e5 Solg\u00e5rden i Bogense.<\/p>\n<p style=\"text-align: center;\"><a href=\"http:\/\/photostory.dk\/?page_id=2247\"><strong>Oversigt over indhold!<\/strong><\/a><\/p>\n","protected":false},"excerpt":{"rendered":"<p>En beretning om en del af modstandsbev\u00e6gelsen\u00a0i Struer 1942-1945 Dette materiale er udgivet med henblik p\u00e5,\u00a0at give eftertiden et indblik i modstandsbev\u00e6gelsens arbejde. Originalmaterialet er skrevet og samlet af Arne Kruse Andersen (1919 &#8211; 2002) tidligere Steg\u00f8vej 23 5400 Bogense. Efterf\u00f8lgende er materialet redigeret og bearbejdet til digitalt medie af Lars Bj\u00f8rnsten Odense. Teksterne er &hellip; <a href=\"https:\/\/www.photostory.dk\/?page_id=2234\" class=\"more-link\">L\u00e6s mere <span class=\"screen-reader-text\">Modstandsbev\u00e6gelsen i Struer<\/span><\/a><\/p>\n","protected":false},"author":1,"featured_media":0,"parent":0,"menu_order":0,"comment_status":"closed","ping_status":"closed","template":"","meta":[],"_links":{"self":[{"href":"https:\/\/www.photostory.dk\/index.php?rest_route=\/wp\/v2\/pages\/2234"}],"collection":[{"href":"https:\/\/www.photostory.dk\/index.php?rest_route=\/wp\/v2\/pages"}],"about":[{"href":"https:\/\/www.photostory.dk\/index.php?rest_route=\/wp\/v2\/types\/page"}],"author":[{"embeddable":true,"href":"https:\/\/www.photostory.dk\/index.php?rest_route=\/wp\/v2\/users\/1"}],"replies":[{"embeddable":true,"href":"https:\/\/www.photostory.dk\/index.php?rest_route=%2Fwp%2Fv2%2Fcomments&post=2234"}],"version-history":[{"count":6,"href":"https:\/\/www.photostory.dk\/index.php?rest_route=\/wp\/v2\/pages\/2234\/revisions"}],"predecessor-version":[{"id":2333,"href":"https:\/\/www.photostory.dk\/index.php?rest_route=\/wp\/v2\/pages\/2234\/revisions\/2333"}],"wp:attachment":[{"href":"https:\/\/www.photostory.dk\/index.php?rest_route=%2Fwp%2Fv2%2Fmedia&parent=2234"}],"curies":[{"name":"wp","href":"https:\/\/api.w.org\/{rel}","templated":true}]}}