{"id":2218,"date":"2017-01-24T16:15:40","date_gmt":"2017-01-24T16:15:40","guid":{"rendered":"http:\/\/photostory.dk\/?page_id=2218"},"modified":"2017-01-24T16:24:16","modified_gmt":"2017-01-24T16:24:16","slug":"skolegaarden-klokken-ringer","status":"publish","type":"page","link":"https:\/\/www.photostory.dk\/?page_id=2218","title":{"rendered":"&#8220;Skoleg\u00e5rden&#8221; &#8211; Klokken ringer"},"content":{"rendered":"<p><a href=\"http:\/\/photostory.dk\/wp-content\/uploads\/2017\/01\/skolegaarden.jpg\"><img decoding=\"async\" loading=\"lazy\" class=\"size-full wp-image-2219 aligncenter\" src=\"http:\/\/photostory.dk\/wp-content\/uploads\/2017\/01\/skolegaarden.jpg\" alt=\"\" width=\"400\" height=\"553\" srcset=\"https:\/\/www.photostory.dk\/wp-content\/uploads\/2017\/01\/skolegaarden.jpg 400w, https:\/\/www.photostory.dk\/wp-content\/uploads\/2017\/01\/skolegaarden-159x220.jpg 159w\" sizes=\"(max-width: 400px) 100vw, 400px\" \/><\/a><\/p>\n<p style=\"text-align: center;\">Costa Karlslunde Digte 1981:\u00a0&#8220;Skoleg\u00e5rden&#8221;<\/p>\n<p style=\"text-align: center;\"><strong>Skoleg\u00e5rden<\/strong><\/p>\n<p style=\"text-align: center;\">Klokken ringer<br \/>\nB\u00f8rn vrimler ud af d\u00f8ren<br \/>\nen masse larm<br \/>\nnogle sjipper<br \/>\nnogle spiller bold<br \/>\nnogle r\u00e5ber &#8220;sl\u00e5skamp&#8221;<br \/>\nalle farer hen R\u00e5ber:<br \/>\nHeja, Heja, Heja<br \/>\nDer kommer en l\u00e6rer<br \/>\nskiller dem ad<br \/>\nvi g\u00e5r tilbage og sjipper<br \/>\nvi n\u00e5r et par hop<br \/>\nklokken ringer<br \/>\ng\u00e5rden t\u00f8mmes<br \/>\nHelt stille<br \/>\nalle er g\u00e5et til time.<\/p>\n<p>\u201cCosta Karlslunde Digte 1981\u201d var en del af et undervisningsprojekt i 1981 p\u00e5\u00a0Karlslunde Skole\u00a0om\u00a0lokalmilj\u00f8er i bl.a. Aved\u00f8re, Lyngby\u00a0og Karlslunde. De her gengivne digte m.m. er fra Karlslunde og omegn\u00a0og udf\u00f8rt af eleverne fra 5, 6 og 7. klasse.<\/p>\n<p style=\"text-align: center;\"><a href=\"http:\/\/photostory.dk\/?page_id=835\">Oversigt Costa Karlslunde Digte 1981. Skoledigte<\/a><\/p>\n","protected":false},"excerpt":{"rendered":"<p>Costa Karlslunde Digte 1981:\u00a0&#8220;Skoleg\u00e5rden&#8221; Skoleg\u00e5rden Klokken ringer B\u00f8rn vrimler ud af d\u00f8ren en masse larm nogle sjipper nogle spiller bold nogle r\u00e5ber &#8220;sl\u00e5skamp&#8221; alle farer hen R\u00e5ber: Heja, Heja, Heja Der kommer en l\u00e6rer skiller dem ad vi g\u00e5r tilbage og sjipper vi n\u00e5r et par hop klokken ringer g\u00e5rden t\u00f8mmes Helt stille alle er &hellip; <a href=\"https:\/\/www.photostory.dk\/?page_id=2218\" class=\"more-link\">L\u00e6s mere <span class=\"screen-reader-text\">&#8220;Skoleg\u00e5rden&#8221; &#8211; Klokken ringer<\/span><\/a><\/p>\n","protected":false},"author":1,"featured_media":0,"parent":0,"menu_order":0,"comment_status":"closed","ping_status":"closed","template":"","meta":[],"_links":{"self":[{"href":"https:\/\/www.photostory.dk\/index.php?rest_route=\/wp\/v2\/pages\/2218"}],"collection":[{"href":"https:\/\/www.photostory.dk\/index.php?rest_route=\/wp\/v2\/pages"}],"about":[{"href":"https:\/\/www.photostory.dk\/index.php?rest_route=\/wp\/v2\/types\/page"}],"author":[{"embeddable":true,"href":"https:\/\/www.photostory.dk\/index.php?rest_route=\/wp\/v2\/users\/1"}],"replies":[{"embeddable":true,"href":"https:\/\/www.photostory.dk\/index.php?rest_route=%2Fwp%2Fv2%2Fcomments&post=2218"}],"version-history":[{"count":3,"href":"https:\/\/www.photostory.dk\/index.php?rest_route=\/wp\/v2\/pages\/2218\/revisions"}],"predecessor-version":[{"id":2230,"href":"https:\/\/www.photostory.dk\/index.php?rest_route=\/wp\/v2\/pages\/2218\/revisions\/2230"}],"wp:attachment":[{"href":"https:\/\/www.photostory.dk\/index.php?rest_route=%2Fwp%2Fv2%2Fmedia&parent=2218"}],"curies":[{"name":"wp","href":"https:\/\/api.w.org\/{rel}","templated":true}]}}