{"id":2170,"date":"2017-01-22T11:59:40","date_gmt":"2017-01-22T11:59:40","guid":{"rendered":"http:\/\/photostory.dk\/?page_id=2170"},"modified":"2017-01-22T11:59:40","modified_gmt":"2017-01-22T11:59:40","slug":"costa-karlslunde-digte-1981-skoledag","status":"publish","type":"page","link":"https:\/\/www.photostory.dk\/?page_id=2170","title":{"rendered":"Costa Karlslunde Digte 1981  &#8220;Skoledag&#8221;"},"content":{"rendered":"<p><a href=\"http:\/\/photostory.dk\/wp-content\/uploads\/2017\/01\/skoledag_karlslundeskole.jpg\"><img decoding=\"async\" loading=\"lazy\" class=\"size-full wp-image-2171 aligncenter\" src=\"http:\/\/photostory.dk\/wp-content\/uploads\/2017\/01\/skoledag_karlslundeskole.jpg\" alt=\"\" width=\"400\" height=\"582\" srcset=\"https:\/\/www.photostory.dk\/wp-content\/uploads\/2017\/01\/skoledag_karlslundeskole.jpg 400w, https:\/\/www.photostory.dk\/wp-content\/uploads\/2017\/01\/skoledag_karlslundeskole-151x220.jpg 151w\" sizes=\"(max-width: 400px) 100vw, 400px\" \/><\/a><\/p>\n<p style=\"text-align: center;\">Costa Karlslunde Digte 1981<\/p>\n<p style=\"text-align: center;\"><strong>Skoledag<\/strong><\/p>\n<p style=\"text-align: center;\">st\u00e5 op<br \/>\ndagen er som den plejer<br \/>\nop i skole<br \/>\nvi sidder og larmer<br \/>\nl\u00e6reren kommer ind<br \/>\ns\u00e6t jer ned<br \/>\nsiger han!<br \/>\ntimen er d\u00f8dkedelig<br \/>\ns\u00e5 skal vi have historie<br \/>\n\u00f8v!<br \/>\nkristendom!<br \/>\nhun vil ha&#8217; vi skal l\u00e6se biblen<br \/>\nDansk!<br \/>\nDer kommer en digter<br \/>\nnu skal jeg skrive et digt.<\/p>\n<p>\u201cCosta Karlslunde Digte 1981\u201d var en del af et undervisningsprojekt i 1981 p\u00e5\u00a0Karlslunde Skole\u00a0om\u00a0lokalmilj\u00f8er i bl.a. Aved\u00f8re, Lyngby\u00a0og Karlslunde. De her gengivne digte m.m. er fra Karlslunde og omegn\u00a0og udf\u00f8rt af eleverne fra 5, 6 og 7. klasse.<\/p>\n<p style=\"text-align: center;\"><a href=\"http:\/\/photostory.dk\/?page_id=835\">Oversigt Costa Karlslunde Digte 1981. Skoledigte<\/a><\/p>\n","protected":false},"excerpt":{"rendered":"<p>Costa Karlslunde Digte 1981 Skoledag st\u00e5 op dagen er som den plejer op i skole vi sidder og larmer l\u00e6reren kommer ind s\u00e6t jer ned siger han! timen er d\u00f8dkedelig s\u00e5 skal vi have historie \u00f8v! kristendom! hun vil ha&#8217; vi skal l\u00e6se biblen Dansk! Der kommer en digter nu skal jeg skrive et digt. &hellip; <a href=\"https:\/\/www.photostory.dk\/?page_id=2170\" class=\"more-link\">L\u00e6s mere <span class=\"screen-reader-text\">Costa Karlslunde Digte 1981  &#8220;Skoledag&#8221;<\/span><\/a><\/p>\n","protected":false},"author":1,"featured_media":0,"parent":0,"menu_order":0,"comment_status":"closed","ping_status":"closed","template":"","meta":[],"_links":{"self":[{"href":"https:\/\/www.photostory.dk\/index.php?rest_route=\/wp\/v2\/pages\/2170"}],"collection":[{"href":"https:\/\/www.photostory.dk\/index.php?rest_route=\/wp\/v2\/pages"}],"about":[{"href":"https:\/\/www.photostory.dk\/index.php?rest_route=\/wp\/v2\/types\/page"}],"author":[{"embeddable":true,"href":"https:\/\/www.photostory.dk\/index.php?rest_route=\/wp\/v2\/users\/1"}],"replies":[{"embeddable":true,"href":"https:\/\/www.photostory.dk\/index.php?rest_route=%2Fwp%2Fv2%2Fcomments&post=2170"}],"version-history":[{"count":2,"href":"https:\/\/www.photostory.dk\/index.php?rest_route=\/wp\/v2\/pages\/2170\/revisions"}],"predecessor-version":[{"id":2174,"href":"https:\/\/www.photostory.dk\/index.php?rest_route=\/wp\/v2\/pages\/2170\/revisions\/2174"}],"wp:attachment":[{"href":"https:\/\/www.photostory.dk\/index.php?rest_route=%2Fwp%2Fv2%2Fmedia&parent=2170"}],"curies":[{"name":"wp","href":"https:\/\/api.w.org\/{rel}","templated":true}]}}