{"id":2164,"date":"2017-01-22T11:53:57","date_gmt":"2017-01-22T11:53:57","guid":{"rendered":"http:\/\/photostory.dk\/?page_id=2164"},"modified":"2017-01-22T11:54:11","modified_gmt":"2017-01-22T11:54:11","slug":"digt-klokken-ringer-til-en-time","status":"publish","type":"page","link":"https:\/\/www.photostory.dk\/?page_id=2164","title":{"rendered":"Digt.  Klokken ringer til en time"},"content":{"rendered":"<p style=\"text-align: center;\"><a href=\"http:\/\/photostory.dk\/wp-content\/uploads\/2017\/01\/klokken-ringer-ind.jpg\"><img decoding=\"async\" loading=\"lazy\" class=\"size-full wp-image-2165 aligncenter\" src=\"http:\/\/photostory.dk\/wp-content\/uploads\/2017\/01\/klokken-ringer-ind.jpg\" alt=\"\" width=\"400\" height=\"393\" srcset=\"https:\/\/www.photostory.dk\/wp-content\/uploads\/2017\/01\/klokken-ringer-ind.jpg 400w, https:\/\/www.photostory.dk\/wp-content\/uploads\/2017\/01\/klokken-ringer-ind-224x220.jpg 224w\" sizes=\"(max-width: 400px) 100vw, 400px\" \/><\/a><\/p>\n<p style=\"text-align: center;\">Digt.<\/p>\n<p style=\"text-align: center;\">Klokken ringer til en time<br \/>\nb\u00f8rnene farer ind<br \/>\nog sidder p\u00e5 sin plads<br \/>\nn\u00e5r l\u00e6ren kommer<br \/>\ntimerne er lange<br \/>\nl\u00e6rene er strenge.<\/p>\n<p>\u201cCosta Karlslunde Digte 1981\u201d var en del af et undervisningsprojekt i 1981 p\u00e5\u00a0Karlslunde Skole\u00a0om\u00a0lokalmilj\u00f8er i bl.a. Aved\u00f8re, Lyngby\u00a0og Karlslunde. De her gengivne digte m.m. er fra Karlslunde og omegn\u00a0og udf\u00f8rt af eleverne fra 5, 6 og 7. klasse.<\/p>\n<p style=\"text-align: center;\"><a href=\"http:\/\/photostory.dk\/?page_id=835\">Oversigt Costa Karlslunde Digte 1981. Skoledigte<\/a><\/p>\n","protected":false},"excerpt":{"rendered":"<p>Digt. Klokken ringer til en time b\u00f8rnene farer ind og sidder p\u00e5 sin plads n\u00e5r l\u00e6ren kommer timerne er lange l\u00e6rene er strenge. \u201cCosta Karlslunde Digte 1981\u201d var en del af et undervisningsprojekt i 1981 p\u00e5\u00a0Karlslunde Skole\u00a0om\u00a0lokalmilj\u00f8er i bl.a. Aved\u00f8re, Lyngby\u00a0og Karlslunde. De her gengivne digte m.m. er fra Karlslunde og omegn\u00a0og udf\u00f8rt af eleverne &hellip; <a href=\"https:\/\/www.photostory.dk\/?page_id=2164\" class=\"more-link\">L\u00e6s mere <span class=\"screen-reader-text\">Digt.  Klokken ringer til en time<\/span><\/a><\/p>\n","protected":false},"author":1,"featured_media":0,"parent":0,"menu_order":0,"comment_status":"closed","ping_status":"closed","template":"","meta":[],"_links":{"self":[{"href":"https:\/\/www.photostory.dk\/index.php?rest_route=\/wp\/v2\/pages\/2164"}],"collection":[{"href":"https:\/\/www.photostory.dk\/index.php?rest_route=\/wp\/v2\/pages"}],"about":[{"href":"https:\/\/www.photostory.dk\/index.php?rest_route=\/wp\/v2\/types\/page"}],"author":[{"embeddable":true,"href":"https:\/\/www.photostory.dk\/index.php?rest_route=\/wp\/v2\/users\/1"}],"replies":[{"embeddable":true,"href":"https:\/\/www.photostory.dk\/index.php?rest_route=%2Fwp%2Fv2%2Fcomments&post=2164"}],"version-history":[{"count":3,"href":"https:\/\/www.photostory.dk\/index.php?rest_route=\/wp\/v2\/pages\/2164\/revisions"}],"predecessor-version":[{"id":2169,"href":"https:\/\/www.photostory.dk\/index.php?rest_route=\/wp\/v2\/pages\/2164\/revisions\/2169"}],"wp:attachment":[{"href":"https:\/\/www.photostory.dk\/index.php?rest_route=%2Fwp%2Fv2%2Fmedia&parent=2164"}],"curies":[{"name":"wp","href":"https:\/\/api.w.org\/{rel}","templated":true}]}}