{"id":2072,"date":"2017-01-20T16:49:42","date_gmt":"2017-01-20T16:49:42","guid":{"rendered":"http:\/\/photostory.dk\/?page_id=2072"},"modified":"2017-01-20T16:53:18","modified_gmt":"2017-01-20T16:53:18","slug":"2072-2","status":"publish","type":"page","link":"https:\/\/www.photostory.dk\/?page_id=2072","title":{"rendered":"Det er sommer i Karlslunde"},"content":{"rendered":"<p style=\"text-align: center;\"><a href=\"http:\/\/photostory.dk\/wp-content\/uploads\/2017\/01\/co-21-sommer.jpg\"><img decoding=\"async\" loading=\"lazy\" class=\"size-full wp-image-2074 aligncenter\" src=\"http:\/\/photostory.dk\/wp-content\/uploads\/2017\/01\/co-21-sommer.jpg\" alt=\"\" width=\"400\" height=\"286\" srcset=\"https:\/\/www.photostory.dk\/wp-content\/uploads\/2017\/01\/co-21-sommer.jpg 400w, https:\/\/www.photostory.dk\/wp-content\/uploads\/2017\/01\/co-21-sommer-295x211.jpg 295w\" sizes=\"(max-width: 400px) 100vw, 400px\" \/><\/a><\/p>\n<p style=\"text-align: center;\"><strong>Sommer<\/strong><\/p>\n<p style=\"text-align: center;\">Klokken er 10 i Karlslunde<br \/>\nDet er l\u00f8rdag<br \/>\nSolen st\u00e5r h\u00f8jt p\u00e5 himlen<br \/>\nden skinner p\u00e5 den gr\u00f8nne eng<br \/>\nMennesker g\u00e5r og nyder det dejlige sommer vejr.<br \/>\nDe soler sig,<br \/>\ng\u00e5r ture i skovende<br \/>\nDe g\u00e5r og nyder det, den hele lange dag.<br \/>\nKlokken er 6 folk begynder at g\u00e5 hjem,<br \/>\nog solen begynder at forsvinde bag skyerne.<\/p>\n<p>\u201cCosta Karlslunde Digte 1981\u201d var en del af et undervisningsprojekt i 1981 p\u00e5\u00a0Karlslunde Skole\u00a0om\u00a0lokalmilj\u00f8er i bl.a. Aved\u00f8re, Lyngby\u00a0og Karlslunde. De her gengivne digte m.m. er fra Karlslunde og omegn\u00a0og udf\u00f8rt af eleverne fra 5, 6 og 7. klasse.<\/p>\n<p style=\"text-align: center;\"><a href=\"http:\/\/photostory.dk\/?page_id=835\">Oversigt Costa Karlslunde Digte 1981. Skoledigte<\/a><\/p>\n","protected":false},"excerpt":{"rendered":"<p>Sommer Klokken er 10 i Karlslunde Det er l\u00f8rdag Solen st\u00e5r h\u00f8jt p\u00e5 himlen den skinner p\u00e5 den gr\u00f8nne eng Mennesker g\u00e5r og nyder det dejlige sommer vejr. De soler sig, g\u00e5r ture i skovende De g\u00e5r og nyder det, den hele lange dag. Klokken er 6 folk begynder at g\u00e5 hjem, og solen begynder &hellip; <a href=\"https:\/\/www.photostory.dk\/?page_id=2072\" class=\"more-link\">L\u00e6s mere <span class=\"screen-reader-text\">Det er sommer i Karlslunde<\/span><\/a><\/p>\n","protected":false},"author":1,"featured_media":0,"parent":0,"menu_order":0,"comment_status":"closed","ping_status":"closed","template":"","meta":[],"_links":{"self":[{"href":"https:\/\/www.photostory.dk\/index.php?rest_route=\/wp\/v2\/pages\/2072"}],"collection":[{"href":"https:\/\/www.photostory.dk\/index.php?rest_route=\/wp\/v2\/pages"}],"about":[{"href":"https:\/\/www.photostory.dk\/index.php?rest_route=\/wp\/v2\/types\/page"}],"author":[{"embeddable":true,"href":"https:\/\/www.photostory.dk\/index.php?rest_route=\/wp\/v2\/users\/1"}],"replies":[{"embeddable":true,"href":"https:\/\/www.photostory.dk\/index.php?rest_route=%2Fwp%2Fv2%2Fcomments&post=2072"}],"version-history":[{"count":7,"href":"https:\/\/www.photostory.dk\/index.php?rest_route=\/wp\/v2\/pages\/2072\/revisions"}],"predecessor-version":[{"id":2081,"href":"https:\/\/www.photostory.dk\/index.php?rest_route=\/wp\/v2\/pages\/2072\/revisions\/2081"}],"wp:attachment":[{"href":"https:\/\/www.photostory.dk\/index.php?rest_route=%2Fwp%2Fv2%2Fmedia&parent=2072"}],"curies":[{"name":"wp","href":"https:\/\/api.w.org\/{rel}","templated":true}]}}