{"id":2039,"date":"2017-01-20T09:39:40","date_gmt":"2017-01-20T09:39:40","guid":{"rendered":"http:\/\/photostory.dk\/?page_id=2039"},"modified":"2017-01-20T09:40:26","modified_gmt":"2017-01-20T09:40:26","slug":"aeblerov-i-karlslunde","status":"publish","type":"page","link":"https:\/\/www.photostory.dk\/?page_id=2039","title":{"rendered":"\u00c6blerov i en have i Karlslunde"},"content":{"rendered":"<p><a href=\"http:\/\/photostory.dk\/wp-content\/uploads\/2017\/01\/aeblerov_karlslunde.jpg\"><img decoding=\"async\" loading=\"lazy\" class=\"alignnone size-full wp-image-2040 aligncenter\" src=\"http:\/\/photostory.dk\/wp-content\/uploads\/2017\/01\/aeblerov_karlslunde.jpg\" alt=\"\" width=\"400\" height=\"352\" srcset=\"https:\/\/www.photostory.dk\/wp-content\/uploads\/2017\/01\/aeblerov_karlslunde.jpg 400w, https:\/\/www.photostory.dk\/wp-content\/uploads\/2017\/01\/aeblerov_karlslunde-250x220.jpg 250w\" sizes=\"(max-width: 400px) 100vw, 400px\" \/><\/a><\/p>\n<p style=\"text-align: center;\"><strong>\u00c6blerov<\/strong><\/p>\n<p style=\"text-align: center;\">Ind i haven,<br \/>\nkigger sig om,<br \/>\nlet som en mis op i tr\u00e6et.<br \/>\n\u00c6bler i lommer, \u00e6rmer<br \/>\nog st\u00f8vler<br \/>\nD\u00f8ren bli&#8217;r \u00e5bnet.<br \/>\n&#8220;M\u00f8gunger&#8221;<br \/>\nNed igen,<br \/>\nv\u00e6k i r\u00f8gsky.<\/p>\n<p>\u201cCosta Karlslunde Digte 1981\u201d var en del af et undervisningsprojekt i 1981 p\u00e5\u00a0Karlslunde Skole\u00a0om\u00a0lokalmilj\u00f8er i bl.a. Aved\u00f8re, Lyngby\u00a0og Karlslunde. De her gengivne digte m.m. er fra Karlslunde og omegn\u00a0og udf\u00f8rt af eleverne fra 5, 6 og 7. klasse.<\/p>\n<p style=\"text-align: center;\"><a href=\"http:\/\/photostory.dk\/?page_id=835\">Oversigt Costa Karlslunde Digte 1981. Skoledigte<\/a><\/p>\n<p>&nbsp;<\/p>\n","protected":false},"excerpt":{"rendered":"<p>\u00c6blerov Ind i haven, kigger sig om, let som en mis op i tr\u00e6et. \u00c6bler i lommer, \u00e6rmer og st\u00f8vler D\u00f8ren bli&#8217;r \u00e5bnet. &#8220;M\u00f8gunger&#8221; Ned igen, v\u00e6k i r\u00f8gsky. \u201cCosta Karlslunde Digte 1981\u201d var en del af et undervisningsprojekt i 1981 p\u00e5\u00a0Karlslunde Skole\u00a0om\u00a0lokalmilj\u00f8er i bl.a. Aved\u00f8re, Lyngby\u00a0og Karlslunde. De her gengivne digte m.m. er fra &hellip; <a href=\"https:\/\/www.photostory.dk\/?page_id=2039\" class=\"more-link\">L\u00e6s mere <span class=\"screen-reader-text\">\u00c6blerov i en have i Karlslunde<\/span><\/a><\/p>\n","protected":false},"author":1,"featured_media":0,"parent":0,"menu_order":0,"comment_status":"closed","ping_status":"closed","template":"","meta":[],"_links":{"self":[{"href":"https:\/\/www.photostory.dk\/index.php?rest_route=\/wp\/v2\/pages\/2039"}],"collection":[{"href":"https:\/\/www.photostory.dk\/index.php?rest_route=\/wp\/v2\/pages"}],"about":[{"href":"https:\/\/www.photostory.dk\/index.php?rest_route=\/wp\/v2\/types\/page"}],"author":[{"embeddable":true,"href":"https:\/\/www.photostory.dk\/index.php?rest_route=\/wp\/v2\/users\/1"}],"replies":[{"embeddable":true,"href":"https:\/\/www.photostory.dk\/index.php?rest_route=%2Fwp%2Fv2%2Fcomments&post=2039"}],"version-history":[{"count":4,"href":"https:\/\/www.photostory.dk\/index.php?rest_route=\/wp\/v2\/pages\/2039\/revisions"}],"predecessor-version":[{"id":2045,"href":"https:\/\/www.photostory.dk\/index.php?rest_route=\/wp\/v2\/pages\/2039\/revisions\/2045"}],"wp:attachment":[{"href":"https:\/\/www.photostory.dk\/index.php?rest_route=%2Fwp%2Fv2%2Fmedia&parent=2039"}],"curies":[{"name":"wp","href":"https:\/\/api.w.org\/{rel}","templated":true}]}}