{"id":2000,"date":"2017-01-19T13:09:00","date_gmt":"2017-01-19T13:09:00","guid":{"rendered":"http:\/\/photostory.dk\/?page_id=2000"},"modified":"2017-01-19T14:58:16","modified_gmt":"2017-01-19T14:58:16","slug":"2000-2","status":"publish","type":"page","link":"https:\/\/www.photostory.dk\/?page_id=2000","title":{"rendered":"Veteranbil lukket med gardiner og kufferter"},"content":{"rendered":"<p><a href=\"http:\/\/photostory.dk\/wp-content\/uploads\/2017\/01\/veteranbil-den-foerste-gang.jpg\"><img decoding=\"async\" loading=\"lazy\" class=\"aligncenter wp-image-2001\" src=\"http:\/\/photostory.dk\/wp-content\/uploads\/2017\/01\/veteranbil-den-foerste-gang-1024x658.jpg\" width=\"590\" height=\"379\" srcset=\"https:\/\/www.photostory.dk\/wp-content\/uploads\/2017\/01\/veteranbil-den-foerste-gang-1024x658.jpg 1024w, https:\/\/www.photostory.dk\/wp-content\/uploads\/2017\/01\/veteranbil-den-foerste-gang-295x190.jpg 295w, https:\/\/www.photostory.dk\/wp-content\/uploads\/2017\/01\/veteranbil-den-foerste-gang-768x494.jpg 768w, https:\/\/www.photostory.dk\/wp-content\/uploads\/2017\/01\/veteranbil-den-foerste-gang.jpg 1318w\" sizes=\"(max-width: 590px) 100vw, 590px\" \/><\/a><\/p>\n<p style=\"text-align: center;\">Tegning: Veteranbil lukket med gardiner og kufferter.<\/p>\n<p style=\"text-align: center;\"><strong>Den f\u00f8rste gang.<\/strong><\/p>\n<p style=\"text-align: center;\">Den f\u00f8rste gang<br \/>\njeg s\u00e5 Karlslunde<br \/>\ns\u00e5 jeg en gammel veteranbil<br \/>\nden var sort<br \/>\nden k\u00f8rte ikke ret st\u00e6rkt<br \/>\nkun 10 km i timen<br \/>\nden k\u00f8rte rundt i gaderne<br \/>\ns\u00e5 det gav genlyd i facaderne<\/p>\n<p>\u201cCosta Karlslunde Digte 1981\u201d var en del af et undervisningsprojekt i 1981 p\u00e5\u00a0Karlslunde Skole\u00a0om\u00a0lokalmilj\u00f8er i bl.a. Aved\u00f8re, Lyngby\u00a0og Karlslunde. De her gengivne digte m.m. er fra Karlslunde og omegn\u00a0og udf\u00f8rt af eleverne fra 5, 6 og 7. klasse.<\/p>\n<p style=\"text-align: center;\"><a href=\"http:\/\/photostory.dk\/?page_id=835\">Oversigt Costa Karlslunde Digte 1981. Skoledigte<\/a><\/p>\n","protected":false},"excerpt":{"rendered":"<p>Tegning: Veteranbil lukket med gardiner og kufferter. Den f\u00f8rste gang. Den f\u00f8rste gang jeg s\u00e5 Karlslunde s\u00e5 jeg en gammel veteranbil den var sort den k\u00f8rte ikke ret st\u00e6rkt kun 10 km i timen den k\u00f8rte rundt i gaderne s\u00e5 det gav genlyd i facaderne \u201cCosta Karlslunde Digte 1981\u201d var en del af et undervisningsprojekt &hellip; <a href=\"https:\/\/www.photostory.dk\/?page_id=2000\" class=\"more-link\">L\u00e6s mere <span class=\"screen-reader-text\">Veteranbil lukket med gardiner og kufferter<\/span><\/a><\/p>\n","protected":false},"author":1,"featured_media":0,"parent":0,"menu_order":0,"comment_status":"closed","ping_status":"closed","template":"","meta":[],"_links":{"self":[{"href":"https:\/\/www.photostory.dk\/index.php?rest_route=\/wp\/v2\/pages\/2000"}],"collection":[{"href":"https:\/\/www.photostory.dk\/index.php?rest_route=\/wp\/v2\/pages"}],"about":[{"href":"https:\/\/www.photostory.dk\/index.php?rest_route=\/wp\/v2\/types\/page"}],"author":[{"embeddable":true,"href":"https:\/\/www.photostory.dk\/index.php?rest_route=\/wp\/v2\/users\/1"}],"replies":[{"embeddable":true,"href":"https:\/\/www.photostory.dk\/index.php?rest_route=%2Fwp%2Fv2%2Fcomments&post=2000"}],"version-history":[{"count":3,"href":"https:\/\/www.photostory.dk\/index.php?rest_route=\/wp\/v2\/pages\/2000\/revisions"}],"predecessor-version":[{"id":2016,"href":"https:\/\/www.photostory.dk\/index.php?rest_route=\/wp\/v2\/pages\/2000\/revisions\/2016"}],"wp:attachment":[{"href":"https:\/\/www.photostory.dk\/index.php?rest_route=%2Fwp%2Fv2%2Fmedia&parent=2000"}],"curies":[{"name":"wp","href":"https:\/\/api.w.org\/{rel}","templated":true}]}}