{"id":1990,"date":"2017-01-19T12:55:58","date_gmt":"2017-01-19T12:55:58","guid":{"rendered":"http:\/\/photostory.dk\/?page_id=1990"},"modified":"2017-01-19T13:01:09","modified_gmt":"2017-01-19T13:01:09","slug":"ved-kaeret-karlslunde-gadekaer","status":"publish","type":"page","link":"https:\/\/www.photostory.dk\/?page_id=1990","title":{"rendered":"Ved k\u00e6ret (Karlslunde Gadek\u00e6r)"},"content":{"rendered":"<p><a href=\"http:\/\/photostory.dk\/wp-content\/uploads\/2017\/01\/ved-kaeret_karlslunde.jpg\"><img decoding=\"async\" loading=\"lazy\" class=\"aligncenter wp-image-1991\" src=\"http:\/\/photostory.dk\/wp-content\/uploads\/2017\/01\/ved-kaeret_karlslunde-1024x847.jpg\" width=\"580\" height=\"480\" srcset=\"https:\/\/www.photostory.dk\/wp-content\/uploads\/2017\/01\/ved-kaeret_karlslunde-1024x847.jpg 1024w, https:\/\/www.photostory.dk\/wp-content\/uploads\/2017\/01\/ved-kaeret_karlslunde-266x220.jpg 266w, https:\/\/www.photostory.dk\/wp-content\/uploads\/2017\/01\/ved-kaeret_karlslunde-768x635.jpg 768w\" sizes=\"(max-width: 580px) 100vw, 580px\" \/><\/a><\/p>\n<p style=\"text-align: center;\"><strong>Ved k\u00e6ret.<\/strong><\/p>\n<p style=\"text-align: center;\">Der er tr\u00e6er udenom<br \/>\n\u00e6nder om sommeren<br \/>\ngamle mennesker sider rundt omkring<br \/>\nder er gr\u00f8nt<br \/>\nder er friskt<br \/>\ndet er gadek\u00e6ret<\/p>\n<p style=\"text-align: center;\">nu er det trist<br \/>\nfor det er blevet vinter<br \/>\nsneen ligger i dynger<br \/>\nnogen st\u00e5r p\u00e5 sk\u00f8jter<br \/>\nandre spiller ishockey<br \/>\nk\u00e6ret er frosset.<\/p>\n<p style=\"text-align: left;\">&#8220;Costa Karlslunde Digte 1981&#8221; var en del af et undervisningsprojekt i 1981 p\u00e5\u00a0Karlslunde Skole\u00a0om\u00a0lokalmilj\u00f8er i bl.a. Aved\u00f8re, Lyngby\u00a0og Karlslunde. De her gengivne digte m.m. er fra Karlslunde og omegn\u00a0og udf\u00f8rt af eleverne fra 5, 6 og 7. klasse.<\/p>\n<p style=\"text-align: center;\"><a href=\"http:\/\/photostory.dk\/?page_id=835\">Oversigt over Costa Karlslunde Digte 1981. Skoledigte<\/a><\/p>\n","protected":false},"excerpt":{"rendered":"<p>Ved k\u00e6ret. Der er tr\u00e6er udenom \u00e6nder om sommeren gamle mennesker sider rundt omkring der er gr\u00f8nt der er friskt det er gadek\u00e6ret nu er det trist for det er blevet vinter sneen ligger i dynger nogen st\u00e5r p\u00e5 sk\u00f8jter andre spiller ishockey k\u00e6ret er frosset. &#8220;Costa Karlslunde Digte 1981&#8221; var en del af et &hellip; <a href=\"https:\/\/www.photostory.dk\/?page_id=1990\" class=\"more-link\">L\u00e6s mere <span class=\"screen-reader-text\">Ved k\u00e6ret (Karlslunde Gadek\u00e6r)<\/span><\/a><\/p>\n","protected":false},"author":1,"featured_media":0,"parent":0,"menu_order":0,"comment_status":"closed","ping_status":"closed","template":"","meta":[],"_links":{"self":[{"href":"https:\/\/www.photostory.dk\/index.php?rest_route=\/wp\/v2\/pages\/1990"}],"collection":[{"href":"https:\/\/www.photostory.dk\/index.php?rest_route=\/wp\/v2\/pages"}],"about":[{"href":"https:\/\/www.photostory.dk\/index.php?rest_route=\/wp\/v2\/types\/page"}],"author":[{"embeddable":true,"href":"https:\/\/www.photostory.dk\/index.php?rest_route=\/wp\/v2\/users\/1"}],"replies":[{"embeddable":true,"href":"https:\/\/www.photostory.dk\/index.php?rest_route=%2Fwp%2Fv2%2Fcomments&post=1990"}],"version-history":[{"count":5,"href":"https:\/\/www.photostory.dk\/index.php?rest_route=\/wp\/v2\/pages\/1990\/revisions"}],"predecessor-version":[{"id":1998,"href":"https:\/\/www.photostory.dk\/index.php?rest_route=\/wp\/v2\/pages\/1990\/revisions\/1998"}],"wp:attachment":[{"href":"https:\/\/www.photostory.dk\/index.php?rest_route=%2Fwp%2Fv2%2Fmedia&parent=1990"}],"curies":[{"name":"wp","href":"https:\/\/api.w.org\/{rel}","templated":true}]}}