{"id":1985,"date":"2017-01-19T11:12:59","date_gmt":"2017-01-19T11:12:59","guid":{"rendered":"http:\/\/photostory.dk\/?page_id=1985"},"modified":"2017-01-21T23:00:08","modified_gmt":"2017-01-21T23:00:08","slug":"xx-2","status":"publish","type":"page","link":"https:\/\/www.photostory.dk\/?page_id=1985","title":{"rendered":"Aberdeen Fishing Harbour Hong Kong"},"content":{"rendered":"<p>&nbsp;<\/p>\n<p style=\"text-align: center;\"><a href=\"http:\/\/photostory.dk\/wp-content\/uploads\/2017\/01\/aberdeen-hong-kong-1-1.jpg\"><img decoding=\"async\" loading=\"lazy\" class=\"size-large wp-image-2139 aligncenter\" src=\"http:\/\/photostory.dk\/wp-content\/uploads\/2017\/01\/aberdeen-hong-kong-1-1-1024x686.jpg\" alt=\"\" width=\"660\" height=\"442\" srcset=\"https:\/\/www.photostory.dk\/wp-content\/uploads\/2017\/01\/aberdeen-hong-kong-1-1.jpg 1024w, https:\/\/www.photostory.dk\/wp-content\/uploads\/2017\/01\/aberdeen-hong-kong-1-1-295x198.jpg 295w, https:\/\/www.photostory.dk\/wp-content\/uploads\/2017\/01\/aberdeen-hong-kong-1-1-768x515.jpg 768w\" sizes=\"(max-width: 660px) 100vw, 660px\" \/><\/a><\/p>\n<p style=\"text-align: center;\">Aberdeen Fishing Harbour Hong Kong (\u9999\u6e2f)<\/p>\n<p>Aberdeen Havn er p\u00e5 den modsatte side af \u00f8en set fra byen. Det er en fiskerihavn, der er fyldt med fiskerb\u00e5de og mange andre b\u00e5de..<\/p>\n<p>Historien om Aberdeen Harbour g\u00e5r langt tilbage. Det begynder i Ming-dynastiet og &#8220;Hong Kong&#8221; var det oprindelige navn for det der i dag kaldes Aberdeen landsby. I begyndelsen af det 19. \u00e5rhundrede bosatte nogle udl\u00e6ndinge, der sig i n\u00e6rheden af Aberdeen Landsby. De forvekslede navnet p\u00e5 den landsbyen &#8220;Hong Kong&#8221; med den hele \u00f8. Da udl\u00e6ndingene efterh\u00e5nden inds\u00e5 deres fejltagelse var navnet &#8220;Hong Kong&#8221; allerede blevet almindeligt anvendt som navn for hele \u00f8en. Dette bet\u00f8d at den lille landsby m\u00e5tte have et andet navn i 1845. Navnet blev Aberdeen, opkaldt efter den britiske Secretary of State for War og kolonierne, George Hamilton &#8211; Gordon, 4. jarl af Aberdeen.<\/p>\n<p><a href=\"http:\/\/photostory.dk\/wp-content\/uploads\/2017\/01\/aberdeen-hong-kong-2-1.jpg\"><img decoding=\"async\" loading=\"lazy\" class=\"alignnone size-large wp-image-2140\" src=\"http:\/\/photostory.dk\/wp-content\/uploads\/2017\/01\/aberdeen-hong-kong-2-1-1024x686.jpg\" alt=\"\" width=\"660\" height=\"442\" srcset=\"https:\/\/www.photostory.dk\/wp-content\/uploads\/2017\/01\/aberdeen-hong-kong-2-1.jpg 1024w, https:\/\/www.photostory.dk\/wp-content\/uploads\/2017\/01\/aberdeen-hong-kong-2-1-295x198.jpg 295w, https:\/\/www.photostory.dk\/wp-content\/uploads\/2017\/01\/aberdeen-hong-kong-2-1-768x515.jpg 768w\" sizes=\"(max-width: 660px) 100vw, 660px\" \/><\/a><\/p>\n<p>Det er interessant at se de mange mennesker, der lever p\u00e5 deres b\u00e5de, og de traditionelle kinesiske sampaner deler vand med luksuri\u00f8se lystb\u00e5de og fiskerb\u00e5de, som flyder forbi i skyggen af skyskrabere p\u00e5 den modsatte side.<\/p>\n<p style=\"text-align: center;\">Alle foto p\u00e5 siden Lars Bj\u00f8rnsten oktober 2009<\/p>\n","protected":false},"excerpt":{"rendered":"<p>&nbsp; Aberdeen Fishing Harbour Hong Kong (\u9999\u6e2f) Aberdeen Havn er p\u00e5 den modsatte side af \u00f8en set fra byen. Det er en fiskerihavn, der er fyldt med fiskerb\u00e5de og mange andre b\u00e5de.. Historien om Aberdeen Harbour g\u00e5r langt tilbage. Det begynder i Ming-dynastiet og &#8220;Hong Kong&#8221; var det oprindelige navn for det der i dag &hellip; <a href=\"https:\/\/www.photostory.dk\/?page_id=1985\" class=\"more-link\">L\u00e6s mere <span class=\"screen-reader-text\">Aberdeen Fishing Harbour Hong Kong<\/span><\/a><\/p>\n","protected":false},"author":1,"featured_media":0,"parent":0,"menu_order":0,"comment_status":"closed","ping_status":"closed","template":"","meta":[],"_links":{"self":[{"href":"https:\/\/www.photostory.dk\/index.php?rest_route=\/wp\/v2\/pages\/1985"}],"collection":[{"href":"https:\/\/www.photostory.dk\/index.php?rest_route=\/wp\/v2\/pages"}],"about":[{"href":"https:\/\/www.photostory.dk\/index.php?rest_route=\/wp\/v2\/types\/page"}],"author":[{"embeddable":true,"href":"https:\/\/www.photostory.dk\/index.php?rest_route=\/wp\/v2\/users\/1"}],"replies":[{"embeddable":true,"href":"https:\/\/www.photostory.dk\/index.php?rest_route=%2Fwp%2Fv2%2Fcomments&post=1985"}],"version-history":[{"count":6,"href":"https:\/\/www.photostory.dk\/index.php?rest_route=\/wp\/v2\/pages\/1985\/revisions"}],"predecessor-version":[{"id":2145,"href":"https:\/\/www.photostory.dk\/index.php?rest_route=\/wp\/v2\/pages\/1985\/revisions\/2145"}],"wp:attachment":[{"href":"https:\/\/www.photostory.dk\/index.php?rest_route=%2Fwp%2Fv2%2Fmedia&parent=1985"}],"curies":[{"name":"wp","href":"https:\/\/api.w.org\/{rel}","templated":true}]}}