{"id":1902,"date":"2017-01-18T16:30:39","date_gmt":"2017-01-18T16:30:39","guid":{"rendered":"http:\/\/photostory.dk\/?page_id=1902"},"modified":"2017-01-18T16:31:32","modified_gmt":"2017-01-18T16:31:32","slug":"karlslunde-station-1981","status":"publish","type":"page","link":"https:\/\/www.photostory.dk\/?page_id=1902","title":{"rendered":"Karlslunde Station 1981"},"content":{"rendered":"<p><a href=\"http:\/\/photostory.dk\/wp-content\/uploads\/2017\/01\/karlslunde_0041_stationen.jpg\"><img decoding=\"async\" loading=\"lazy\" class=\"size-full wp-image-1903 aligncenter\" src=\"http:\/\/photostory.dk\/wp-content\/uploads\/2017\/01\/karlslunde_0041_stationen.jpg\" alt=\"\" width=\"550\" height=\"765\" srcset=\"https:\/\/www.photostory.dk\/wp-content\/uploads\/2017\/01\/karlslunde_0041_stationen.jpg 550w, https:\/\/www.photostory.dk\/wp-content\/uploads\/2017\/01\/karlslunde_0041_stationen-158x220.jpg 158w\" sizes=\"(max-width: 550px) 100vw, 550px\" \/><\/a><\/p>\n<p style=\"text-align: center;\">Karlslunde Station 1981<br \/>\nKarlslunde Station Stationsager 10 2690 Karlslunde<\/p>\n<p>Karlslunde Station. I gamle dage l\u00e5 der en mark. Der l\u00e5 ogs\u00e5 en bondeg\u00e5rd. Der gik en vej som nu er v\u00e6k..\u00a0I dag ligger der en station, som bliver brugt meget.<br \/>\nI fremtiden vil den nok blive liggende. Der kommer nok huse. Der kommer nok ogs\u00e5 butikker.<\/p>\n<p>\u00bbKarlslunde f\u00f8r og nu \u2013 og lidt om fremtiden\u00ab er titlen p\u00e5 et undervisningsforl\u00f8b, som eleverne i en 4. klasse med stor dygtighed udf\u00f8rte p\u00e5 Karlslunde Skole i Greve Kommune i slutningen af \u00e5ret 1981. Se mere om undervisningsforl\u00f8bet <a href=\"http:\/\/photostory.dk\/?page_id=297\">her!<\/a><\/p>\n<p style=\"text-align: center;\"><a href=\"http:\/\/photostory.dk\/?page_id=289\">Oversigt over \u00bbKarlslunde f\u00f8r og nu \u2013 og lidt om fremtiden\u00ab 1981<\/a><\/p>\n","protected":false},"excerpt":{"rendered":"<p>Karlslunde Station 1981 Karlslunde Station Stationsager 10 2690 Karlslunde Karlslunde Station. I gamle dage l\u00e5 der en mark. Der l\u00e5 ogs\u00e5 en bondeg\u00e5rd. Der gik en vej som nu er v\u00e6k..\u00a0I dag ligger der en station, som bliver brugt meget. I fremtiden vil den nok blive liggende. Der kommer nok huse. Der kommer nok ogs\u00e5 &hellip; <a href=\"https:\/\/www.photostory.dk\/?page_id=1902\" class=\"more-link\">L\u00e6s mere <span class=\"screen-reader-text\">Karlslunde Station 1981<\/span><\/a><\/p>\n","protected":false},"author":1,"featured_media":0,"parent":0,"menu_order":0,"comment_status":"closed","ping_status":"closed","template":"","meta":[],"_links":{"self":[{"href":"https:\/\/www.photostory.dk\/index.php?rest_route=\/wp\/v2\/pages\/1902"}],"collection":[{"href":"https:\/\/www.photostory.dk\/index.php?rest_route=\/wp\/v2\/pages"}],"about":[{"href":"https:\/\/www.photostory.dk\/index.php?rest_route=\/wp\/v2\/types\/page"}],"author":[{"embeddable":true,"href":"https:\/\/www.photostory.dk\/index.php?rest_route=\/wp\/v2\/users\/1"}],"replies":[{"embeddable":true,"href":"https:\/\/www.photostory.dk\/index.php?rest_route=%2Fwp%2Fv2%2Fcomments&post=1902"}],"version-history":[{"count":1,"href":"https:\/\/www.photostory.dk\/index.php?rest_route=\/wp\/v2\/pages\/1902\/revisions"}],"predecessor-version":[{"id":1904,"href":"https:\/\/www.photostory.dk\/index.php?rest_route=\/wp\/v2\/pages\/1902\/revisions\/1904"}],"wp:attachment":[{"href":"https:\/\/www.photostory.dk\/index.php?rest_route=%2Fwp%2Fv2%2Fmedia&parent=1902"}],"curies":[{"name":"wp","href":"https:\/\/api.w.org\/{rel}","templated":true}]}}