{"id":1899,"date":"2017-01-18T16:27:24","date_gmt":"2017-01-18T16:27:24","guid":{"rendered":"http:\/\/photostory.dk\/?page_id=1899"},"modified":"2017-01-18T16:27:24","modified_gmt":"2017-01-18T16:27:24","slug":"skelvej-i-karlslunde-1981","status":"publish","type":"page","link":"https:\/\/www.photostory.dk\/?page_id=1899","title":{"rendered":"Skelvej i Karlslunde 1981"},"content":{"rendered":"<p><a href=\"http:\/\/photostory.dk\/wp-content\/uploads\/2017\/01\/karlslunde_0040_skelvej.jpg\"><img decoding=\"async\" loading=\"lazy\" class=\"size-full wp-image-1900 aligncenter\" src=\"http:\/\/photostory.dk\/wp-content\/uploads\/2017\/01\/karlslunde_0040_skelvej.jpg\" alt=\"\" width=\"550\" height=\"776\" srcset=\"https:\/\/www.photostory.dk\/wp-content\/uploads\/2017\/01\/karlslunde_0040_skelvej.jpg 550w, https:\/\/www.photostory.dk\/wp-content\/uploads\/2017\/01\/karlslunde_0040_skelvej-156x220.jpg 156w\" sizes=\"(max-width: 550px) 100vw, 550px\" \/><\/a><\/p>\n<p style=\"text-align: center;\">Skelvej i Karlslunde 1981<br \/>\nSkelvej 2690 Karlslunde<\/p>\n<p>Skelvej. I gamle dage var der store marker, der hvor Skelvej ligger nu. I dag er Skelvej en bef\u00e6rdet vej is\u00e6r om hverdagen i dagtimerne. I fremtiden vil der nok komme en legeplads eller en b\u00f8rnehave, der hvor Skelvej nu ligger.<\/p>\n<p>\u00bbKarlslunde f\u00f8r og nu \u2013 og lidt om fremtiden\u00ab er titlen p\u00e5 et undervisningsforl\u00f8b, som eleverne i en 4. klasse med stor dygtighed udf\u00f8rte p\u00e5 Karlslunde Skole i Greve Kommune i slutningen af \u00e5ret 1981. Se mere om undervisningsforl\u00f8bet <a href=\"http:\/\/photostory.dk\/?page_id=297\">her!<\/a><\/p>\n<p style=\"text-align: center;\"><a href=\"http:\/\/photostory.dk\/?page_id=289\">Oversigt over \u00bbKarlslunde f\u00f8r og nu \u2013 og lidt om fremtiden\u00ab 1981<\/a><\/p>\n","protected":false},"excerpt":{"rendered":"<p>Skelvej i Karlslunde 1981 Skelvej 2690 Karlslunde Skelvej. I gamle dage var der store marker, der hvor Skelvej ligger nu. I dag er Skelvej en bef\u00e6rdet vej is\u00e6r om hverdagen i dagtimerne. I fremtiden vil der nok komme en legeplads eller en b\u00f8rnehave, der hvor Skelvej nu ligger. \u00bbKarlslunde f\u00f8r og nu \u2013 og lidt &hellip; <a href=\"https:\/\/www.photostory.dk\/?page_id=1899\" class=\"more-link\">L\u00e6s mere <span class=\"screen-reader-text\">Skelvej i Karlslunde 1981<\/span><\/a><\/p>\n","protected":false},"author":1,"featured_media":0,"parent":0,"menu_order":0,"comment_status":"closed","ping_status":"closed","template":"","meta":[],"_links":{"self":[{"href":"https:\/\/www.photostory.dk\/index.php?rest_route=\/wp\/v2\/pages\/1899"}],"collection":[{"href":"https:\/\/www.photostory.dk\/index.php?rest_route=\/wp\/v2\/pages"}],"about":[{"href":"https:\/\/www.photostory.dk\/index.php?rest_route=\/wp\/v2\/types\/page"}],"author":[{"embeddable":true,"href":"https:\/\/www.photostory.dk\/index.php?rest_route=\/wp\/v2\/users\/1"}],"replies":[{"embeddable":true,"href":"https:\/\/www.photostory.dk\/index.php?rest_route=%2Fwp%2Fv2%2Fcomments&post=1899"}],"version-history":[{"count":1,"href":"https:\/\/www.photostory.dk\/index.php?rest_route=\/wp\/v2\/pages\/1899\/revisions"}],"predecessor-version":[{"id":1901,"href":"https:\/\/www.photostory.dk\/index.php?rest_route=\/wp\/v2\/pages\/1899\/revisions\/1901"}],"wp:attachment":[{"href":"https:\/\/www.photostory.dk\/index.php?rest_route=%2Fwp%2Fv2%2Fmedia&parent=1899"}],"curies":[{"name":"wp","href":"https:\/\/api.w.org\/{rel}","templated":true}]}}