{"id":1863,"date":"2017-01-18T09:15:37","date_gmt":"2017-01-18T09:15:37","guid":{"rendered":"http:\/\/photostory.dk\/?page_id=1863"},"modified":"2017-01-18T09:15:37","modified_gmt":"2017-01-18T09:15:37","slug":"motorvejen-i-karlslunde-1981","status":"publish","type":"page","link":"https:\/\/www.photostory.dk\/?page_id=1863","title":{"rendered":"Motorvejen i Karlslunde 1981"},"content":{"rendered":"<p style=\"text-align: center;\"><a href=\"http:\/\/photostory.dk\/wp-content\/uploads\/2017\/01\/karlslunde_0032_motorvejen.jpg\"><img decoding=\"async\" loading=\"lazy\" class=\"alignnone size-full wp-image-1864\" src=\"http:\/\/photostory.dk\/wp-content\/uploads\/2017\/01\/karlslunde_0032_motorvejen.jpg\" alt=\"\" width=\"550\" height=\"776\" srcset=\"https:\/\/www.photostory.dk\/wp-content\/uploads\/2017\/01\/karlslunde_0032_motorvejen.jpg 550w, https:\/\/www.photostory.dk\/wp-content\/uploads\/2017\/01\/karlslunde_0032_motorvejen-156x220.jpg 156w\" sizes=\"(max-width: 550px) 100vw, 550px\" \/><\/a><\/p>\n<p style=\"text-align: center;\">Motorvejen i Karlslunde 1981<\/p>\n<p style=\"text-align: left;\">Sydmotorvejen. I gamle dage var der ikke noget der hed motorvej. Vejene var belagt med brosten.\u00a0I dag er en motorvej, en meget bred vej med som regel 6 vejbaner..\u00a0I fremtiden bliver der flere motorveje, s\u00e5 man hurtigere og nemmere kan komme rundt.<\/p>\n<p>\u00bbKarlslunde f\u00f8r og nu \u2013 og lidt om fremtiden\u00ab er titlen p\u00e5 et undervisningsforl\u00f8b, som eleverne i en 4. klasse med stor dygtighed udf\u00f8rte p\u00e5 Karlslunde Skole i Greve Kommune i slutningen af \u00e5ret 1981. Se mere om undervisningsforl\u00f8bet <a href=\"http:\/\/photostory.dk\/?page_id=297\">her!<\/a><\/p>\n<p style=\"text-align: center;\"><a href=\"http:\/\/photostory.dk\/?page_id=289\">Oversigt over \u00bbKarlslunde f\u00f8r og nu \u2013 og lidt om fremtiden\u00ab 1981<\/a><\/p>\n","protected":false},"excerpt":{"rendered":"<p>Motorvejen i Karlslunde 1981 Sydmotorvejen. I gamle dage var der ikke noget der hed motorvej. Vejene var belagt med brosten.\u00a0I dag er en motorvej, en meget bred vej med som regel 6 vejbaner..\u00a0I fremtiden bliver der flere motorveje, s\u00e5 man hurtigere og nemmere kan komme rundt. \u00bbKarlslunde f\u00f8r og nu \u2013 og lidt om fremtiden\u00ab &hellip; <a href=\"https:\/\/www.photostory.dk\/?page_id=1863\" class=\"more-link\">L\u00e6s mere <span class=\"screen-reader-text\">Motorvejen i Karlslunde 1981<\/span><\/a><\/p>\n","protected":false},"author":1,"featured_media":0,"parent":0,"menu_order":0,"comment_status":"closed","ping_status":"closed","template":"","meta":[],"_links":{"self":[{"href":"https:\/\/www.photostory.dk\/index.php?rest_route=\/wp\/v2\/pages\/1863"}],"collection":[{"href":"https:\/\/www.photostory.dk\/index.php?rest_route=\/wp\/v2\/pages"}],"about":[{"href":"https:\/\/www.photostory.dk\/index.php?rest_route=\/wp\/v2\/types\/page"}],"author":[{"embeddable":true,"href":"https:\/\/www.photostory.dk\/index.php?rest_route=\/wp\/v2\/users\/1"}],"replies":[{"embeddable":true,"href":"https:\/\/www.photostory.dk\/index.php?rest_route=%2Fwp%2Fv2%2Fcomments&post=1863"}],"version-history":[{"count":1,"href":"https:\/\/www.photostory.dk\/index.php?rest_route=\/wp\/v2\/pages\/1863\/revisions"}],"predecessor-version":[{"id":1865,"href":"https:\/\/www.photostory.dk\/index.php?rest_route=\/wp\/v2\/pages\/1863\/revisions\/1865"}],"wp:attachment":[{"href":"https:\/\/www.photostory.dk\/index.php?rest_route=%2Fwp%2Fv2%2Fmedia&parent=1863"}],"curies":[{"name":"wp","href":"https:\/\/api.w.org\/{rel}","templated":true}]}}