{"id":1834,"date":"2017-01-17T15:56:05","date_gmt":"2017-01-17T15:56:05","guid":{"rendered":"http:\/\/photostory.dk\/?page_id=1834"},"modified":"2017-01-17T15:56:05","modified_gmt":"2017-01-17T15:56:05","slug":"skydebanen-i-karlslunde-sognevejen-12","status":"publish","type":"page","link":"https:\/\/www.photostory.dk\/?page_id=1834","title":{"rendered":"Skydebanen i Karlslunde  Sognevejen 12"},"content":{"rendered":"<p><a href=\"http:\/\/photostory.dk\/wp-content\/uploads\/2017\/01\/karlslunde_0027_skydebanen.jpg\"><img decoding=\"async\" loading=\"lazy\" class=\"size-full wp-image-1835 aligncenter\" src=\"http:\/\/photostory.dk\/wp-content\/uploads\/2017\/01\/karlslunde_0027_skydebanen.jpg\" alt=\"\" width=\"550\" height=\"775\" srcset=\"https:\/\/www.photostory.dk\/wp-content\/uploads\/2017\/01\/karlslunde_0027_skydebanen.jpg 550w, https:\/\/www.photostory.dk\/wp-content\/uploads\/2017\/01\/karlslunde_0027_skydebanen-156x220.jpg 156w\" sizes=\"(max-width: 550px) 100vw, 550px\" \/><\/a><\/p>\n<p style=\"text-align: center;\"><img decoding=\"async\" src=\"file:\/\/\/C:\/Users\/Lars%20Bj%C3%B8rnsten\/Desktop\/Arbejdsmappe%20photostory.dk\/karlslunde-f-n-1981\/karlslunde_0027_small.jpg\" \/><img decoding=\"async\" src=\"file:\/\/\/C:\/Users\/Lars%20Bj%C3%B8rnsten\/Desktop\/Arbejdsmappe%20photostory.dk\/karlslunde-f-n-1981\/karlslunde_0027_small.jpg\" \/>Skydebanen i Karlslunde 1981<br \/>\nKarlslunde skytteforening Sognevejen 12 2690 Karlslunde<\/p>\n<p>Skydebanen i Karlslunde. I gamle dage l\u00e5 der en mark og en bondeg\u00e5rd..<br \/>\nI dag ligger der en skydebane, som bliver brugt meget.<br \/>\nI fremtiden h\u00e5ber jeg at skydebanen stadig er der, s\u00e5 man stadig kan skyde.<\/p>\n<p>\u00bbKarlslunde f\u00f8r og nu \u2013 og lidt om fremtiden\u00ab er titlen p\u00e5 et undervisningsforl\u00f8b, som eleverne i en 4. klasse med stor dygtighed udf\u00f8rte p\u00e5 Karlslunde Skole i Greve Kommune i slutningen af \u00e5ret 1981. Se mere om undervisningsforl\u00f8bet <a href=\"http:\/\/photostory.dk\/?page_id=297\">her!<\/a><\/p>\n<p style=\"text-align: center;\"><a href=\"http:\/\/photostory.dk\/?page_id=289\">Oversigt over \u00bbKarlslunde f\u00f8r og nu \u2013 og lidt om fremtiden\u00ab 1981<\/a><\/p>\n","protected":false},"excerpt":{"rendered":"<p>Skydebanen i Karlslunde 1981 Karlslunde skytteforening Sognevejen 12 2690 Karlslunde Skydebanen i Karlslunde. I gamle dage l\u00e5 der en mark og en bondeg\u00e5rd.. I dag ligger der en skydebane, som bliver brugt meget. I fremtiden h\u00e5ber jeg at skydebanen stadig er der, s\u00e5 man stadig kan skyde. \u00bbKarlslunde f\u00f8r og nu \u2013 og lidt om &hellip; <a href=\"https:\/\/www.photostory.dk\/?page_id=1834\" class=\"more-link\">L\u00e6s mere <span class=\"screen-reader-text\">Skydebanen i Karlslunde  Sognevejen 12<\/span><\/a><\/p>\n","protected":false},"author":1,"featured_media":0,"parent":0,"menu_order":0,"comment_status":"closed","ping_status":"closed","template":"","meta":[],"_links":{"self":[{"href":"https:\/\/www.photostory.dk\/index.php?rest_route=\/wp\/v2\/pages\/1834"}],"collection":[{"href":"https:\/\/www.photostory.dk\/index.php?rest_route=\/wp\/v2\/pages"}],"about":[{"href":"https:\/\/www.photostory.dk\/index.php?rest_route=\/wp\/v2\/types\/page"}],"author":[{"embeddable":true,"href":"https:\/\/www.photostory.dk\/index.php?rest_route=\/wp\/v2\/users\/1"}],"replies":[{"embeddable":true,"href":"https:\/\/www.photostory.dk\/index.php?rest_route=%2Fwp%2Fv2%2Fcomments&post=1834"}],"version-history":[{"count":1,"href":"https:\/\/www.photostory.dk\/index.php?rest_route=\/wp\/v2\/pages\/1834\/revisions"}],"predecessor-version":[{"id":1836,"href":"https:\/\/www.photostory.dk\/index.php?rest_route=\/wp\/v2\/pages\/1834\/revisions\/1836"}],"wp:attachment":[{"href":"https:\/\/www.photostory.dk\/index.php?rest_route=%2Fwp%2Fv2%2Fmedia&parent=1834"}],"curies":[{"name":"wp","href":"https:\/\/api.w.org\/{rel}","templated":true}]}}