{"id":1828,"date":"2017-01-17T15:43:03","date_gmt":"2017-01-17T15:43:03","guid":{"rendered":"http:\/\/photostory.dk\/?page_id=1828"},"modified":"2017-01-17T15:43:03","modified_gmt":"2017-01-17T15:43:03","slug":"vibekaer-rideskole-i-karlslunde-1981","status":"publish","type":"page","link":"https:\/\/www.photostory.dk\/?page_id=1828","title":{"rendered":"Vibek\u00e6r Rideskole i Karlslunde 1981"},"content":{"rendered":"<p style=\"text-align: center;\"><a href=\"http:\/\/photostory.dk\/wp-content\/uploads\/2017\/01\/karlslunde_0025_vibekaer.jpg\"><img decoding=\"async\" loading=\"lazy\" class=\"alignnone size-full wp-image-1829\" src=\"http:\/\/photostory.dk\/wp-content\/uploads\/2017\/01\/karlslunde_0025_vibekaer.jpg\" alt=\"\" width=\"550\" height=\"775\" srcset=\"https:\/\/www.photostory.dk\/wp-content\/uploads\/2017\/01\/karlslunde_0025_vibekaer.jpg 550w, https:\/\/www.photostory.dk\/wp-content\/uploads\/2017\/01\/karlslunde_0025_vibekaer-156x220.jpg 156w\" sizes=\"(max-width: 550px) 100vw, 550px\" \/><\/a><\/p>\n<p style=\"text-align: center;\">Vibek\u00e6r Rideskole i Karlslunde 1981<br \/>\nVibek\u00e6r Ridecenter Greve Landevej 138 2670 Greve<\/p>\n<p>I gamle dage var Vibek\u00e6r en mark. I dag er det en rideskole. I fremtiden vil det igen blive en mark. Vibek\u00e6rs Rideskole. Indgang til ridehus.<\/p>\n<p>\u00bbKarlslunde f\u00f8r og nu \u2013 og lidt om fremtiden\u00ab er titlen p\u00e5 et undervisningsforl\u00f8b, som eleverne i en 4. klasse med stor dygtighed udf\u00f8rte p\u00e5 Karlslunde Skole i Greve Kommune i slutningen af \u00e5ret 1981. Se mere om undervisningsforl\u00f8bet <a href=\"http:\/\/photostory.dk\/?page_id=297\">her!<\/a><\/p>\n<p style=\"text-align: center;\"><a href=\"http:\/\/photostory.dk\/?page_id=289\">Oversigt over \u00bbKarlslunde f\u00f8r og nu \u2013 og lidt om fremtiden\u00ab 1981<\/a><\/p>\n","protected":false},"excerpt":{"rendered":"<p>Vibek\u00e6r Rideskole i Karlslunde 1981 Vibek\u00e6r Ridecenter Greve Landevej 138 2670 Greve I gamle dage var Vibek\u00e6r en mark. I dag er det en rideskole. I fremtiden vil det igen blive en mark. Vibek\u00e6rs Rideskole. Indgang til ridehus. \u00bbKarlslunde f\u00f8r og nu \u2013 og lidt om fremtiden\u00ab er titlen p\u00e5 et undervisningsforl\u00f8b, som eleverne i &hellip; <a href=\"https:\/\/www.photostory.dk\/?page_id=1828\" class=\"more-link\">L\u00e6s mere <span class=\"screen-reader-text\">Vibek\u00e6r Rideskole i Karlslunde 1981<\/span><\/a><\/p>\n","protected":false},"author":1,"featured_media":0,"parent":0,"menu_order":0,"comment_status":"closed","ping_status":"closed","template":"","meta":[],"_links":{"self":[{"href":"https:\/\/www.photostory.dk\/index.php?rest_route=\/wp\/v2\/pages\/1828"}],"collection":[{"href":"https:\/\/www.photostory.dk\/index.php?rest_route=\/wp\/v2\/pages"}],"about":[{"href":"https:\/\/www.photostory.dk\/index.php?rest_route=\/wp\/v2\/types\/page"}],"author":[{"embeddable":true,"href":"https:\/\/www.photostory.dk\/index.php?rest_route=\/wp\/v2\/users\/1"}],"replies":[{"embeddable":true,"href":"https:\/\/www.photostory.dk\/index.php?rest_route=%2Fwp%2Fv2%2Fcomments&post=1828"}],"version-history":[{"count":1,"href":"https:\/\/www.photostory.dk\/index.php?rest_route=\/wp\/v2\/pages\/1828\/revisions"}],"predecessor-version":[{"id":1830,"href":"https:\/\/www.photostory.dk\/index.php?rest_route=\/wp\/v2\/pages\/1828\/revisions\/1830"}],"wp:attachment":[{"href":"https:\/\/www.photostory.dk\/index.php?rest_route=%2Fwp%2Fv2%2Fmedia&parent=1828"}],"curies":[{"name":"wp","href":"https:\/\/api.w.org\/{rel}","templated":true}]}}