{"id":1732,"date":"2017-01-16T16:53:33","date_gmt":"2017-01-16T16:53:33","guid":{"rendered":"http:\/\/photostory.dk\/?page_id=1732"},"modified":"2017-01-21T17:33:29","modified_gmt":"2017-01-21T17:33:29","slug":"aarhus-bygget-i-lego","status":"publish","type":"page","link":"https:\/\/www.photostory.dk\/?page_id=1732","title":{"rendered":"Aarhus bygget i LEGO"},"content":{"rendered":"<p><a href=\"http:\/\/photostory.dk\/wp-content\/uploads\/2017\/01\/lego-aarhus-2016.jpg\"><img decoding=\"async\" loading=\"lazy\" class=\"wp-image-1733 size-large alignnone\" src=\"http:\/\/photostory.dk\/wp-content\/uploads\/2017\/01\/lego-aarhus-2016-1024x681.jpg\" width=\"660\" height=\"439\" srcset=\"https:\/\/www.photostory.dk\/wp-content\/uploads\/2017\/01\/lego-aarhus-2016.jpg 1024w, https:\/\/www.photostory.dk\/wp-content\/uploads\/2017\/01\/lego-aarhus-2016-295x196.jpg 295w, https:\/\/www.photostory.dk\/wp-content\/uploads\/2017\/01\/lego-aarhus-2016-768x511.jpg 768w\" sizes=\"(max-width: 660px) 100vw, 660px\" \/><\/a><\/p>\n<p>Bygninger m.m. fra Aarhus bygget i LEGO. Der ses bl.a. Aros, Aarhus Domkirke ved Store Torv, R\u00e5dhuset, Jernbanestationen, Isbjerget p\u00e5 havnen, \u00e5en, Ridebanehuset. Set i et udstillingvindue ved Salling i S\u00f8ndergade i Aarhus ved juletid december 2016.<\/p>\n<p>Nedenfor ses n\u00e6rbilleder af udstillingen. Desv\u00e6rre er fotokvaliteten ikke for god &#8211; beklager. Foto Lars Bj\u00f8rnsten Odense 7. december 2016. \u00c5rhus er i 2017 udpeget til Europ\u00e6isk <em>kulturhovedstad<\/em>, m\u00e5ske er ovenst\u00e5ende et bidrag til at promovere\u00a0byen.<\/p>\n<table>\n<tbody>\n<tr>\n<td><a href=\"http:\/\/photostory.dk\/wp-content\/uploads\/2017\/01\/DSC_8990.jpg\"><img decoding=\"async\" loading=\"lazy\" class=\"wp-image-1734 size-medium aligncenter\" src=\"http:\/\/photostory.dk\/wp-content\/uploads\/2017\/01\/DSC_8990-295x196.jpg\" width=\"295\" height=\"196\" srcset=\"https:\/\/www.photostory.dk\/wp-content\/uploads\/2017\/01\/DSC_8990-295x196.jpg 295w, https:\/\/www.photostory.dk\/wp-content\/uploads\/2017\/01\/DSC_8990-768x511.jpg 768w, https:\/\/www.photostory.dk\/wp-content\/uploads\/2017\/01\/DSC_8990.jpg 1024w\" sizes=\"(max-width: 295px) 100vw, 295px\" \/><\/a><\/td>\n<td><a href=\"http:\/\/photostory.dk\/wp-content\/uploads\/2017\/01\/DSC_8991.jpg\"><img decoding=\"async\" loading=\"lazy\" class=\"wp-image-1735 size-medium aligncenter\" src=\"http:\/\/photostory.dk\/wp-content\/uploads\/2017\/01\/DSC_8991-295x196.jpg\" width=\"295\" height=\"196\" srcset=\"https:\/\/www.photostory.dk\/wp-content\/uploads\/2017\/01\/DSC_8991-295x196.jpg 295w, https:\/\/www.photostory.dk\/wp-content\/uploads\/2017\/01\/DSC_8991-768x511.jpg 768w, https:\/\/www.photostory.dk\/wp-content\/uploads\/2017\/01\/DSC_8991.jpg 1024w\" sizes=\"(max-width: 295px) 100vw, 295px\" \/><\/a><\/td>\n<\/tr>\n<\/tbody>\n<\/table>\n","protected":false},"excerpt":{"rendered":"<p>Bygninger m.m. fra Aarhus bygget i LEGO. Der ses bl.a. Aros, Aarhus Domkirke ved Store Torv, R\u00e5dhuset, Jernbanestationen, Isbjerget p\u00e5 havnen, \u00e5en, Ridebanehuset. Set i et udstillingvindue ved Salling i S\u00f8ndergade i Aarhus ved juletid december 2016. Nedenfor ses n\u00e6rbilleder af udstillingen. Desv\u00e6rre er fotokvaliteten ikke for god &#8211; beklager. Foto Lars Bj\u00f8rnsten Odense 7. &hellip; <a href=\"https:\/\/www.photostory.dk\/?page_id=1732\" class=\"more-link\">L\u00e6s mere <span class=\"screen-reader-text\">Aarhus bygget i LEGO<\/span><\/a><\/p>\n","protected":false},"author":1,"featured_media":0,"parent":0,"menu_order":0,"comment_status":"closed","ping_status":"closed","template":"","meta":[],"_links":{"self":[{"href":"https:\/\/www.photostory.dk\/index.php?rest_route=\/wp\/v2\/pages\/1732"}],"collection":[{"href":"https:\/\/www.photostory.dk\/index.php?rest_route=\/wp\/v2\/pages"}],"about":[{"href":"https:\/\/www.photostory.dk\/index.php?rest_route=\/wp\/v2\/types\/page"}],"author":[{"embeddable":true,"href":"https:\/\/www.photostory.dk\/index.php?rest_route=\/wp\/v2\/users\/1"}],"replies":[{"embeddable":true,"href":"https:\/\/www.photostory.dk\/index.php?rest_route=%2Fwp%2Fv2%2Fcomments&post=1732"}],"version-history":[{"count":10,"href":"https:\/\/www.photostory.dk\/index.php?rest_route=\/wp\/v2\/pages\/1732\/revisions"}],"predecessor-version":[{"id":2135,"href":"https:\/\/www.photostory.dk\/index.php?rest_route=\/wp\/v2\/pages\/1732\/revisions\/2135"}],"wp:attachment":[{"href":"https:\/\/www.photostory.dk\/index.php?rest_route=%2Fwp%2Fv2%2Fmedia&parent=1732"}],"curies":[{"name":"wp","href":"https:\/\/api.w.org\/{rel}","templated":true}]}}