{"id":1487,"date":"2017-01-09T07:43:10","date_gmt":"2017-01-09T07:43:10","guid":{"rendered":"http:\/\/photostory.dk\/?page_id=1487"},"modified":"2017-01-10T14:38:39","modified_gmt":"2017-01-10T14:38:39","slug":"ledigxx","status":"publish","type":"page","link":"https:\/\/www.photostory.dk\/?page_id=1487","title":{"rendered":"Kongehusets gemmer fra k\u00e6ldre til kvist"},"content":{"rendered":"<p><a href=\"http:\/\/photostory.dk\/wp-content\/uploads\/2017\/01\/DSC_8008.jpg\"><img decoding=\"async\" loading=\"lazy\" class=\"wp-image-1588 aligncenter\" src=\"http:\/\/photostory.dk\/wp-content\/uploads\/2017\/01\/DSC_8008-1024x681.jpg\" width=\"825\" height=\"549\" srcset=\"https:\/\/www.photostory.dk\/wp-content\/uploads\/2017\/01\/DSC_8008-1024x681.jpg 1024w, https:\/\/www.photostory.dk\/wp-content\/uploads\/2017\/01\/DSC_8008-295x196.jpg 295w, https:\/\/www.photostory.dk\/wp-content\/uploads\/2017\/01\/DSC_8008-768x511.jpg 768w\" sizes=\"(max-width: 825px) 100vw, 825px\" \/><\/a><\/p>\n<p>P\u00e5 Amalienborg Museet i K\u00f8benhavn kan man udover de faste udstillinger og arbejdsv\u00e6relse fra nogle af de tidligere konger se en sp\u00e6ndende udstilling, som hedder &#8220;Fra Kongehusets gemmer&#8221;. P\u00e5 denne udstilling kan man se alt muligt, der har v\u00e6ret gemt i k\u00e6ldre, magasiner og pulterrum p\u00e5 slottene. Man kan i hvert fald sige, at kongehusets kultur ikke har v\u00e6ret &#8220;K\u00f8b og smid v\u00e6k&#8221;, snarere k\u00f8b og gem eller m\u00e5ske k\u00f8b og\u00a0genbrug.<\/p>\n<p><a href=\"http:\/\/photostory.dk\/wp-content\/uploads\/2017\/01\/DSC_7989.jpg\"><img decoding=\"async\" loading=\"lazy\" class=\"alignnone size-large wp-image-1595\" src=\"http:\/\/photostory.dk\/wp-content\/uploads\/2017\/01\/DSC_7989-1024x681.jpg\" alt=\"\" width=\"660\" height=\"439\" srcset=\"https:\/\/www.photostory.dk\/wp-content\/uploads\/2017\/01\/DSC_7989-1024x681.jpg 1024w, https:\/\/www.photostory.dk\/wp-content\/uploads\/2017\/01\/DSC_7989-295x196.jpg 295w, https:\/\/www.photostory.dk\/wp-content\/uploads\/2017\/01\/DSC_7989-768x511.jpg 768w\" sizes=\"(max-width: 660px) 100vw, 660px\" \/><\/a><\/p>\n<p>Se nu denne l\u00e6kre model racerbil, som jeg mener, at prins Joackim har brugt i sin tid. \u00a0Mon dog ikke nogle af prinsesserne eller prinserne kunne \u00f8nske sig en tur i den racerbil, men sp\u00f8rgsm\u00e5let er om de overhovedet\u00a0ved, at den eksisterer.<\/p>\n<p>Udstillingen \u201dFra Kongehusets gemmer\u201d p\u00e5 Amalienborg rummer mere end 2000 genstande udvalgt af H.M. Dronningen og Kongehusets kurator Elisabeth von Buchwald. En sand guldgrube af ting og sager, der kunne fort\u00e6lle mange sp\u00e6ndende historier om livet p\u00e5 de kongelige slotte\u00a0og som er med til at beskrive historierne for eftertiden. Se flere billeder <a href=\"http:\/\/photostory.dk\/?page_id=1621\">her!<\/a><\/p>\n<p>Udstillingen er \u00e5ben i perioden 22. sep. 2016 &#8211; 17. apr. 2017. Se mere <a href=\"http:\/\/www.kongernessamling.dk\/amalienborg\/post\/fra-kongehusets-gemmer\/\">her!<\/a><\/p>\n<p>Foto m.m. Lars Bj\u00f8rnsten Odense<\/p>\n<p>&nbsp;<\/p>\n","protected":false},"excerpt":{"rendered":"<p>P\u00e5 Amalienborg Museet i K\u00f8benhavn kan man udover de faste udstillinger og arbejdsv\u00e6relse fra nogle af de tidligere konger se en sp\u00e6ndende udstilling, som hedder &#8220;Fra Kongehusets gemmer&#8221;. P\u00e5 denne udstilling kan man se alt muligt, der har v\u00e6ret gemt i k\u00e6ldre, magasiner og pulterrum p\u00e5 slottene. Man kan i hvert fald sige, at kongehusets &hellip; <a href=\"https:\/\/www.photostory.dk\/?page_id=1487\" class=\"more-link\">L\u00e6s mere <span class=\"screen-reader-text\">Kongehusets gemmer fra k\u00e6ldre til kvist<\/span><\/a><\/p>\n","protected":false},"author":1,"featured_media":0,"parent":0,"menu_order":0,"comment_status":"closed","ping_status":"closed","template":"","meta":[],"_links":{"self":[{"href":"https:\/\/www.photostory.dk\/index.php?rest_route=\/wp\/v2\/pages\/1487"}],"collection":[{"href":"https:\/\/www.photostory.dk\/index.php?rest_route=\/wp\/v2\/pages"}],"about":[{"href":"https:\/\/www.photostory.dk\/index.php?rest_route=\/wp\/v2\/types\/page"}],"author":[{"embeddable":true,"href":"https:\/\/www.photostory.dk\/index.php?rest_route=\/wp\/v2\/users\/1"}],"replies":[{"embeddable":true,"href":"https:\/\/www.photostory.dk\/index.php?rest_route=%2Fwp%2Fv2%2Fcomments&post=1487"}],"version-history":[{"count":18,"href":"https:\/\/www.photostory.dk\/index.php?rest_route=\/wp\/v2\/pages\/1487\/revisions"}],"predecessor-version":[{"id":1634,"href":"https:\/\/www.photostory.dk\/index.php?rest_route=\/wp\/v2\/pages\/1487\/revisions\/1634"}],"wp:attachment":[{"href":"https:\/\/www.photostory.dk\/index.php?rest_route=%2Fwp%2Fv2%2Fmedia&parent=1487"}],"curies":[{"name":"wp","href":"https:\/\/api.w.org\/{rel}","templated":true}]}}