{"id":1423,"date":"2017-01-06T22:45:32","date_gmt":"2017-01-06T22:45:32","guid":{"rendered":"http:\/\/photostory.dk\/?page_id=1423"},"modified":"2017-01-06T22:45:32","modified_gmt":"2017-01-06T22:45:32","slug":"grundtvigs-mindesten-i-udby","status":"publish","type":"page","link":"https:\/\/www.photostory.dk\/?page_id=1423","title":{"rendered":"Grundtvigs Mindesten i Udby"},"content":{"rendered":"<p><a href=\"http:\/\/photostory.dk\/wp-content\/uploads\/2017\/01\/udby-g1.jpg\"><img decoding=\"async\" loading=\"lazy\" class=\"size-large wp-image-1424 aligncenter\" src=\"http:\/\/photostory.dk\/wp-content\/uploads\/2017\/01\/udby-g1-711x1024.jpg\" alt=\"\" width=\"660\" height=\"951\" srcset=\"https:\/\/www.photostory.dk\/wp-content\/uploads\/2017\/01\/udby-g1-711x1024.jpg 711w, https:\/\/www.photostory.dk\/wp-content\/uploads\/2017\/01\/udby-g1-153x220.jpg 153w, https:\/\/www.photostory.dk\/wp-content\/uploads\/2017\/01\/udby-g1-768x1107.jpg 768w, https:\/\/www.photostory.dk\/wp-content\/uploads\/2017\/01\/udby-g1.jpg 912w\" sizes=\"(max-width: 660px) 100vw, 660px\" \/><\/a><\/p>\n<p>Grundtvigs Mindesten i Udby. Den er rejst ved hundrede\u00e5rsfesten for Grundtvigs f\u00f8dsel i 1883.<\/p>\n<p>Nikolai Frederik Severin Grundtvig (8. september 1783 &#8211; 2. september 1872) var en kendt dansk forfatter, teolog, digter (s\u00e6rligt kendt som salmedigter), filosof, historiker, pr\u00e6st ved Vartov i K\u00f8benhavn, titul\u00e6r biskop, filolog, skolemand og politiker.<\/p>\n<p>Han l\u00e6gger navn til Grundtvigianismen og var initiativtager til folkeh\u00f8jskolen.\u00a0Grundtvig er den hyppigst repr\u00e6senterede digter i Den Danske Salmebog og er en institution i dansk \u00e5nds- og samfundsliv.<\/p>\n","protected":false},"excerpt":{"rendered":"<p>Grundtvigs Mindesten i Udby. Den er rejst ved hundrede\u00e5rsfesten for Grundtvigs f\u00f8dsel i 1883. Nikolai Frederik Severin Grundtvig (8. september 1783 &#8211; 2. september 1872) var en kendt dansk forfatter, teolog, digter (s\u00e6rligt kendt som salmedigter), filosof, historiker, pr\u00e6st ved Vartov i K\u00f8benhavn, titul\u00e6r biskop, filolog, skolemand og politiker. Han l\u00e6gger navn til Grundtvigianismen og &hellip; <a href=\"https:\/\/www.photostory.dk\/?page_id=1423\" class=\"more-link\">L\u00e6s mere <span class=\"screen-reader-text\">Grundtvigs Mindesten i Udby<\/span><\/a><\/p>\n","protected":false},"author":1,"featured_media":0,"parent":0,"menu_order":0,"comment_status":"closed","ping_status":"closed","template":"","meta":[],"_links":{"self":[{"href":"https:\/\/www.photostory.dk\/index.php?rest_route=\/wp\/v2\/pages\/1423"}],"collection":[{"href":"https:\/\/www.photostory.dk\/index.php?rest_route=\/wp\/v2\/pages"}],"about":[{"href":"https:\/\/www.photostory.dk\/index.php?rest_route=\/wp\/v2\/types\/page"}],"author":[{"embeddable":true,"href":"https:\/\/www.photostory.dk\/index.php?rest_route=\/wp\/v2\/users\/1"}],"replies":[{"embeddable":true,"href":"https:\/\/www.photostory.dk\/index.php?rest_route=%2Fwp%2Fv2%2Fcomments&post=1423"}],"version-history":[{"count":1,"href":"https:\/\/www.photostory.dk\/index.php?rest_route=\/wp\/v2\/pages\/1423\/revisions"}],"predecessor-version":[{"id":1425,"href":"https:\/\/www.photostory.dk\/index.php?rest_route=\/wp\/v2\/pages\/1423\/revisions\/1425"}],"wp:attachment":[{"href":"https:\/\/www.photostory.dk\/index.php?rest_route=%2Fwp%2Fv2%2Fmedia&parent=1423"}],"curies":[{"name":"wp","href":"https:\/\/api.w.org\/{rel}","templated":true}]}}

<p><a href="http://photostory.dk/wp-content/uploads/2017/01/udby-g1.jpg"><img decoding="async" loading="lazy" class="size-large wp-image-1424 aligncenter" src="http://photostory.dk/wp-content/uploads/2017/01/udby-g1-711x1024.jpg" alt="" width="660" height="951" srcset="https://www.photostory.dk/wp-content/uploads/2017/01/udby-g1-711x1024.jpg 711w, https://www.photostory.dk/wp-content/uploads/2017/01/udby-g1-153x220.jpg 153w, https://www.photostory.dk/wp-content/uploads/2017/01/udby-g1-768x1107.jpg 768w, https://www.photostory.dk/wp-content/uploads/2017/01/udby-g1.jpg 912w" sizes="(max-width: 660px) 100vw, 660px" /></a></p>
<p>Grundtvigs Mindesten i Udby. Den er rejst ved hundredeårsfesten for Grundtvigs fødsel i 1883.</p>
<p>Nikolai Frederik Severin Grundtvig (8. september 1783 &#8211; 2. september 1872) var en kendt dansk forfatter, teolog, digter (særligt kendt som salmedigter), filosof, historiker, præst ved Vartov i København, titulær biskop, filolog, skolemand og politiker.</p>
<p>Han lægger navn til Grundtvigianismen og var initiativtager til folkehøjskolen. Grundtvig er den hyppigst repræsenterede digter i Den Danske Salmebog og er en institution i dansk ånds- og samfundsliv.</p>

<p>Grundtvigs Mindesten i Udby. Den er rejst ved hundredeårsfesten for Grundtvigs fødsel i 1883. Nikolai Frederik Severin Grundtvig (8. september 1783 &#8211; 2. september 1872) var en kendt dansk forfatter, teolog, digter (særligt kendt som salmedigter), filosof, historiker, præst ved Vartov i København, titulær biskop, filolog, skolemand og politiker. Han lægger navn til Grundtvigianismen og &hellip; <a href="https://www.photostory.dk/?page_id=1423" class="more-link">Læs mere <span class="screen-reader-text">Grundtvigs Mindesten i Udby</span></a></p>
