{"id":1346,"date":"2017-01-06T17:17:45","date_gmt":"2017-01-06T17:17:45","guid":{"rendered":"http:\/\/photostory.dk\/?page_id=1346"},"modified":"2017-01-06T17:17:45","modified_gmt":"2017-01-06T17:17:45","slug":"gravhoejen-syd-for-karlslundegaarden-1981","status":"publish","type":"page","link":"https:\/\/www.photostory.dk\/?page_id=1346","title":{"rendered":"Gravh\u00f8jen syd for Karlslundeg\u00e5rden 1981"},"content":{"rendered":"<p><a href=\"http:\/\/photostory.dk\/wp-content\/uploads\/2017\/01\/karlslunde_0007_small.jpg\"><img decoding=\"async\" loading=\"lazy\" class=\"size-full wp-image-1405 aligncenter\" src=\"http:\/\/photostory.dk\/wp-content\/uploads\/2017\/01\/karlslunde_0007_small.jpg\" alt=\"\" width=\"550\" height=\"774\" srcset=\"https:\/\/www.photostory.dk\/wp-content\/uploads\/2017\/01\/karlslunde_0007_small.jpg 550w, https:\/\/www.photostory.dk\/wp-content\/uploads\/2017\/01\/karlslunde_0007_small-156x220.jpg 156w\" sizes=\"(max-width: 550px) 100vw, 550px\" \/><\/a><\/p>\n<p style=\"text-align: center;\">Gravh\u00f8jen syd for Karlslundeg\u00e5rden 1981<\/p>\n<p style=\"text-align: left;\">Gravh\u00f8jen ved Karlslundegaarden. I gamle dage, da der var krig mellem bopladser er der nok blevet dr\u00e6bt en leder og han er s\u00e5 blevet begravet, der i gravh\u00f8jen.<\/p>\n<p>\u00bbKarlslunde f\u00f8r og nu \u2013 og lidt om fremtiden\u00ab er titlen p\u00e5 et undervisningsforl\u00f8b, som en 4. klasse med stor dygtighed udf\u00f8rte p\u00e5 Karlslunde Skole i Greve Kommune i slutningen af \u00e5ret 1981. Se mere om undervisningsforl\u00f8bet <a href=\"http:\/\/photostory.dk\/?page_id=297\">her!<\/a><\/p>\n<p style=\"text-align: center;\"><a href=\"http:\/\/photostory.dk\/?page_id=289\">Oversigt over \u00bbKarlslunde f\u00f8r og nu \u2013 og lidt om fremtiden\u00ab 1981<\/a><\/p>\n","protected":false},"excerpt":{"rendered":"<p>Gravh\u00f8jen syd for Karlslundeg\u00e5rden 1981 Gravh\u00f8jen ved Karlslundegaarden. I gamle dage, da der var krig mellem bopladser er der nok blevet dr\u00e6bt en leder og han er s\u00e5 blevet begravet, der i gravh\u00f8jen. \u00bbKarlslunde f\u00f8r og nu \u2013 og lidt om fremtiden\u00ab er titlen p\u00e5 et undervisningsforl\u00f8b, som en 4. klasse med stor dygtighed udf\u00f8rte &hellip; <a href=\"https:\/\/www.photostory.dk\/?page_id=1346\" class=\"more-link\">L\u00e6s mere <span class=\"screen-reader-text\">Gravh\u00f8jen syd for Karlslundeg\u00e5rden 1981<\/span><\/a><\/p>\n","protected":false},"author":1,"featured_media":0,"parent":0,"menu_order":0,"comment_status":"closed","ping_status":"closed","template":"","meta":[],"_links":{"self":[{"href":"https:\/\/www.photostory.dk\/index.php?rest_route=\/wp\/v2\/pages\/1346"}],"collection":[{"href":"https:\/\/www.photostory.dk\/index.php?rest_route=\/wp\/v2\/pages"}],"about":[{"href":"https:\/\/www.photostory.dk\/index.php?rest_route=\/wp\/v2\/types\/page"}],"author":[{"embeddable":true,"href":"https:\/\/www.photostory.dk\/index.php?rest_route=\/wp\/v2\/users\/1"}],"replies":[{"embeddable":true,"href":"https:\/\/www.photostory.dk\/index.php?rest_route=%2Fwp%2Fv2%2Fcomments&post=1346"}],"version-history":[{"count":2,"href":"https:\/\/www.photostory.dk\/index.php?rest_route=\/wp\/v2\/pages\/1346\/revisions"}],"predecessor-version":[{"id":1406,"href":"https:\/\/www.photostory.dk\/index.php?rest_route=\/wp\/v2\/pages\/1346\/revisions\/1406"}],"wp:attachment":[{"href":"https:\/\/www.photostory.dk\/index.php?rest_route=%2Fwp%2Fv2%2Fmedia&parent=1346"}],"curies":[{"name":"wp","href":"https:\/\/api.w.org\/{rel}","templated":true}]}}